{"id":1625,"date":"2023-05-15T17:59:10","date_gmt":"2023-05-15T17:59:10","guid":{"rendered":"https:\/\/www.fiemg.com.br\/fiemg\/area-de-interesse\/sustentabilidade\/"},"modified":"2023-08-25T09:36:12","modified_gmt":"2023-08-25T12:36:12","slug":"sustentabilidade","status":"publish","type":"area-de-interesse","link":"https:\/\/www.fiemg.com.br\/fiemg\/area-de-interesse\/sustentabilidade\/","title":{"rendered":"Sustentabilidade"},"content":{"rendered":"<div class=\"c-12 sub-topo-text\">\n<section class=\"g-12\">Conhe\u00e7a os programas que buscam o equil\u00edbrio entre as dimens\u00f5es econ\u00f4mica, social e ambiental para a cria\u00e7\u00e3o de neg\u00f3cios sustent\u00e1veis.<\/section>\n<\/div>\n<div class=\"c-12\">\n<section class=\"g-12\">\n<div class=\"c-12\">\n<div class=\"clearfix\">\n<div class=\"g-4 alpha\">\n<div class=\"product\">\n<div class=\"products-item\"><\/div>\n<\/div>\n<\/div>\n<\/div>\n<\/div>\n<\/section>\n<\/div>\n","protected":false},"featured_media":2185,"parent":0,"menu_order":0,"template":"","categories":[],"tags":[],"categoria_areas_de_interesse":[],"class_list":["post-1625","area-de-interesse","type-area-de-interesse","status-publish","has-post-thumbnail","hentry"],"acf":[],"yoast_head":"<!-- This site is optimized with the Yoast SEO plugin v26.2 - https:\/\/yoast.com\/wordpress\/plugins\/seo\/ -->\n<title>Sustentabilidade - FIEMG<\/title>\n<meta name=\"robots\" content=\"index, follow, max-snippet:-1, max-image-preview:large, max-video-preview:-1\" \/>\n<link rel=\"canonical\" href=\"https:\/\/www.fiemg.com.br\/fiemg\/area-de-interesse\/sustentabilidade\/\" \/>\n<meta property=\"og:locale\" content=\"pt_BR\" \/>\n<meta property=\"og:type\" content=\"article\" \/>\n<meta property=\"og:title\" content=\"Sustentabilidade - FIEMG\" \/>\n<meta property=\"og:description\" content=\"Conhe\u00e7a os programas que buscam o equil\u00edbrio entre as dimens\u00f5es econ\u00f4mica, social e ambiental para a cria\u00e7\u00e3o de neg\u00f3cios sustent\u00e1veis.\" \/>\n<meta property=\"og:url\" content=\"https:\/\/www.fiemg.com.br\/fiemg\/area-de-interesse\/sustentabilidade\/\" \/>\n<meta property=\"og:site_name\" content=\"FIEMG\" \/>\n<meta property=\"article:modified_time\" content=\"2023-08-25T12:36:12+00:00\" \/>\n<meta property=\"og:image\" content=\"https:\/\/www.fiemg.com.br\/fiemg\/wp-content\/uploads\/sites\/10\/2023\/08\/default.png\" \/>\n\t<meta property=\"og:image:width\" content=\"300\" \/>\n\t<meta property=\"og:image:height\" content=\"300\" \/>\n\t<meta property=\"og:image:type\" content=\"image\/png\" \/>\n<meta name=\"twitter:card\" content=\"summary_large_image\" \/>\n<script type=\"application\/ld+json\" class=\"yoast-schema-graph\">{\"@context\":\"https:\/\/schema.org\",\"@graph\":[{\"@type\":\"WebPage\",\"@id\":\"https:\/\/www.fiemg.com.br\/fiemg\/area-de-interesse\/sustentabilidade\/\",\"url\":\"https:\/\/www.fiemg.com.br\/fiemg\/area-de-interesse\/sustentabilidade\/\",\"name\":\"Sustentabilidade - FIEMG\",\"isPartOf\":{\"@id\":\"https:\/\/www.fiemg.com.br\/fiemg\/#website\"},\"primaryImageOfPage\":{\"@id\":\"https:\/\/www.fiemg.com.br\/fiemg\/area-de-interesse\/sustentabilidade\/#primaryimage\"},\"image\":{\"@id\":\"https:\/\/www.fiemg.com.br\/fiemg\/area-de-interesse\/sustentabilidade\/#primaryimage\"},\"thumbnailUrl\":\"https:\/\/www.fiemg.com.br\/fiemg\/wp-content\/uploads\/sites\/10\/2023\/08\/default.png\",\"datePublished\":\"2023-05-15T17:59:10+00:00\",\"dateModified\":\"2023-08-25T12:36:12+00:00\",\"breadcrumb\":{\"@id\":\"https:\/\/www.fiemg.com.br\/fiemg\/area-de-interesse\/sustentabilidade\/#breadcrumb\"},\"inLanguage\":\"pt-BR\",\"potentialAction\":[{\"@type\":\"ReadAction\",\"target\":[\"https:\/\/www.fiemg.com.br\/fiemg\/area-de-interesse\/sustentabilidade\/\"]}]},{\"@type\":\"ImageObject\",\"inLanguage\":\"pt-BR\",\"@id\":\"https:\/\/www.fiemg.com.br\/fiemg\/area-de-interesse\/sustentabilidade\/#primaryimage\",\"url\":\"https:\/\/www.fiemg.com.br\/fiemg\/wp-content\/uploads\/sites\/10\/2023\/08\/default.png\",\"contentUrl\":\"https:\/\/www.fiemg.com.br\/fiemg\/wp-content\/uploads\/sites\/10\/2023\/08\/default.png\",\"width\":300,\"height\":300},{\"@type\":\"BreadcrumbList\",\"@id\":\"https:\/\/www.fiemg.com.br\/fiemg\/area-de-interesse\/sustentabilidade\/#breadcrumb\",\"itemListElement\":[{\"@type\":\"ListItem\",\"position\":1,\"name\":\"In\u00edcio\",\"item\":\"https:\/\/www.fiemg.com.br\/fiemg\/\"},{\"@type\":\"ListItem\",\"position\":2,\"name\":\"Sustentabilidade\"}]},{\"@type\":\"WebSite\",\"@id\":\"https:\/\/www.fiemg.com.br\/fiemg\/#website\",\"url\":\"https:\/\/www.fiemg.com.br\/fiemg\/\",\"name\":\"FIEMG\",\"description\":\"Federa\u00e7\u00e3o das Ind\u00fastrias do Estado de Minas Gerais\",\"publisher\":{\"@id\":\"https:\/\/www.fiemg.com.br\/fiemg\/#organization\"},\"potentialAction\":[{\"@type\":\"SearchAction\",\"target\":{\"@type\":\"EntryPoint\",\"urlTemplate\":\"https:\/\/www.fiemg.com.br\/fiemg\/?s={search_term_string}\"},\"query-input\":{\"@type\":\"PropertyValueSpecification\",\"valueRequired\":true,\"valueName\":\"search_term_string\"}}],\"inLanguage\":\"pt-BR\"},{\"@type\":\"Organization\",\"@id\":\"https:\/\/www.fiemg.com.br\/fiemg\/#organization\",\"name\":\"FIEMG\",\"url\":\"https:\/\/www.fiemg.com.br\/fiemg\/\",\"logo\":{\"@type\":\"ImageObject\",\"inLanguage\":\"pt-BR\",\"@id\":\"https:\/\/www.fiemg.com.br\/fiemg\/#\/schema\/logo\/image\/\",\"url\":\"https:\/\/www.fiemg.com.br\/fiemg\/wp-content\/uploads\/sites\/10\/2023\/02\/fiemg_branco.svg\",\"contentUrl\":\"https:\/\/www.fiemg.com.br\/fiemg\/wp-content\/uploads\/sites\/10\/2023\/02\/fiemg_branco.svg\",\"width\":561,\"height\":147,\"caption\":\"FIEMG\"},\"image\":{\"@id\":\"https:\/\/www.fiemg.com.br\/fiemg\/#\/schema\/logo\/image\/\"}}]}<\/script>\n<!-- \/ Yoast SEO plugin. -->","yoast_head_json":{"title":"Sustentabilidade - FIEMG","robots":{"index":"index","follow":"follow","max-snippet":"max-snippet:-1","max-image-preview":"max-image-preview:large","max-video-preview":"max-video-preview:-1"},"canonical":"https:\/\/www.fiemg.com.br\/fiemg\/area-de-interesse\/sustentabilidade\/","og_locale":"pt_BR","og_type":"article","og_title":"Sustentabilidade - FIEMG","og_description":"Conhe\u00e7a os programas que buscam o equil\u00edbrio entre as dimens\u00f5es econ\u00f4mica, social e ambiental para a cria\u00e7\u00e3o de neg\u00f3cios sustent\u00e1veis.","og_url":"https:\/\/www.fiemg.com.br\/fiemg\/area-de-interesse\/sustentabilidade\/","og_site_name":"FIEMG","article_modified_time":"2023-08-25T12:36:12+00:00","og_image":[{"width":300,"height":300,"url":"https:\/\/www.fiemg.com.br\/fiemg\/wp-content\/uploads\/sites\/10\/2023\/08\/default.png","type":"image\/png"}],"twitter_card":"summary_large_image","schema":{"@context":"https:\/\/schema.org","@graph":[{"@type":"WebPage","@id":"https:\/\/www.fiemg.com.br\/fiemg\/area-de-interesse\/sustentabilidade\/","url":"https:\/\/www.fiemg.com.br\/fiemg\/area-de-interesse\/sustentabilidade\/","name":"Sustentabilidade - FIEMG","isPartOf":{"@id":"https:\/\/www.fiemg.com.br\/fiemg\/#website"},"primaryImageOfPage":{"@id":"https:\/\/www.fiemg.com.br\/fiemg\/area-de-interesse\/sustentabilidade\/#primaryimage"},"image":{"@id":"https:\/\/www.fiemg.com.br\/fiemg\/area-de-interesse\/sustentabilidade\/#primaryimage"},"thumbnailUrl":"https:\/\/www.fiemg.com.br\/fiemg\/wp-content\/uploads\/sites\/10\/2023\/08\/default.png","datePublished":"2023-05-15T17:59:10+00:00","dateModified":"2023-08-25T12:36:12+00:00","breadcrumb":{"@id":"https:\/\/www.fiemg.com.br\/fiemg\/area-de-interesse\/sustentabilidade\/#breadcrumb"},"inLanguage":"pt-BR","potentialAction":[{"@type":"ReadAction","target":["https:\/\/www.fiemg.com.br\/fiemg\/area-de-interesse\/sustentabilidade\/"]}]},{"@type":"ImageObject","inLanguage":"pt-BR","@id":"https:\/\/www.fiemg.com.br\/fiemg\/area-de-interesse\/sustentabilidade\/#primaryimage","url":"https:\/\/www.fiemg.com.br\/fiemg\/wp-content\/uploads\/sites\/10\/2023\/08\/default.png","contentUrl":"https:\/\/www.fiemg.com.br\/fiemg\/wp-content\/uploads\/sites\/10\/2023\/08\/default.png","width":300,"height":300},{"@type":"BreadcrumbList","@id":"https:\/\/www.fiemg.com.br\/fiemg\/area-de-interesse\/sustentabilidade\/#breadcrumb","itemListElement":[{"@type":"ListItem","position":1,"name":"In\u00edcio","item":"https:\/\/www.fiemg.com.br\/fiemg\/"},{"@type":"ListItem","position":2,"name":"Sustentabilidade"}]},{"@type":"WebSite","@id":"https:\/\/www.fiemg.com.br\/fiemg\/#website","url":"https:\/\/www.fiemg.com.br\/fiemg\/","name":"FIEMG","description":"Federa\u00e7\u00e3o das Ind\u00fastrias do Estado de Minas Gerais","publisher":{"@id":"https:\/\/www.fiemg.com.br\/fiemg\/#organization"},"potentialAction":[{"@type":"SearchAction","target":{"@type":"EntryPoint","urlTemplate":"https:\/\/www.fiemg.com.br\/fiemg\/?s={search_term_string}"},"query-input":{"@type":"PropertyValueSpecification","valueRequired":true,"valueName":"search_term_string"}}],"inLanguage":"pt-BR"},{"@type":"Organization","@id":"https:\/\/www.fiemg.com.br\/fiemg\/#organization","name":"FIEMG","url":"https:\/\/www.fiemg.com.br\/fiemg\/","logo":{"@type":"ImageObject","inLanguage":"pt-BR","@id":"https:\/\/www.fiemg.com.br\/fiemg\/#\/schema\/logo\/image\/","url":"https:\/\/www.fiemg.com.br\/fiemg\/wp-content\/uploads\/sites\/10\/2023\/02\/fiemg_branco.svg","contentUrl":"https:\/\/www.fiemg.com.br\/fiemg\/wp-content\/uploads\/sites\/10\/2023\/02\/fiemg_branco.svg","width":561,"height":147,"caption":"FIEMG"},"image":{"@id":"https:\/\/www.fiemg.com.br\/fiemg\/#\/schema\/logo\/image\/"}}]}},"_links":{"self":[{"href":"https:\/\/www.fiemg.com.br\/fiemg\/wp-json\/wp\/v2\/area-de-interesse\/1625","targetHints":{"allow":["GET"]}}],"collection":[{"href":"https:\/\/www.fiemg.com.br\/fiemg\/wp-json\/wp\/v2\/area-de-interesse"}],"about":[{"href":"https:\/\/www.fiemg.com.br\/fiemg\/wp-json\/wp\/v2\/types\/area-de-interesse"}],"version-history":[{"count":0,"href":"https:\/\/www.fiemg.com.br\/fiemg\/wp-json\/wp\/v2\/area-de-interesse\/1625\/revisions"}],"wp:featuredmedia":[{"embeddable":true,"href":"https:\/\/www.fiemg.com.br\/fiemg\/wp-json\/wp\/v2\/media\/2185"}],"wp:attachment":[{"href":"https:\/\/www.fiemg.com.br\/fiemg\/wp-json\/wp\/v2\/media?parent=1625"}],"wp:term":[{"taxonomy":"category","embeddable":true,"href":"https:\/\/www.fiemg.com.br\/fiemg\/wp-json\/wp\/v2\/categories?post=1625"},{"taxonomy":"post_tag","embeddable":true,"href":"https:\/\/www.fiemg.com.br\/fiemg\/wp-json\/wp\/v2\/tags?post=1625"},{"taxonomy":"categoria_areas_de_interesse","embeddable":true,"href":"https:\/\/www.fiemg.com.br\/fiemg\/wp-json\/wp\/v2\/categoria_areas_de_interesse?post=1625"}],"curies":[{"name":"wp","href":"https:\/\/api.w.org\/{rel}","templated":true}]}}

<div class="c-12 sub-topo-text">
<section class="g-12">Conheça os programas que buscam o equilíbrio entre as dimensões econômica, social e ambiental para a criação de negócios sustentáveis.</section>
</div>
<div class="c-12">
<section class="g-12">
<div class="c-12">
<div class="clearfix">
<div class="g-4 alpha">
<div class="product">
<div class="products-item"></div>
</div>
</div>
</div>
</div>
</section>
</div>

<!-- This site is optimized with the Yoast SEO plugin v26.2 - https://yoast.com/wordpress/plugins/seo/ -->
<title>Sustentabilidade - FIEMG</title>
<meta name="robots" content="index, follow, max-snippet:-1, max-image-preview:large, max-video-preview:-1" />
<link rel="canonical" href="https://www.fiemg.com.br/fiemg/area-de-interesse/sustentabilidade/" />
<meta property="og:locale" content="pt_BR" />
<meta property="og:type" content="article" />
<meta property="og:title" content="Sustentabilidade - FIEMG" />
<meta property="og:description" content="Conheça os programas que buscam o equilíbrio entre as dimensões econômica, social e ambiental para a criação de negócios sustentáveis." />
<meta property="og:url" content="https://www.fiemg.com.br/fiemg/area-de-interesse/sustentabilidade/" />
<meta property="og:site_name" content="FIEMG" />
<meta property="article:modified_time" content="2023-08-25T12:36:12+00:00" />
<meta property="og:image" content="https://www.fiemg.com.br/fiemg/wp-content/uploads/sites/10/2023/08/default.png" />
	<meta property="og:image:width" content="300" />
	<meta property="og:image:height" content="300" />
	<meta property="og:image:type" content="image/png" />
<meta name="twitter:card" content="summary_large_image" />
<script type="application/ld+json" class="yoast-schema-graph">{"@context":"https://schema.org","@graph":[{"@type":"WebPage","@id":"https://www.fiemg.com.br/fiemg/area-de-interesse/sustentabilidade/","url":"https://www.fiemg.com.br/fiemg/area-de-interesse/sustentabilidade/","name":"Sustentabilidade - FIEMG","isPartOf":{"@id":"https://www.fiemg.com.br/fiemg/#website"},"primaryImageOfPage":{"@id":"https://www.fiemg.com.br/fiemg/area-de-interesse/sustentabilidade/#primaryimage"},"image":{"@id":"https://www.fiemg.com.br/fiemg/area-de-interesse/sustentabilidade/#primaryimage"},"thumbnailUrl":"https://www.fiemg.com.br/fiemg/wp-content/uploads/sites/10/2023/08/default.png","datePublished":"2023-05-15T17:59:10+00:00","dateModified":"2023-08-25T12:36:12+00:00","breadcrumb":{"@id":"https://www.fiemg.com.br/fiemg/area-de-interesse/sustentabilidade/#breadcrumb"},"inLanguage":"pt-BR","potentialAction":[{"@type":"ReadAction","target":["https://www.fiemg.com.br/fiemg/area-de-interesse/sustentabilidade/"]}]},{"@type":"ImageObject","inLanguage":"pt-BR","@id":"https://www.fiemg.com.br/fiemg/area-de-interesse/sustentabilidade/#primaryimage","url":"https://www.fiemg.com.br/fiemg/wp-content/uploads/sites/10/2023/08/default.png","contentUrl":"https://www.fiemg.com.br/fiemg/wp-content/uploads/sites/10/2023/08/default.png","width":300,"height":300},{"@type":"BreadcrumbList","@id":"https://www.fiemg.com.br/fiemg/area-de-interesse/sustentabilidade/#breadcrumb","itemListElement":[{"@type":"ListItem","position":1,"name":"Início","item":"https://www.fiemg.com.br/fiemg/"},{"@type":"ListItem","position":2,"name":"Sustentabilidade"}]},{"@type":"WebSite","@id":"https://www.fiemg.com.br/fiemg/#website","url":"https://www.fiemg.com.br/fiemg/","name":"FIEMG","description":"Federação das Indústrias do Estado de Minas Gerais","publisher":{"@id":"https://www.fiemg.com.br/fiemg/#organization"},"potentialAction":[{"@type":"SearchAction","target":{"@type":"EntryPoint","urlTemplate":"https://www.fiemg.com.br/fiemg/?s={search_term_string}"},"query-input":{"@type":"PropertyValueSpecification","valueRequired":true,"valueName":"search_term_string"}}],"inLanguage":"pt-BR"},{"@type":"Organization","@id":"https://www.fiemg.com.br/fiemg/#organization","name":"FIEMG","url":"https://www.fiemg.com.br/fiemg/","logo":{"@type":"ImageObject","inLanguage":"pt-BR","@id":"https://www.fiemg.com.br/fiemg/#/schema/logo/image/","url":"https://www.fiemg.com.br/fiemg/wp-content/uploads/sites/10/2023/02/fiemg_branco.svg","contentUrl":"https://www.fiemg.com.br/fiemg/wp-content/uploads/sites/10/2023/02/fiemg_branco.svg","width":561,"height":147,"caption":"FIEMG"},"image":{"@id":"https://www.fiemg.com.br/fiemg/#/schema/logo/image/"}}]}</script>
<!-- / Yoast SEO plugin. -->

Conheça os programas que buscam o equilíbrio entre as dimensões econômica, social e ambiental para a criação de negócios sustentáveis.

Início

Federação das Indústrias do Estado de Minas Gerais
