{"id":2551,"date":"2024-08-09T17:51:03","date_gmt":"2024-08-09T20:51:03","guid":{"rendered":"https:\/\/www.fiemg.com.br\/iel\/?page_id=2551"},"modified":"2024-08-12T15:51:31","modified_gmt":"2024-08-12T18:51:31","slug":"seja-nosso-parceiro","status":"publish","type":"page","link":"https:\/\/www.fiemg.com.br\/iel\/seja-nosso-parceiro\/","title":{"rendered":"Seja nosso parceiro"},"content":{"rendered":"\t\t<div data-elementor-type=\"wp-page\" data-elementor-id=\"2551\" class=\"elementor elementor-2551\" data-elementor-post-type=\"page\">\n\t\t\t\t<div class=\"has_ae_slider elementor-element elementor-element-735c0c1 e-flex e-con-boxed ae-bg-gallery-type-default e-con e-parent\" data-id=\"735c0c1\" data-element_type=\"container\">\n\t\t\t\t\t<div class=\"e-con-inner\">\n\t\t\t\t<div class=\"elementor-element elementor-element-4d5f4a9 elementor-widget elementor-widget-spacer\" data-id=\"4d5f4a9\" data-element_type=\"widget\" data-widget_type=\"spacer.default\">\n\t\t\t\t<div class=\"elementor-widget-container\">\n\t\t\t\t\t\t\t<div class=\"elementor-spacer\">\n\t\t\t<div class=\"elementor-spacer-inner\"><\/div>\n\t\t<\/div>\n\t\t\t\t\t\t<\/div>\n\t\t\t\t<\/div>\n\t\t\t\t\t<\/div>\n\t\t\t\t<\/div>\n\t\t<div class=\"has_ae_slider elementor-element elementor-element-3078b01f e-flex e-con-boxed ae-bg-gallery-type-default e-con e-parent\" data-id=\"3078b01f\" data-element_type=\"container\">\n\t\t\t\t\t<div class=\"e-con-inner\">\n\t\t\t\t<div class=\"elementor-element elementor-element-1902328e elementor-widget__width-initial elementor-widget elementor-widget-image\" data-id=\"1902328e\" data-element_type=\"widget\" data-widget_type=\"image.default\">\n\t\t\t\t<div class=\"elementor-widget-container\">\n\t\t\t\t\t\t\t\t\t\t\t\t\t\t\t<img fetchpriority=\"high\" decoding=\"async\" width=\"1920\" height=\"310\" src=\"https:\/\/www.fiemg.com.br\/iel\/wp-content\/uploads\/sites\/13\/2024\/08\/seja-nosso-parceiro.jpg\" class=\"attachment-full size-full wp-image-2545\" alt=\"\" srcset=\"https:\/\/www.fiemg.com.br\/iel\/wp-content\/uploads\/sites\/13\/2024\/08\/seja-nosso-parceiro.jpg 1920w, https:\/\/www.fiemg.com.br\/iel\/wp-content\/uploads\/sites\/13\/2024\/08\/seja-nosso-parceiro-300x48.jpg 300w, https:\/\/www.fiemg.com.br\/iel\/wp-content\/uploads\/sites\/13\/2024\/08\/seja-nosso-parceiro-1024x165.jpg 1024w, https:\/\/www.fiemg.com.br\/iel\/wp-content\/uploads\/sites\/13\/2024\/08\/seja-nosso-parceiro-768x124.jpg 768w, https:\/\/www.fiemg.com.br\/iel\/wp-content\/uploads\/sites\/13\/2024\/08\/seja-nosso-parceiro-1536x248.jpg 1536w\" sizes=\"(max-width: 1920px) 100vw, 1920px\" \/>\t\t\t\t\t\t\t\t\t\t\t\t\t\t\t<\/div>\n\t\t\t\t<\/div>\n\t\t\t\t<div class=\"elementor-element elementor-element-49f46bf1 elementor-widget elementor-widget-text-editor\" data-id=\"49f46bf1\" data-element_type=\"widget\" data-widget_type=\"text-editor.default\">\n\t\t\t\t<div class=\"elementor-widget-container\">\n\t\t\t\t\t\t\t\t\t<h5><strong>Capacitar pessoas, desenvolver neg\u00f3cios e transformar a economia e a sociedade de Minas Gerais: \u00e9 isso que nos move e nos inspira.<\/strong><\/h5><p>Acreditamos que o futuro se faz juntos, com a\u00e7\u00f5es e atitudes que fortalecem o ambiente de neg\u00f3cios e criam oportunidades de crescimento. O IEL MG, como provedor de solu\u00e7\u00f5es em Educa\u00e7\u00e3o, Projetos e Intelig\u00eancia, abre processos de credenciamento para impulsionar a competitividade da ind\u00fastria mineira.<\/p>\t\t\t\t\t\t\t\t<\/div>\n\t\t\t\t<\/div>\n\t\t\t\t\t<\/div>\n\t\t\t\t<\/div>\n\t\t<div class=\"has_ae_slider elementor-element elementor-element-53987f60 e-flex e-con-boxed ae-bg-gallery-type-default e-con e-parent\" data-id=\"53987f60\" data-element_type=\"container\" data-settings=\"{&quot;background_background&quot;:&quot;classic&quot;}\">\n\t\t\t\t\t<div class=\"e-con-inner\">\n\t\t\t\t<div class=\"elementor-element elementor-element-1c7de549 elementor-widget elementor-widget-heading\" data-id=\"1c7de549\" data-element_type=\"widget\" data-widget_type=\"heading.default\">\n\t\t\t\t<div class=\"elementor-widget-container\">\n\t\t\t\t\t<h2 class=\"elementor-heading-title elementor-size-default\">Conhe\u00e7a nossos editais de credenciamento:<\/h2>\t\t\t\t<\/div>\n\t\t\t\t<\/div>\n\t\t<div class=\"has_ae_slider elementor-element elementor-element-d775e65 e-con-full e-flex ae-bg-gallery-type-default e-con e-child\" data-id=\"d775e65\" data-element_type=\"container\">\n\t\t<div class=\"has_ae_slider elementor-element elementor-element-5ed2d5d9 e-con-full e-flex ae-bg-gallery-type-default e-con e-child\" data-id=\"5ed2d5d9\" data-element_type=\"container\" data-settings=\"{&quot;background_background&quot;:&quot;classic&quot;}\">\n\t\t\t\t<div class=\"elementor-element elementor-element-23dfad62 elementor-widget elementor-widget-image\" data-id=\"23dfad62\" data-element_type=\"widget\" data-widget_type=\"image.default\">\n\t\t\t\t<div class=\"elementor-widget-container\">\n\t\t\t\t\t\t\t\t\t\t\t\t\t\t\t<img decoding=\"async\" width=\"550\" height=\"367\" src=\"https:\/\/www.fiemg.com.br\/iel\/wp-content\/uploads\/sites\/13\/2024\/08\/recrutamento-e-selecao.jpg\" class=\"attachment-large size-large wp-image-2556\" alt=\"\" srcset=\"https:\/\/www.fiemg.com.br\/iel\/wp-content\/uploads\/sites\/13\/2024\/08\/recrutamento-e-selecao.jpg 550w, https:\/\/www.fiemg.com.br\/iel\/wp-content\/uploads\/sites\/13\/2024\/08\/recrutamento-e-selecao-300x200.jpg 300w\" sizes=\"(max-width: 550px) 100vw, 550px\" \/>\t\t\t\t\t\t\t\t\t\t\t\t\t\t\t<\/div>\n\t\t\t\t<\/div>\n\t\t<div class=\"has_ae_slider elementor-element elementor-element-1a02373b e-con-full e-flex ae-bg-gallery-type-default e-con e-child\" data-id=\"1a02373b\" data-element_type=\"container\">\n\t\t\t\t<div class=\"elementor-element elementor-element-e75dfea elementor-widget elementor-widget-heading\" data-id=\"e75dfea\" data-element_type=\"widget\" data-widget_type=\"heading.default\">\n\t\t\t\t<div class=\"elementor-widget-container\">\n\t\t\t\t\t<h4 class=\"elementor-heading-title elementor-size-default\">Credenciamento de<br>Consultores em R&amp;S<\/h4>\t\t\t\t<\/div>\n\t\t\t\t<\/div>\n\t\t\t\t<div class=\"elementor-element elementor-element-605dfcdb elementor-widget elementor-widget-text-editor\" data-id=\"605dfcdb\" data-element_type=\"widget\" data-widget_type=\"text-editor.default\">\n\t\t\t\t<div class=\"elementor-widget-container\">\n\t\t\t\t\t\t\t\t\t<p><b>Se sua empresa possui expertise em recrutamento e sele\u00e7\u00e3o, temos uma&nbsp;<\/b><b>excelente oportunidade para voc\u00ea.<br><\/b><br><b>Objetivo:<br><\/b>Credenciar empresas especialistas para apoiar nossos processos de recrutamento e sele\u00e7\u00e3o, conectando os melhores talentos \u00e0 ind\u00fastria mineira.<\/p>\n<p><b>Benef\u00edcios:<\/b><br>\u2022 Fa\u00e7a parte do nosso banco de empresas habilitadas.<br>\u2022 Colabore com a evolu\u00e7\u00e3o das ind\u00fastrias, tornando-as mais competitivas e inovadoras.<\/p>\n<p><b>Quem pode se credenciar:<br><\/b>Pessoas jur\u00eddicas prestadoras de servi\u00e7os em recrutamento e sele\u00e7\u00e3o que atendam as condi\u00e7\u00f5es exigidas no regulamento.<\/p>\n<p><br><\/p>\t\t\t\t\t\t\t\t<\/div>\n\t\t\t\t<\/div>\n\t\t\t\t<div class=\"elementor-element elementor-element-6d05d6cc elementor-align-center elementor-widget__width-initial elementor-widget elementor-widget-button\" data-id=\"6d05d6cc\" data-element_type=\"widget\" data-widget_type=\"button.default\">\n\t\t\t\t<div class=\"elementor-widget-container\">\n\t\t\t\t\t\t\t\t\t<div class=\"elementor-button-wrapper\">\n\t\t\t\t\t<a class=\"elementor-button elementor-button-link elementor-size-sm\" href=\"https:\/\/www.fiemg.com.br\/publicacoes-interna\/credenciamento-de-consultores-em-rs-2\/\" target=\"_blank\">\n\t\t\t\t\t\t<span class=\"elementor-button-content-wrapper\">\n\t\t\t\t\t\t\t\t\t<span class=\"elementor-button-text\">Saiba como se inscrever<\/span>\n\t\t\t\t\t<\/span>\n\t\t\t\t\t<\/a>\n\t\t\t\t<\/div>\n\t\t\t\t\t\t\t\t<\/div>\n\t\t\t\t<\/div>\n\t\t\t\t<\/div>\n\t\t\t\t<\/div>\n\t\t<div class=\"has_ae_slider elementor-element elementor-element-48b782a e-con-full e-flex ae-bg-gallery-type-default e-con e-child\" data-id=\"48b782a\" data-element_type=\"container\" data-settings=\"{&quot;background_background&quot;:&quot;classic&quot;}\">\n\t\t\t\t<div class=\"elementor-element elementor-element-7cfae3a4 elementor-widget elementor-widget-image\" data-id=\"7cfae3a4\" data-element_type=\"widget\" data-widget_type=\"image.default\">\n\t\t\t\t<div class=\"elementor-widget-container\">\n\t\t\t\t\t\t\t\t\t\t\t\t\t\t\t<img decoding=\"async\" width=\"550\" height=\"367\" src=\"https:\/\/www.fiemg.com.br\/iel\/wp-content\/uploads\/sites\/13\/2024\/08\/educacao-executiva-1.jpg\" class=\"attachment-large size-large wp-image-2559\" alt=\"\" srcset=\"https:\/\/www.fiemg.com.br\/iel\/wp-content\/uploads\/sites\/13\/2024\/08\/educacao-executiva-1.jpg 550w, https:\/\/www.fiemg.com.br\/iel\/wp-content\/uploads\/sites\/13\/2024\/08\/educacao-executiva-1-300x200.jpg 300w\" sizes=\"(max-width: 550px) 100vw, 550px\" \/>\t\t\t\t\t\t\t\t\t\t\t\t\t\t\t<\/div>\n\t\t\t\t<\/div>\n\t\t<div class=\"has_ae_slider elementor-element elementor-element-4df1d9bc e-con-full e-flex ae-bg-gallery-type-default e-con e-child\" data-id=\"4df1d9bc\" data-element_type=\"container\">\n\t\t\t\t<div class=\"elementor-element elementor-element-40003cb4 elementor-widget elementor-widget-heading\" data-id=\"40003cb4\" data-element_type=\"widget\" data-widget_type=\"heading.default\">\n\t\t\t\t<div class=\"elementor-widget-container\">\n\t\t\t\t\t<h4 class=\"elementor-heading-title elementor-size-default\">Cadastramento da Ger\u00eancia\nde Educa\u00e7\u00e3o Executiva\u200b<\/h4>\t\t\t\t<\/div>\n\t\t\t\t<\/div>\n\t\t\t\t<div class=\"elementor-element elementor-element-16708c1b elementor-widget elementor-widget-text-editor\" data-id=\"16708c1b\" data-element_type=\"widget\" data-widget_type=\"text-editor.default\">\n\t\t\t\t<div class=\"elementor-widget-container\">\n\t\t\t\t\t\t\t\t\t<b>Se sua empresa \u00e9 especializada em educa\u00e7\u00e3o executiva, coaching, mentoring e a\u00e7\u00f5es de desenvolvimento, <\/b><b>esta \u00e9 sua chance de se<\/b><br><b>juntar <\/b><b>a n\u00f3s!<br><\/b><br><b>Servi\u00e7os de Educa\u00e7\u00e3o Executiva:<\/b>\nOfere\u00e7a aulas de todas as modalidades, sess\u00f5es de coaching e mentoring, al\u00e9m de a\u00e7\u00f5es de desenvolvimento para estudantes, profissionais rec\u00e9m-formados, l\u00edderes empresariais e CEOs.<br><br><b>\u00c1reas de Conhecimento:<\/b><br>\nPessoas e lideran\u00e7a; Finan\u00e7as e contabilidade;\nInova\u00e7\u00e3o; Tecnologia da informa\u00e7\u00e3o; Gest\u00e3o empresarial; Empreendedorismo; Gest\u00e3o da produ\u00e7\u00e3o e qualidade<br><br>\n<b>Quem pode se credenciar:<\/b><br>Pessoas jur\u00eddicas que atendam as condi\u00e7\u00f5es exigidas no regulamento.<br><br>\t\t\t\t\t\t\t\t<\/div>\n\t\t\t\t<\/div>\n\t\t\t\t<div class=\"elementor-element elementor-element-d47b8a7 elementor-align-center elementor-widget__width-initial elementor-widget elementor-widget-button\" data-id=\"d47b8a7\" data-element_type=\"widget\" data-widget_type=\"button.default\">\n\t\t\t\t<div class=\"elementor-widget-container\">\n\t\t\t\t\t\t\t\t\t<div class=\"elementor-button-wrapper\">\n\t\t\t\t\t<a class=\"elementor-button elementor-button-link elementor-size-sm\" href=\"https:\/\/www.fiemg.com.br\/publicacoes-interna\/cadastramento-especifico-da-gerencia-de-educacao-executiva\/%20\" target=\"_blank\">\n\t\t\t\t\t\t<span class=\"elementor-button-content-wrapper\">\n\t\t\t\t\t\t\t\t\t<span class=\"elementor-button-text\">Saiba como se inscrever<\/span>\n\t\t\t\t\t<\/span>\n\t\t\t\t\t<\/a>\n\t\t\t\t<\/div>\n\t\t\t\t\t\t\t\t<\/div>\n\t\t\t\t<\/div>\n\t\t\t\t<\/div>\n\t\t\t\t<\/div>\n\t\t<div class=\"has_ae_slider elementor-element elementor-element-38e872bc e-con-full e-flex ae-bg-gallery-type-default e-con e-child\" data-id=\"38e872bc\" data-element_type=\"container\" data-settings=\"{&quot;background_background&quot;:&quot;classic&quot;}\">\n\t\t\t\t<div class=\"elementor-element elementor-element-369e8c41 elementor-widget elementor-widget-image\" data-id=\"369e8c41\" data-element_type=\"widget\" data-widget_type=\"image.default\">\n\t\t\t\t<div class=\"elementor-widget-container\">\n\t\t\t\t\t\t\t\t\t\t\t\t\t\t\t<img loading=\"lazy\" decoding=\"async\" width=\"550\" height=\"367\" src=\"https:\/\/www.fiemg.com.br\/iel\/wp-content\/uploads\/sites\/13\/2024\/08\/consultoria-instrutoria-auditoria.jpg\" class=\"attachment-large size-large wp-image-2557\" alt=\"\" srcset=\"https:\/\/www.fiemg.com.br\/iel\/wp-content\/uploads\/sites\/13\/2024\/08\/consultoria-instrutoria-auditoria.jpg 550w, https:\/\/www.fiemg.com.br\/iel\/wp-content\/uploads\/sites\/13\/2024\/08\/consultoria-instrutoria-auditoria-300x200.jpg 300w\" sizes=\"(max-width: 550px) 100vw, 550px\" \/>\t\t\t\t\t\t\t\t\t\t\t\t\t\t\t<\/div>\n\t\t\t\t<\/div>\n\t\t<div class=\"has_ae_slider elementor-element elementor-element-146d49b9 e-con-full e-flex ae-bg-gallery-type-default e-con e-child\" data-id=\"146d49b9\" data-element_type=\"container\">\n\t\t\t\t<div class=\"elementor-element elementor-element-6c9ba109 elementor-widget elementor-widget-heading\" data-id=\"6c9ba109\" data-element_type=\"widget\" data-widget_type=\"heading.default\">\n\t\t\t\t<div class=\"elementor-widget-container\">\n\t\t\t\t\t<h4 class=\"elementor-heading-title elementor-size-default\">Consultoria, Instrutoria e<br>Auditoria no IEL MG<\/h4>\t\t\t\t<\/div>\n\t\t\t\t<\/div>\n\t\t\t\t<div class=\"elementor-element elementor-element-57b33cd9 elementor-widget elementor-widget-text-editor\" data-id=\"57b33cd9\" data-element_type=\"widget\" data-widget_type=\"text-editor.default\">\n\t\t\t\t<div class=\"elementor-widget-container\">\n\t\t\t\t\t\t\t\t\t<b>Se voc\u00ea deseja atuar como consultor,<\/b><br><b>instrutor ou auditor, esta \u00e9 a<\/b><br><b>oportunidade perfeita.<br><\/b><br><br><b>Objetivo:<br><\/b>Credenciar empresas jur\u00eddicas e seus consultores para prestar servi\u00e7os de qualidade em diversas \u00e1reas de conhecimento, atendendo \u00e0s demandas das unidades do IEL MG.<br><br>\n<b>Benef\u00edcios:<\/b><br>\u2022 Amplie sua rede de contatos profissionais.<br>\n\u2022 Contribua para o desenvolvimento e a competitividade da ind\u00fastria mineira.\n<br><br>\n<b>Quem pode se credenciar:<br><\/b> Pessoas jur\u00eddicas que atendam as condi\u00e7\u00f5es exigidas no regulamento.<br><br>\t\t\t\t\t\t\t\t<\/div>\n\t\t\t\t<\/div>\n\t\t\t\t<div class=\"elementor-element elementor-element-9e8539c elementor-align-center elementor-widget__width-initial elementor-widget elementor-widget-button\" data-id=\"9e8539c\" data-element_type=\"widget\" data-widget_type=\"button.default\">\n\t\t\t\t<div class=\"elementor-widget-container\">\n\t\t\t\t\t\t\t\t\t<div class=\"elementor-button-wrapper\">\n\t\t\t\t\t<a class=\"elementor-button elementor-button-link elementor-size-sm\" href=\"https:\/\/www.fiemg.com.br\/iel\/publicacoes-interna\/credenciamento-de-consultoria-instrutoria-e-auditoria\/%20\" target=\"_blank\">\n\t\t\t\t\t\t<span class=\"elementor-button-content-wrapper\">\n\t\t\t\t\t\t\t\t\t<span class=\"elementor-button-text\">Saiba como se inscrever<\/span>\n\t\t\t\t\t<\/span>\n\t\t\t\t\t<\/a>\n\t\t\t\t<\/div>\n\t\t\t\t\t\t\t\t<\/div>\n\t\t\t\t<\/div>\n\t\t\t\t<\/div>\n\t\t\t\t<\/div>\n\t\t\t\t<\/div>\n\t\t\t\t\t<\/div>\n\t\t\t\t<\/div>\n\t\t<div class=\"has_ae_slider elementor-element elementor-element-320c9d18 e-flex e-con-boxed ae-bg-gallery-type-default e-con e-parent\" data-id=\"320c9d18\" data-element_type=\"container\" data-settings=\"{&quot;background_background&quot;:&quot;classic&quot;}\">\n\t\t\t\t\t<div class=\"e-con-inner\">\n\t\t<div class=\"has_ae_slider elementor-element elementor-element-0378e40 e-con-full e-flex ae-bg-gallery-type-default e-con e-child\" data-id=\"0378e40\" data-element_type=\"container\">\n\t\t<div class=\"has_ae_slider elementor-element elementor-element-591a60f8 e-con-full e-flex ae-bg-gallery-type-default e-con e-child\" data-id=\"591a60f8\" data-element_type=\"container\" data-settings=\"{&quot;background_background&quot;:&quot;classic&quot;}\">\n\t\t<div class=\"has_ae_slider elementor-element elementor-element-219bf7d e-con-full e-flex ae-bg-gallery-type-default e-con e-child\" data-id=\"219bf7d\" data-element_type=\"container\">\n\t\t\t\t<div class=\"elementor-element elementor-element-72a04091 elementor-widget elementor-widget-heading\" data-id=\"72a04091\" data-element_type=\"widget\" data-widget_type=\"heading.default\">\n\t\t\t\t<div class=\"elementor-widget-container\">\n\t\t\t\t\t<h2 class=\"elementor-heading-title elementor-size-default\">Em caso de d\u00favidas, entre em contato:<\/h2>\t\t\t\t<\/div>\n\t\t\t\t<\/div>\n\t\t\t\t<div class=\"elementor-element elementor-element-776a292a elementor-widget elementor-widget-text-editor\" data-id=\"776a292a\" data-element_type=\"widget\" data-widget_type=\"text-editor.default\">\n\t\t\t\t<div class=\"elementor-widget-container\">\n\t\t\t\t\t\t\t\t\t<p><b>Telefone: <\/b>(31) 2118-5596<br \/><b>E-mail:<\/b> credenciamentoiel@fiemg.com.br<\/p>\t\t\t\t\t\t\t\t<\/div>\n\t\t\t\t<\/div>\n\t\t\t\t<\/div>\n\t\t\t\t<\/div>\n\t\t\t\t<\/div>\n\t\t\t\t\t<\/div>\n\t\t\t\t<\/div>\n\t\t\t\t<\/div>\n\t\t","protected":false},"excerpt":{"rendered":"<p>Capacitar pessoas, desenvolver neg\u00f3cios e transformar a economia e a sociedade de Minas Gerais: \u00e9 isso que nos move e nos inspira. Acreditamos que o futuro se faz juntos, com a\u00e7\u00f5es e atitudes que fortalecem o ambiente de neg\u00f3cios e criam oportunidades de crescimento. O IEL MG, como provedor de solu\u00e7\u00f5es em Educa\u00e7\u00e3o, Projetos e [&hellip;]<\/p>\n","protected":false},"author":33,"featured_media":1888,"parent":0,"menu_order":0,"comment_status":"closed","ping_status":"closed","template":"","meta":{"footnotes":""},"class_list":["post-2551","page","type-page","status-publish","has-post-thumbnail","hentry"],"acf":[],"yoast_head":"<!-- This site is optimized with the Yoast SEO plugin v26.2 - https:\/\/yoast.com\/wordpress\/plugins\/seo\/ -->\n<title>Seja nosso parceiro - IEL<\/title>\n<meta name=\"robots\" content=\"index, follow, max-snippet:-1, max-image-preview:large, max-video-preview:-1\" \/>\n<link rel=\"canonical\" href=\"https:\/\/www.fiemg.com.br\/iel\/seja-nosso-parceiro\/\" \/>\n<meta property=\"og:locale\" content=\"pt_BR\" \/>\n<meta property=\"og:type\" content=\"article\" \/>\n<meta property=\"og:title\" content=\"Seja nosso parceiro - IEL\" \/>\n<meta property=\"og:description\" content=\"Capacitar pessoas, desenvolver neg\u00f3cios e transformar a economia e a sociedade de Minas Gerais: \u00e9 isso que nos move e nos inspira. Acreditamos que o futuro se faz juntos, com a\u00e7\u00f5es e atitudes que fortalecem o ambiente de neg\u00f3cios e criam oportunidades de crescimento. O IEL MG, como provedor de solu\u00e7\u00f5es em Educa\u00e7\u00e3o, Projetos e [&hellip;]\" \/>\n<meta property=\"og:url\" content=\"https:\/\/www.fiemg.com.br\/iel\/seja-nosso-parceiro\/\" \/>\n<meta property=\"og:site_name\" content=\"IEL\" \/>\n<meta property=\"article:modified_time\" content=\"2024-08-12T18:51:31+00:00\" \/>\n<meta property=\"og:image\" content=\"https:\/\/www.fiemg.com.br\/iel\/wp-content\/uploads\/sites\/13\/2023\/08\/default.png\" \/>\n\t<meta property=\"og:image:width\" content=\"300\" \/>\n\t<meta property=\"og:image:height\" content=\"300\" \/>\n\t<meta property=\"og:image:type\" content=\"image\/png\" \/>\n<meta name=\"twitter:card\" content=\"summary_large_image\" \/>\n<meta name=\"twitter:label1\" content=\"Est. tempo de leitura\" \/>\n\t<meta name=\"twitter:data1\" content=\"3 minutos\" \/>\n<script type=\"application\/ld+json\" class=\"yoast-schema-graph\">{\"@context\":\"https:\/\/schema.org\",\"@graph\":[{\"@type\":\"WebPage\",\"@id\":\"https:\/\/www.fiemg.com.br\/iel\/seja-nosso-parceiro\/\",\"url\":\"https:\/\/www.fiemg.com.br\/iel\/seja-nosso-parceiro\/\",\"name\":\"Seja nosso parceiro - IEL\",\"isPartOf\":{\"@id\":\"https:\/\/www.fiemg.com.br\/iel\/#website\"},\"primaryImageOfPage\":{\"@id\":\"https:\/\/www.fiemg.com.br\/iel\/seja-nosso-parceiro\/#primaryimage\"},\"image\":{\"@id\":\"https:\/\/www.fiemg.com.br\/iel\/seja-nosso-parceiro\/#primaryimage\"},\"thumbnailUrl\":\"https:\/\/www.fiemg.com.br\/iel\/wp-content\/uploads\/sites\/13\/2023\/08\/default.png\",\"datePublished\":\"2024-08-09T20:51:03+00:00\",\"dateModified\":\"2024-08-12T18:51:31+00:00\",\"breadcrumb\":{\"@id\":\"https:\/\/www.fiemg.com.br\/iel\/seja-nosso-parceiro\/#breadcrumb\"},\"inLanguage\":\"pt-BR\",\"potentialAction\":[{\"@type\":\"ReadAction\",\"target\":[\"https:\/\/www.fiemg.com.br\/iel\/seja-nosso-parceiro\/\"]}]},{\"@type\":\"ImageObject\",\"inLanguage\":\"pt-BR\",\"@id\":\"https:\/\/www.fiemg.com.br\/iel\/seja-nosso-parceiro\/#primaryimage\",\"url\":\"https:\/\/www.fiemg.com.br\/iel\/wp-content\/uploads\/sites\/13\/2023\/08\/default.png\",\"contentUrl\":\"https:\/\/www.fiemg.com.br\/iel\/wp-content\/uploads\/sites\/13\/2023\/08\/default.png\",\"width\":300,\"height\":300},{\"@type\":\"BreadcrumbList\",\"@id\":\"https:\/\/www.fiemg.com.br\/iel\/seja-nosso-parceiro\/#breadcrumb\",\"itemListElement\":[{\"@type\":\"ListItem\",\"position\":1,\"name\":\"In\u00edcio\",\"item\":\"https:\/\/www.fiemg.com.br\/iel\/\"},{\"@type\":\"ListItem\",\"position\":2,\"name\":\"Seja nosso parceiro\"}]},{\"@type\":\"WebSite\",\"@id\":\"https:\/\/www.fiemg.com.br\/iel\/#website\",\"url\":\"https:\/\/www.fiemg.com.br\/iel\/\",\"name\":\"IEL\",\"description\":\"Federa\u00e7\u00e3o das Ind\u00fastrias do Estado de Minas Gerais\",\"publisher\":{\"@id\":\"https:\/\/www.fiemg.com.br\/iel\/#organization\"},\"potentialAction\":[{\"@type\":\"SearchAction\",\"target\":{\"@type\":\"EntryPoint\",\"urlTemplate\":\"https:\/\/www.fiemg.com.br\/iel\/?s={search_term_string}\"},\"query-input\":{\"@type\":\"PropertyValueSpecification\",\"valueRequired\":true,\"valueName\":\"search_term_string\"}}],\"inLanguage\":\"pt-BR\"},{\"@type\":\"Organization\",\"@id\":\"https:\/\/www.fiemg.com.br\/iel\/#organization\",\"name\":\"IEL\",\"url\":\"https:\/\/www.fiemg.com.br\/iel\/\",\"logo\":{\"@type\":\"ImageObject\",\"inLanguage\":\"pt-BR\",\"@id\":\"https:\/\/www.fiemg.com.br\/iel\/#\/schema\/logo\/image\/\",\"url\":\"https:\/\/www.fiemg.com.br\/iel\/wp-content\/uploads\/sites\/13\/2023\/02\/IEL_branco.svg\",\"contentUrl\":\"https:\/\/www.fiemg.com.br\/iel\/wp-content\/uploads\/sites\/13\/2023\/02\/IEL_branco.svg\",\"width\":103,\"height\":59,\"caption\":\"IEL\"},\"image\":{\"@id\":\"https:\/\/www.fiemg.com.br\/iel\/#\/schema\/logo\/image\/\"}}]}<\/script>\n<!-- \/ Yoast SEO plugin. -->","yoast_head_json":{"title":"Seja nosso parceiro - IEL","robots":{"index":"index","follow":"follow","max-snippet":"max-snippet:-1","max-image-preview":"max-image-preview:large","max-video-preview":"max-video-preview:-1"},"canonical":"https:\/\/www.fiemg.com.br\/iel\/seja-nosso-parceiro\/","og_locale":"pt_BR","og_type":"article","og_title":"Seja nosso parceiro - IEL","og_description":"Capacitar pessoas, desenvolver neg\u00f3cios e transformar a economia e a sociedade de Minas Gerais: \u00e9 isso que nos move e nos inspira. Acreditamos que o futuro se faz juntos, com a\u00e7\u00f5es e atitudes que fortalecem o ambiente de neg\u00f3cios e criam oportunidades de crescimento. O IEL MG, como provedor de solu\u00e7\u00f5es em Educa\u00e7\u00e3o, Projetos e [&hellip;]","og_url":"https:\/\/www.fiemg.com.br\/iel\/seja-nosso-parceiro\/","og_site_name":"IEL","article_modified_time":"2024-08-12T18:51:31+00:00","og_image":[{"width":300,"height":300,"url":"https:\/\/www.fiemg.com.br\/iel\/wp-content\/uploads\/sites\/13\/2023\/08\/default.png","type":"image\/png"}],"twitter_card":"summary_large_image","twitter_misc":{"Est. tempo de leitura":"3 minutos"},"schema":{"@context":"https:\/\/schema.org","@graph":[{"@type":"WebPage","@id":"https:\/\/www.fiemg.com.br\/iel\/seja-nosso-parceiro\/","url":"https:\/\/www.fiemg.com.br\/iel\/seja-nosso-parceiro\/","name":"Seja nosso parceiro - IEL","isPartOf":{"@id":"https:\/\/www.fiemg.com.br\/iel\/#website"},"primaryImageOfPage":{"@id":"https:\/\/www.fiemg.com.br\/iel\/seja-nosso-parceiro\/#primaryimage"},"image":{"@id":"https:\/\/www.fiemg.com.br\/iel\/seja-nosso-parceiro\/#primaryimage"},"thumbnailUrl":"https:\/\/www.fiemg.com.br\/iel\/wp-content\/uploads\/sites\/13\/2023\/08\/default.png","datePublished":"2024-08-09T20:51:03+00:00","dateModified":"2024-08-12T18:51:31+00:00","breadcrumb":{"@id":"https:\/\/www.fiemg.com.br\/iel\/seja-nosso-parceiro\/#breadcrumb"},"inLanguage":"pt-BR","potentialAction":[{"@type":"ReadAction","target":["https:\/\/www.fiemg.com.br\/iel\/seja-nosso-parceiro\/"]}]},{"@type":"ImageObject","inLanguage":"pt-BR","@id":"https:\/\/www.fiemg.com.br\/iel\/seja-nosso-parceiro\/#primaryimage","url":"https:\/\/www.fiemg.com.br\/iel\/wp-content\/uploads\/sites\/13\/2023\/08\/default.png","contentUrl":"https:\/\/www.fiemg.com.br\/iel\/wp-content\/uploads\/sites\/13\/2023\/08\/default.png","width":300,"height":300},{"@type":"BreadcrumbList","@id":"https:\/\/www.fiemg.com.br\/iel\/seja-nosso-parceiro\/#breadcrumb","itemListElement":[{"@type":"ListItem","position":1,"name":"In\u00edcio","item":"https:\/\/www.fiemg.com.br\/iel\/"},{"@type":"ListItem","position":2,"name":"Seja nosso parceiro"}]},{"@type":"WebSite","@id":"https:\/\/www.fiemg.com.br\/iel\/#website","url":"https:\/\/www.fiemg.com.br\/iel\/","name":"IEL","description":"Federa\u00e7\u00e3o das Ind\u00fastrias do Estado de Minas Gerais","publisher":{"@id":"https:\/\/www.fiemg.com.br\/iel\/#organization"},"potentialAction":[{"@type":"SearchAction","target":{"@type":"EntryPoint","urlTemplate":"https:\/\/www.fiemg.com.br\/iel\/?s={search_term_string}"},"query-input":{"@type":"PropertyValueSpecification","valueRequired":true,"valueName":"search_term_string"}}],"inLanguage":"pt-BR"},{"@type":"Organization","@id":"https:\/\/www.fiemg.com.br\/iel\/#organization","name":"IEL","url":"https:\/\/www.fiemg.com.br\/iel\/","logo":{"@type":"ImageObject","inLanguage":"pt-BR","@id":"https:\/\/www.fiemg.com.br\/iel\/#\/schema\/logo\/image\/","url":"https:\/\/www.fiemg.com.br\/iel\/wp-content\/uploads\/sites\/13\/2023\/02\/IEL_branco.svg","contentUrl":"https:\/\/www.fiemg.com.br\/iel\/wp-content\/uploads\/sites\/13\/2023\/02\/IEL_branco.svg","width":103,"height":59,"caption":"IEL"},"image":{"@id":"https:\/\/www.fiemg.com.br\/iel\/#\/schema\/logo\/image\/"}}]}},"_links":{"self":[{"href":"https:\/\/www.fiemg.com.br\/iel\/wp-json\/wp\/v2\/pages\/2551","targetHints":{"allow":["GET"]}}],"collection":[{"href":"https:\/\/www.fiemg.com.br\/iel\/wp-json\/wp\/v2\/pages"}],"about":[{"href":"https:\/\/www.fiemg.com.br\/iel\/wp-json\/wp\/v2\/types\/page"}],"author":[{"embeddable":true,"href":"https:\/\/www.fiemg.com.br\/iel\/wp-json\/wp\/v2\/users\/33"}],"replies":[{"embeddable":true,"href":"https:\/\/www.fiemg.com.br\/iel\/wp-json\/wp\/v2\/comments?post=2551"}],"version-history":[{"count":0,"href":"https:\/\/www.fiemg.com.br\/iel\/wp-json\/wp\/v2\/pages\/2551\/revisions"}],"wp:featuredmedia":[{"embeddable":true,"href":"https:\/\/www.fiemg.com.br\/iel\/wp-json\/wp\/v2\/media\/1888"}],"wp:attachment":[{"href":"https:\/\/www.fiemg.com.br\/iel\/wp-json\/wp\/v2\/media?parent=2551"}],"curies":[{"name":"wp","href":"https:\/\/api.w.org\/{rel}","templated":true}]}}