{"id":2587,"date":"2025-04-03T09:05:44","date_gmt":"2025-04-03T12:05:44","guid":{"rendered":"https:\/\/www.fiemg.com.br\/regional-alto-paranaiba\/?post_type=agenda&#038;p=2587"},"modified":"2025-04-03T09:16:00","modified_gmt":"2025-04-03T12:16:00","slug":"oficina-funil-de-vendas","status":"publish","type":"agenda","link":"https:\/\/www.fiemg.com.br\/regional-alto-paranaiba\/agenda\/oficina-funil-de-vendas\/","title":{"rendered":"Oficina Funil de Vendas"},"content":{"rendered":"\n<p><\/p>\n\n\n\n<p><\/p>\n","protected":false},"featured_media":2572,"template":"","agenda-areas-de-interesse":[],"class_list":["post-2587","agenda","type-agenda","status-publish","has-post-thumbnail","hentry"],"acf":[],"yoast_head":"<!-- This site is optimized with the Yoast SEO plugin v26.2 - https:\/\/yoast.com\/wordpress\/plugins\/seo\/ -->\n<title>Oficina Funil de Vendas - Regional Alto Parana\u00edba<\/title>\n<meta name=\"description\" content=\"Apresenta conhecimentos e ferramentas necess\u00e1rios para construir um funil de vendas para atrair, reter, desenvolver clientes e converter mais vendas.\" \/>\n<meta name=\"robots\" content=\"index, follow, max-snippet:-1, max-image-preview:large, max-video-preview:-1\" \/>\n<link rel=\"canonical\" href=\"https:\/\/www.fiemg.com.br\/regional-alto-paranaiba\/agenda\/oficina-funil-de-vendas\/\" \/>\n<meta property=\"og:locale\" content=\"pt_BR\" \/>\n<meta property=\"og:type\" content=\"article\" \/>\n<meta property=\"og:title\" content=\"Oficina Funil de Vendas - Regional Alto Parana\u00edba\" \/>\n<meta property=\"og:description\" content=\"Apresenta conhecimentos e ferramentas necess\u00e1rios para construir um funil de vendas para atrair, reter, desenvolver clientes e converter mais vendas.\" \/>\n<meta property=\"og:url\" content=\"https:\/\/www.fiemg.com.br\/regional-alto-paranaiba\/agenda\/oficina-funil-de-vendas\/\" \/>\n<meta property=\"og:site_name\" content=\"Regional Alto Parana\u00edba\" \/>\n<meta property=\"article:modified_time\" content=\"2025-04-03T12:16:00+00:00\" \/>\n<meta property=\"og:image\" content=\"https:\/\/www.fiemg.com.br\/regional-alto-paranaiba\/wp-content\/uploads\/sites\/15\/2025\/04\/jornada-empreendedora-funil.jpg\" \/>\n\t<meta property=\"og:image:width\" content=\"535\" \/>\n\t<meta property=\"og:image:height\" content=\"459\" \/>\n\t<meta property=\"og:image:type\" content=\"image\/jpeg\" \/>\n<meta name=\"twitter:card\" content=\"summary_large_image\" \/>\n<meta name=\"twitter:label1\" content=\"Est. tempo de leitura\" \/>\n\t<meta name=\"twitter:data1\" content=\"1 minuto\" \/>\n<script type=\"application\/ld+json\" class=\"yoast-schema-graph\">{\"@context\":\"https:\/\/schema.org\",\"@graph\":[{\"@type\":\"WebPage\",\"@id\":\"https:\/\/www.fiemg.com.br\/regional-alto-paranaiba\/agenda\/oficina-funil-de-vendas\/\",\"url\":\"https:\/\/www.fiemg.com.br\/regional-alto-paranaiba\/agenda\/oficina-funil-de-vendas\/\",\"name\":\"Oficina Funil de Vendas - Regional Alto Parana\u00edba\",\"isPartOf\":{\"@id\":\"https:\/\/www.fiemg.com.br\/regional-alto-paranaiba\/#website\"},\"primaryImageOfPage\":{\"@id\":\"https:\/\/www.fiemg.com.br\/regional-alto-paranaiba\/agenda\/oficina-funil-de-vendas\/#primaryimage\"},\"image\":{\"@id\":\"https:\/\/www.fiemg.com.br\/regional-alto-paranaiba\/agenda\/oficina-funil-de-vendas\/#primaryimage\"},\"thumbnailUrl\":\"https:\/\/www.fiemg.com.br\/regional-alto-paranaiba\/wp-content\/uploads\/sites\/15\/2025\/04\/jornada-empreendedora-funil.jpg\",\"datePublished\":\"2025-04-03T12:05:44+00:00\",\"dateModified\":\"2025-04-03T12:16:00+00:00\",\"description\":\"Apresenta conhecimentos e ferramentas necess\u00e1rios para construir um funil de vendas para atrair, reter, desenvolver clientes e converter mais vendas.\",\"breadcrumb\":{\"@id\":\"https:\/\/www.fiemg.com.br\/regional-alto-paranaiba\/agenda\/oficina-funil-de-vendas\/#breadcrumb\"},\"inLanguage\":\"pt-BR\",\"potentialAction\":[{\"@type\":\"ReadAction\",\"target\":[\"https:\/\/www.fiemg.com.br\/regional-alto-paranaiba\/agenda\/oficina-funil-de-vendas\/\"]}]},{\"@type\":\"ImageObject\",\"inLanguage\":\"pt-BR\",\"@id\":\"https:\/\/www.fiemg.com.br\/regional-alto-paranaiba\/agenda\/oficina-funil-de-vendas\/#primaryimage\",\"url\":\"https:\/\/www.fiemg.com.br\/regional-alto-paranaiba\/wp-content\/uploads\/sites\/15\/2025\/04\/jornada-empreendedora-funil.jpg\",\"contentUrl\":\"https:\/\/www.fiemg.com.br\/regional-alto-paranaiba\/wp-content\/uploads\/sites\/15\/2025\/04\/jornada-empreendedora-funil.jpg\",\"width\":535,\"height\":459},{\"@type\":\"BreadcrumbList\",\"@id\":\"https:\/\/www.fiemg.com.br\/regional-alto-paranaiba\/agenda\/oficina-funil-de-vendas\/#breadcrumb\",\"itemListElement\":[{\"@type\":\"ListItem\",\"position\":1,\"name\":\"In\u00edcio\",\"item\":\"https:\/\/www.fiemg.com.br\/regional-alto-paranaiba\/\"},{\"@type\":\"ListItem\",\"position\":2,\"name\":\"Agenda\",\"item\":\"https:\/\/www.fiemg.com.br\/regional-alto-paranaiba\/agenda\/\"},{\"@type\":\"ListItem\",\"position\":3,\"name\":\"Oficina Funil de Vendas\"}]},{\"@type\":\"WebSite\",\"@id\":\"https:\/\/www.fiemg.com.br\/regional-alto-paranaiba\/#website\",\"url\":\"https:\/\/www.fiemg.com.br\/regional-alto-paranaiba\/\",\"name\":\"Regional Alto Parana\u00edba\",\"description\":\"Federa\u00e7\u00e3o das Ind\u00fastrias do Estado de Minas Gerais\",\"publisher\":{\"@id\":\"https:\/\/www.fiemg.com.br\/regional-alto-paranaiba\/#organization\"},\"potentialAction\":[{\"@type\":\"SearchAction\",\"target\":{\"@type\":\"EntryPoint\",\"urlTemplate\":\"https:\/\/www.fiemg.com.br\/regional-alto-paranaiba\/?s={search_term_string}\"},\"query-input\":{\"@type\":\"PropertyValueSpecification\",\"valueRequired\":true,\"valueName\":\"search_term_string\"}}],\"inLanguage\":\"pt-BR\"},{\"@type\":\"Organization\",\"@id\":\"https:\/\/www.fiemg.com.br\/regional-alto-paranaiba\/#organization\",\"name\":\"Regional Alto Parana\u00edba\",\"url\":\"https:\/\/www.fiemg.com.br\/regional-alto-paranaiba\/\",\"logo\":{\"@type\":\"ImageObject\",\"inLanguage\":\"pt-BR\",\"@id\":\"https:\/\/www.fiemg.com.br\/regional-alto-paranaiba\/#\/schema\/logo\/image\/\",\"url\":\"https:\/\/www.fiemg.com.br\/regional-alto-paranaiba\/wp-content\/uploads\/sites\/15\/2023\/02\/Ativo-1.png\",\"contentUrl\":\"https:\/\/www.fiemg.com.br\/regional-alto-paranaiba\/wp-content\/uploads\/sites\/15\/2023\/02\/Ativo-1.png\",\"width\":563,\"height\":149,\"caption\":\"Regional Alto Parana\u00edba\"},\"image\":{\"@id\":\"https:\/\/www.fiemg.com.br\/regional-alto-paranaiba\/#\/schema\/logo\/image\/\"}}]}<\/script>\n<!-- \/ Yoast SEO plugin. -->","yoast_head_json":{"title":"Oficina Funil de Vendas - Regional Alto Parana\u00edba","description":"Apresenta conhecimentos e ferramentas necess\u00e1rios para construir um funil de vendas para atrair, reter, desenvolver clientes e converter mais vendas.","robots":{"index":"index","follow":"follow","max-snippet":"max-snippet:-1","max-image-preview":"max-image-preview:large","max-video-preview":"max-video-preview:-1"},"canonical":"https:\/\/www.fiemg.com.br\/regional-alto-paranaiba\/agenda\/oficina-funil-de-vendas\/","og_locale":"pt_BR","og_type":"article","og_title":"Oficina Funil de Vendas - Regional Alto Parana\u00edba","og_description":"Apresenta conhecimentos e ferramentas necess\u00e1rios para construir um funil de vendas para atrair, reter, desenvolver clientes e converter mais vendas.","og_url":"https:\/\/www.fiemg.com.br\/regional-alto-paranaiba\/agenda\/oficina-funil-de-vendas\/","og_site_name":"Regional Alto Parana\u00edba","article_modified_time":"2025-04-03T12:16:00+00:00","og_image":[{"width":535,"height":459,"url":"https:\/\/www.fiemg.com.br\/regional-alto-paranaiba\/wp-content\/uploads\/sites\/15\/2025\/04\/jornada-empreendedora-funil.jpg","type":"image\/jpeg"}],"twitter_card":"summary_large_image","twitter_misc":{"Est. tempo de leitura":"1 minuto"},"schema":{"@context":"https:\/\/schema.org","@graph":[{"@type":"WebPage","@id":"https:\/\/www.fiemg.com.br\/regional-alto-paranaiba\/agenda\/oficina-funil-de-vendas\/","url":"https:\/\/www.fiemg.com.br\/regional-alto-paranaiba\/agenda\/oficina-funil-de-vendas\/","name":"Oficina Funil de Vendas - Regional Alto Parana\u00edba","isPartOf":{"@id":"https:\/\/www.fiemg.com.br\/regional-alto-paranaiba\/#website"},"primaryImageOfPage":{"@id":"https:\/\/www.fiemg.com.br\/regional-alto-paranaiba\/agenda\/oficina-funil-de-vendas\/#primaryimage"},"image":{"@id":"https:\/\/www.fiemg.com.br\/regional-alto-paranaiba\/agenda\/oficina-funil-de-vendas\/#primaryimage"},"thumbnailUrl":"https:\/\/www.fiemg.com.br\/regional-alto-paranaiba\/wp-content\/uploads\/sites\/15\/2025\/04\/jornada-empreendedora-funil.jpg","datePublished":"2025-04-03T12:05:44+00:00","dateModified":"2025-04-03T12:16:00+00:00","description":"Apresenta conhecimentos e ferramentas necess\u00e1rios para construir um funil de vendas para atrair, reter, desenvolver clientes e converter mais vendas.","breadcrumb":{"@id":"https:\/\/www.fiemg.com.br\/regional-alto-paranaiba\/agenda\/oficina-funil-de-vendas\/#breadcrumb"},"inLanguage":"pt-BR","potentialAction":[{"@type":"ReadAction","target":["https:\/\/www.fiemg.com.br\/regional-alto-paranaiba\/agenda\/oficina-funil-de-vendas\/"]}]},{"@type":"ImageObject","inLanguage":"pt-BR","@id":"https:\/\/www.fiemg.com.br\/regional-alto-paranaiba\/agenda\/oficina-funil-de-vendas\/#primaryimage","url":"https:\/\/www.fiemg.com.br\/regional-alto-paranaiba\/wp-content\/uploads\/sites\/15\/2025\/04\/jornada-empreendedora-funil.jpg","contentUrl":"https:\/\/www.fiemg.com.br\/regional-alto-paranaiba\/wp-content\/uploads\/sites\/15\/2025\/04\/jornada-empreendedora-funil.jpg","width":535,"height":459},{"@type":"BreadcrumbList","@id":"https:\/\/www.fiemg.com.br\/regional-alto-paranaiba\/agenda\/oficina-funil-de-vendas\/#breadcrumb","itemListElement":[{"@type":"ListItem","position":1,"name":"In\u00edcio","item":"https:\/\/www.fiemg.com.br\/regional-alto-paranaiba\/"},{"@type":"ListItem","position":2,"name":"Agenda","item":"https:\/\/www.fiemg.com.br\/regional-alto-paranaiba\/agenda\/"},{"@type":"ListItem","position":3,"name":"Oficina Funil de Vendas"}]},{"@type":"WebSite","@id":"https:\/\/www.fiemg.com.br\/regional-alto-paranaiba\/#website","url":"https:\/\/www.fiemg.com.br\/regional-alto-paranaiba\/","name":"Regional Alto Parana\u00edba","description":"Federa\u00e7\u00e3o das Ind\u00fastrias do Estado de Minas Gerais","publisher":{"@id":"https:\/\/www.fiemg.com.br\/regional-alto-paranaiba\/#organization"},"potentialAction":[{"@type":"SearchAction","target":{"@type":"EntryPoint","urlTemplate":"https:\/\/www.fiemg.com.br\/regional-alto-paranaiba\/?s={search_term_string}"},"query-input":{"@type":"PropertyValueSpecification","valueRequired":true,"valueName":"search_term_string"}}],"inLanguage":"pt-BR"},{"@type":"Organization","@id":"https:\/\/www.fiemg.com.br\/regional-alto-paranaiba\/#organization","name":"Regional Alto Parana\u00edba","url":"https:\/\/www.fiemg.com.br\/regional-alto-paranaiba\/","logo":{"@type":"ImageObject","inLanguage":"pt-BR","@id":"https:\/\/www.fiemg.com.br\/regional-alto-paranaiba\/#\/schema\/logo\/image\/","url":"https:\/\/www.fiemg.com.br\/regional-alto-paranaiba\/wp-content\/uploads\/sites\/15\/2023\/02\/Ativo-1.png","contentUrl":"https:\/\/www.fiemg.com.br\/regional-alto-paranaiba\/wp-content\/uploads\/sites\/15\/2023\/02\/Ativo-1.png","width":563,"height":149,"caption":"Regional Alto Parana\u00edba"},"image":{"@id":"https:\/\/www.fiemg.com.br\/regional-alto-paranaiba\/#\/schema\/logo\/image\/"}}]}},"_links":{"self":[{"href":"https:\/\/www.fiemg.com.br\/regional-alto-paranaiba\/wp-json\/wp\/v2\/agenda\/2587","targetHints":{"allow":["GET"]}}],"collection":[{"href":"https:\/\/www.fiemg.com.br\/regional-alto-paranaiba\/wp-json\/wp\/v2\/agenda"}],"about":[{"href":"https:\/\/www.fiemg.com.br\/regional-alto-paranaiba\/wp-json\/wp\/v2\/types\/agenda"}],"wp:featuredmedia":[{"embeddable":true,"href":"https:\/\/www.fiemg.com.br\/regional-alto-paranaiba\/wp-json\/wp\/v2\/media\/2572"}],"wp:attachment":[{"href":"https:\/\/www.fiemg.com.br\/regional-alto-paranaiba\/wp-json\/wp\/v2\/media?parent=2587"}],"wp:term":[{"taxonomy":"agenda-areas-de-interesse","embeddable":true,"href":"https:\/\/www.fiemg.com.br\/regional-alto-paranaiba\/wp-json\/wp\/v2\/agenda-areas-de-interesse?post=2587"}],"curies":[{"name":"wp","href":"https:\/\/api.w.org\/{rel}","templated":true}]}}

<!-- This site is optimized with the Yoast SEO plugin v26.2 - https://yoast.com/wordpress/plugins/seo/ -->
<title>Oficina Funil de Vendas - Regional Alto Paranaíba</title>
<meta name="description" content="Apresenta conhecimentos e ferramentas necessários para construir um funil de vendas para atrair, reter, desenvolver clientes e converter mais vendas." />
<meta name="robots" content="index, follow, max-snippet:-1, max-image-preview:large, max-video-preview:-1" />
<link rel="canonical" href="https://www.fiemg.com.br/regional-alto-paranaiba/agenda/oficina-funil-de-vendas/" />
<meta property="og:locale" content="pt_BR" />
<meta property="og:type" content="article" />
<meta property="og:title" content="Oficina Funil de Vendas - Regional Alto Paranaíba" />
<meta property="og:description" content="Apresenta conhecimentos e ferramentas necessários para construir um funil de vendas para atrair, reter, desenvolver clientes e converter mais vendas." />
<meta property="og:url" content="https://www.fiemg.com.br/regional-alto-paranaiba/agenda/oficina-funil-de-vendas/" />
<meta property="og:site_name" content="Regional Alto Paranaíba" />
<meta property="article:modified_time" content="2025-04-03T12:16:00+00:00" />
<meta property="og:image" content="https://www.fiemg.com.br/regional-alto-paranaiba/wp-content/uploads/sites/15/2025/04/jornada-empreendedora-funil.jpg" />
	<meta property="og:image:width" content="535" />
	<meta property="og:image:height" content="459" />
	<meta property="og:image:type" content="image/jpeg" />
<meta name="twitter:card" content="summary_large_image" />
<meta name="twitter:label1" content="Est. tempo de leitura" />
	<meta name="twitter:data1" content="1 minuto" />
<script type="application/ld+json" class="yoast-schema-graph">{"@context":"https://schema.org","@graph":[{"@type":"WebPage","@id":"https://www.fiemg.com.br/regional-alto-paranaiba/agenda/oficina-funil-de-vendas/","url":"https://www.fiemg.com.br/regional-alto-paranaiba/agenda/oficina-funil-de-vendas/","name":"Oficina Funil de Vendas - Regional Alto Paranaíba","isPartOf":{"@id":"https://www.fiemg.com.br/regional-alto-paranaiba/#website"},"primaryImageOfPage":{"@id":"https://www.fiemg.com.br/regional-alto-paranaiba/agenda/oficina-funil-de-vendas/#primaryimage"},"image":{"@id":"https://www.fiemg.com.br/regional-alto-paranaiba/agenda/oficina-funil-de-vendas/#primaryimage"},"thumbnailUrl":"https://www.fiemg.com.br/regional-alto-paranaiba/wp-content/uploads/sites/15/2025/04/jornada-empreendedora-funil.jpg","datePublished":"2025-04-03T12:05:44+00:00","dateModified":"2025-04-03T12:16:00+00:00","description":"Apresenta conhecimentos e ferramentas necessários para construir um funil de vendas para atrair, reter, desenvolver clientes e converter mais vendas.","breadcrumb":{"@id":"https://www.fiemg.com.br/regional-alto-paranaiba/agenda/oficina-funil-de-vendas/#breadcrumb"},"inLanguage":"pt-BR","potentialAction":[{"@type":"ReadAction","target":["https://www.fiemg.com.br/regional-alto-paranaiba/agenda/oficina-funil-de-vendas/"]}]},{"@type":"ImageObject","inLanguage":"pt-BR","@id":"https://www.fiemg.com.br/regional-alto-paranaiba/agenda/oficina-funil-de-vendas/#primaryimage","url":"https://www.fiemg.com.br/regional-alto-paranaiba/wp-content/uploads/sites/15/2025/04/jornada-empreendedora-funil.jpg","contentUrl":"https://www.fiemg.com.br/regional-alto-paranaiba/wp-content/uploads/sites/15/2025/04/jornada-empreendedora-funil.jpg","width":535,"height":459},{"@type":"BreadcrumbList","@id":"https://www.fiemg.com.br/regional-alto-paranaiba/agenda/oficina-funil-de-vendas/#breadcrumb","itemListElement":[{"@type":"ListItem","position":1,"name":"Início","item":"https://www.fiemg.com.br/regional-alto-paranaiba/"},{"@type":"ListItem","position":2,"name":"Agenda","item":"https://www.fiemg.com.br/regional-alto-paranaiba/agenda/"},{"@type":"ListItem","position":3,"name":"Oficina Funil de Vendas"}]},{"@type":"WebSite","@id":"https://www.fiemg.com.br/regional-alto-paranaiba/#website","url":"https://www.fiemg.com.br/regional-alto-paranaiba/","name":"Regional Alto Paranaíba","description":"Federação das Indústrias do Estado de Minas Gerais","publisher":{"@id":"https://www.fiemg.com.br/regional-alto-paranaiba/#organization"},"potentialAction":[{"@type":"SearchAction","target":{"@type":"EntryPoint","urlTemplate":"https://www.fiemg.com.br/regional-alto-paranaiba/?s={search_term_string}"},"query-input":{"@type":"PropertyValueSpecification","valueRequired":true,"valueName":"search_term_string"}}],"inLanguage":"pt-BR"},{"@type":"Organization","@id":"https://www.fiemg.com.br/regional-alto-paranaiba/#organization","name":"Regional Alto Paranaíba","url":"https://www.fiemg.com.br/regional-alto-paranaiba/","logo":{"@type":"ImageObject","inLanguage":"pt-BR","@id":"https://www.fiemg.com.br/regional-alto-paranaiba/#/schema/logo/image/","url":"https://www.fiemg.com.br/regional-alto-paranaiba/wp-content/uploads/sites/15/2023/02/Ativo-1.png","contentUrl":"https://www.fiemg.com.br/regional-alto-paranaiba/wp-content/uploads/sites/15/2023/02/Ativo-1.png","width":563,"height":149,"caption":"Regional Alto Paranaíba"},"image":{"@id":"https://www.fiemg.com.br/regional-alto-paranaiba/#/schema/logo/image/"}}]}</script>
<!-- / Yoast SEO plugin. -->

Oficina Funil de Vendas - Regional Alto Paranaíba

Apresenta conhecimentos e ferramentas necessários para construir um funil de vendas para atrair, reter, desenvolver clientes e converter mais vendas.

Regional Alto Paranaíba

Início

Federação das Indústrias do Estado de Minas Gerais
