{"id":1299,"date":"2023-07-17T22:47:32","date_gmt":"2023-07-17T22:47:32","guid":{"rendered":"https:\/\/www.fiemg.com.br\/regional-sul\/escolas\/senai-pouso-alegre-ui-orlando-chiarini\/"},"modified":"2023-07-21T14:09:03","modified_gmt":"2023-07-21T14:09:03","slug":"senai-pouso-alegre-ui-orlando-chiarini","status":"publish","type":"escolas","link":"https:\/\/www.fiemg.com.br\/regional-sul\/unidades\/senai-pouso-alegre-ui-orlando-chiarini\/","title":{"rendered":"SENAI Pouso Alegre UI Orlando Chiarini"},"content":{"rendered":"<p>(35) 3423-7330<\/p>\n","protected":false},"featured_media":1300,"parent":0,"menu_order":54,"template":"","unidade":[26],"class_list":["post-1299","escolas","type-escolas","status-publish","has-post-thumbnail","hentry","unidade-unidade-senai"],"acf":[],"yoast_head":"<!-- This site is optimized with the Yoast SEO plugin v26.2 - https:\/\/yoast.com\/wordpress\/plugins\/seo\/ -->\n<title>SENAI Pouso Alegre UI Orlando Chiarini - Regional Sul<\/title>\n<meta name=\"robots\" content=\"index, follow, max-snippet:-1, max-image-preview:large, max-video-preview:-1\" \/>\n<link rel=\"canonical\" href=\"https:\/\/www.fiemg.com.br\/regional-sul\/escolas\/senai-pouso-alegre-ui-orlando-chiarini\/\" \/>\n<meta property=\"og:locale\" content=\"pt_BR\" \/>\n<meta property=\"og:type\" content=\"article\" \/>\n<meta property=\"og:title\" content=\"SENAI Pouso Alegre UI Orlando Chiarini - Regional Sul\" \/>\n<meta property=\"og:description\" content=\"(35) 3423-7330\" \/>\n<meta property=\"og:url\" content=\"https:\/\/www.fiemg.com.br\/regional-sul\/escolas\/senai-pouso-alegre-ui-orlando-chiarini\/\" \/>\n<meta property=\"og:site_name\" content=\"Regional Sul\" \/>\n<meta property=\"article:modified_time\" content=\"2023-07-21T14:09:03+00:00\" \/>\n<meta property=\"og:image\" content=\"https:\/\/www.fiemg.com.br\/regional-sul\/wp-content\/uploads\/sites\/20\/2023\/07\/nova-imagem-senai-pouso-ale.jpg\" \/>\n\t<meta property=\"og:image:width\" content=\"620\" \/>\n\t<meta property=\"og:image:height\" content=\"240\" \/>\n\t<meta property=\"og:image:type\" content=\"image\/jpeg\" \/>\n<meta name=\"twitter:card\" content=\"summary_large_image\" \/>\n<meta name=\"twitter:label1\" content=\"Est. tempo de leitura\" \/>\n\t<meta name=\"twitter:data1\" content=\"1 minuto\" \/>\n<script type=\"application\/ld+json\" class=\"yoast-schema-graph\">{\"@context\":\"https:\/\/schema.org\",\"@graph\":[{\"@type\":\"WebPage\",\"@id\":\"https:\/\/www.fiemg.com.br\/regional-sul\/escolas\/senai-pouso-alegre-ui-orlando-chiarini\/\",\"url\":\"https:\/\/www.fiemg.com.br\/regional-sul\/escolas\/senai-pouso-alegre-ui-orlando-chiarini\/\",\"name\":\"SENAI Pouso Alegre UI Orlando Chiarini - Regional Sul\",\"isPartOf\":{\"@id\":\"https:\/\/www.fiemg.com.br\/regional-sul\/#website\"},\"primaryImageOfPage\":{\"@id\":\"https:\/\/www.fiemg.com.br\/regional-sul\/escolas\/senai-pouso-alegre-ui-orlando-chiarini\/#primaryimage\"},\"image\":{\"@id\":\"https:\/\/www.fiemg.com.br\/regional-sul\/escolas\/senai-pouso-alegre-ui-orlando-chiarini\/#primaryimage\"},\"thumbnailUrl\":\"https:\/\/www.fiemg.com.br\/regional-sul\/wp-content\/uploads\/sites\/20\/2023\/07\/nova-imagem-senai-pouso-ale.jpg\",\"datePublished\":\"2023-07-17T22:47:32+00:00\",\"dateModified\":\"2023-07-21T14:09:03+00:00\",\"breadcrumb\":{\"@id\":\"https:\/\/www.fiemg.com.br\/regional-sul\/escolas\/senai-pouso-alegre-ui-orlando-chiarini\/#breadcrumb\"},\"inLanguage\":\"pt-BR\",\"potentialAction\":[{\"@type\":\"ReadAction\",\"target\":[\"https:\/\/www.fiemg.com.br\/regional-sul\/escolas\/senai-pouso-alegre-ui-orlando-chiarini\/\"]}]},{\"@type\":\"ImageObject\",\"inLanguage\":\"pt-BR\",\"@id\":\"https:\/\/www.fiemg.com.br\/regional-sul\/escolas\/senai-pouso-alegre-ui-orlando-chiarini\/#primaryimage\",\"url\":\"https:\/\/www.fiemg.com.br\/regional-sul\/wp-content\/uploads\/sites\/20\/2023\/07\/nova-imagem-senai-pouso-ale.jpg\",\"contentUrl\":\"https:\/\/www.fiemg.com.br\/regional-sul\/wp-content\/uploads\/sites\/20\/2023\/07\/nova-imagem-senai-pouso-ale.jpg\",\"width\":620,\"height\":240},{\"@type\":\"BreadcrumbList\",\"@id\":\"https:\/\/www.fiemg.com.br\/regional-sul\/escolas\/senai-pouso-alegre-ui-orlando-chiarini\/#breadcrumb\",\"itemListElement\":[{\"@type\":\"ListItem\",\"position\":1,\"name\":\"In\u00edcio\",\"item\":\"https:\/\/www.fiemg.com.br\/regional-sul\/\"},{\"@type\":\"ListItem\",\"position\":2,\"name\":\"SENAI Pouso Alegre UI Orlando Chiarini\"}]},{\"@type\":\"WebSite\",\"@id\":\"https:\/\/www.fiemg.com.br\/regional-sul\/#website\",\"url\":\"https:\/\/www.fiemg.com.br\/regional-sul\/\",\"name\":\"Regional Sul\",\"description\":\"Federa\u00e7\u00e3o das Ind\u00fastrias do Estado de Minas Gerais\",\"publisher\":{\"@id\":\"https:\/\/www.fiemg.com.br\/regional-sul\/#organization\"},\"potentialAction\":[{\"@type\":\"SearchAction\",\"target\":{\"@type\":\"EntryPoint\",\"urlTemplate\":\"https:\/\/www.fiemg.com.br\/regional-sul\/?s={search_term_string}\"},\"query-input\":{\"@type\":\"PropertyValueSpecification\",\"valueRequired\":true,\"valueName\":\"search_term_string\"}}],\"inLanguage\":\"pt-BR\"},{\"@type\":\"Organization\",\"@id\":\"https:\/\/www.fiemg.com.br\/regional-sul\/#organization\",\"name\":\"Regional Sul\",\"url\":\"https:\/\/www.fiemg.com.br\/regional-sul\/\",\"logo\":{\"@type\":\"ImageObject\",\"inLanguage\":\"pt-BR\",\"@id\":\"https:\/\/www.fiemg.com.br\/regional-sul\/#\/schema\/logo\/image\/\",\"url\":\"https:\/\/www.fiemg.com.br\/regional-sul\/wp-content\/uploads\/sites\/20\/2023\/02\/Ativo-1.png\",\"contentUrl\":\"https:\/\/www.fiemg.com.br\/regional-sul\/wp-content\/uploads\/sites\/20\/2023\/02\/Ativo-1.png\",\"width\":563,\"height\":149,\"caption\":\"Regional Sul\"},\"image\":{\"@id\":\"https:\/\/www.fiemg.com.br\/regional-sul\/#\/schema\/logo\/image\/\"}}]}<\/script>\n<!-- \/ Yoast SEO plugin. -->","yoast_head_json":{"title":"SENAI Pouso Alegre UI Orlando Chiarini - Regional Sul","robots":{"index":"index","follow":"follow","max-snippet":"max-snippet:-1","max-image-preview":"max-image-preview:large","max-video-preview":"max-video-preview:-1"},"canonical":"https:\/\/www.fiemg.com.br\/regional-sul\/escolas\/senai-pouso-alegre-ui-orlando-chiarini\/","og_locale":"pt_BR","og_type":"article","og_title":"SENAI Pouso Alegre UI Orlando Chiarini - Regional Sul","og_description":"(35) 3423-7330","og_url":"https:\/\/www.fiemg.com.br\/regional-sul\/escolas\/senai-pouso-alegre-ui-orlando-chiarini\/","og_site_name":"Regional Sul","article_modified_time":"2023-07-21T14:09:03+00:00","og_image":[{"width":620,"height":240,"url":"https:\/\/www.fiemg.com.br\/regional-sul\/wp-content\/uploads\/sites\/20\/2023\/07\/nova-imagem-senai-pouso-ale.jpg","type":"image\/jpeg"}],"twitter_card":"summary_large_image","twitter_misc":{"Est. tempo de leitura":"1 minuto"},"schema":{"@context":"https:\/\/schema.org","@graph":[{"@type":"WebPage","@id":"https:\/\/www.fiemg.com.br\/regional-sul\/escolas\/senai-pouso-alegre-ui-orlando-chiarini\/","url":"https:\/\/www.fiemg.com.br\/regional-sul\/escolas\/senai-pouso-alegre-ui-orlando-chiarini\/","name":"SENAI Pouso Alegre UI Orlando Chiarini - Regional Sul","isPartOf":{"@id":"https:\/\/www.fiemg.com.br\/regional-sul\/#website"},"primaryImageOfPage":{"@id":"https:\/\/www.fiemg.com.br\/regional-sul\/escolas\/senai-pouso-alegre-ui-orlando-chiarini\/#primaryimage"},"image":{"@id":"https:\/\/www.fiemg.com.br\/regional-sul\/escolas\/senai-pouso-alegre-ui-orlando-chiarini\/#primaryimage"},"thumbnailUrl":"https:\/\/www.fiemg.com.br\/regional-sul\/wp-content\/uploads\/sites\/20\/2023\/07\/nova-imagem-senai-pouso-ale.jpg","datePublished":"2023-07-17T22:47:32+00:00","dateModified":"2023-07-21T14:09:03+00:00","breadcrumb":{"@id":"https:\/\/www.fiemg.com.br\/regional-sul\/escolas\/senai-pouso-alegre-ui-orlando-chiarini\/#breadcrumb"},"inLanguage":"pt-BR","potentialAction":[{"@type":"ReadAction","target":["https:\/\/www.fiemg.com.br\/regional-sul\/escolas\/senai-pouso-alegre-ui-orlando-chiarini\/"]}]},{"@type":"ImageObject","inLanguage":"pt-BR","@id":"https:\/\/www.fiemg.com.br\/regional-sul\/escolas\/senai-pouso-alegre-ui-orlando-chiarini\/#primaryimage","url":"https:\/\/www.fiemg.com.br\/regional-sul\/wp-content\/uploads\/sites\/20\/2023\/07\/nova-imagem-senai-pouso-ale.jpg","contentUrl":"https:\/\/www.fiemg.com.br\/regional-sul\/wp-content\/uploads\/sites\/20\/2023\/07\/nova-imagem-senai-pouso-ale.jpg","width":620,"height":240},{"@type":"BreadcrumbList","@id":"https:\/\/www.fiemg.com.br\/regional-sul\/escolas\/senai-pouso-alegre-ui-orlando-chiarini\/#breadcrumb","itemListElement":[{"@type":"ListItem","position":1,"name":"In\u00edcio","item":"https:\/\/www.fiemg.com.br\/regional-sul\/"},{"@type":"ListItem","position":2,"name":"SENAI Pouso Alegre UI Orlando Chiarini"}]},{"@type":"WebSite","@id":"https:\/\/www.fiemg.com.br\/regional-sul\/#website","url":"https:\/\/www.fiemg.com.br\/regional-sul\/","name":"Regional Sul","description":"Federa\u00e7\u00e3o das Ind\u00fastrias do Estado de Minas Gerais","publisher":{"@id":"https:\/\/www.fiemg.com.br\/regional-sul\/#organization"},"potentialAction":[{"@type":"SearchAction","target":{"@type":"EntryPoint","urlTemplate":"https:\/\/www.fiemg.com.br\/regional-sul\/?s={search_term_string}"},"query-input":{"@type":"PropertyValueSpecification","valueRequired":true,"valueName":"search_term_string"}}],"inLanguage":"pt-BR"},{"@type":"Organization","@id":"https:\/\/www.fiemg.com.br\/regional-sul\/#organization","name":"Regional Sul","url":"https:\/\/www.fiemg.com.br\/regional-sul\/","logo":{"@type":"ImageObject","inLanguage":"pt-BR","@id":"https:\/\/www.fiemg.com.br\/regional-sul\/#\/schema\/logo\/image\/","url":"https:\/\/www.fiemg.com.br\/regional-sul\/wp-content\/uploads\/sites\/20\/2023\/02\/Ativo-1.png","contentUrl":"https:\/\/www.fiemg.com.br\/regional-sul\/wp-content\/uploads\/sites\/20\/2023\/02\/Ativo-1.png","width":563,"height":149,"caption":"Regional Sul"},"image":{"@id":"https:\/\/www.fiemg.com.br\/regional-sul\/#\/schema\/logo\/image\/"}}]}},"_links":{"self":[{"href":"https:\/\/www.fiemg.com.br\/regional-sul\/wp-json\/wp\/v2\/escolas\/1299","targetHints":{"allow":["GET"]}}],"collection":[{"href":"https:\/\/www.fiemg.com.br\/regional-sul\/wp-json\/wp\/v2\/escolas"}],"about":[{"href":"https:\/\/www.fiemg.com.br\/regional-sul\/wp-json\/wp\/v2\/types\/escolas"}],"wp:featuredmedia":[{"embeddable":true,"href":"https:\/\/www.fiemg.com.br\/regional-sul\/wp-json\/wp\/v2\/media\/1300"}],"wp:attachment":[{"href":"https:\/\/www.fiemg.com.br\/regional-sul\/wp-json\/wp\/v2\/media?parent=1299"}],"wp:term":[{"taxonomy":"unidade","embeddable":true,"href":"https:\/\/www.fiemg.com.br\/regional-sul\/wp-json\/wp\/v2\/unidade?post=1299"}],"curies":[{"name":"wp","href":"https:\/\/api.w.org\/{rel}","templated":true}]}}

<!-- This site is optimized with the Yoast SEO plugin v26.2 - https://yoast.com/wordpress/plugins/seo/ -->
<title>SENAI Pouso Alegre UI Orlando Chiarini - Regional Sul</title>
<meta name="robots" content="index, follow, max-snippet:-1, max-image-preview:large, max-video-preview:-1" />
<link rel="canonical" href="https://www.fiemg.com.br/regional-sul/escolas/senai-pouso-alegre-ui-orlando-chiarini/" />
<meta property="og:locale" content="pt_BR" />
<meta property="og:type" content="article" />
<meta property="og:title" content="SENAI Pouso Alegre UI Orlando Chiarini - Regional Sul" />
<meta property="og:description" content="(35) 3423-7330" />
<meta property="og:url" content="https://www.fiemg.com.br/regional-sul/escolas/senai-pouso-alegre-ui-orlando-chiarini/" />
<meta property="og:site_name" content="Regional Sul" />
<meta property="article:modified_time" content="2023-07-21T14:09:03+00:00" />
<meta property="og:image" content="https://www.fiemg.com.br/regional-sul/wp-content/uploads/sites/20/2023/07/nova-imagem-senai-pouso-ale.jpg" />
	<meta property="og:image:width" content="620" />
	<meta property="og:image:height" content="240" />
	<meta property="og:image:type" content="image/jpeg" />
<meta name="twitter:card" content="summary_large_image" />
<meta name="twitter:label1" content="Est. tempo de leitura" />
	<meta name="twitter:data1" content="1 minuto" />
<script type="application/ld+json" class="yoast-schema-graph">{"@context":"https://schema.org","@graph":[{"@type":"WebPage","@id":"https://www.fiemg.com.br/regional-sul/escolas/senai-pouso-alegre-ui-orlando-chiarini/","url":"https://www.fiemg.com.br/regional-sul/escolas/senai-pouso-alegre-ui-orlando-chiarini/","name":"SENAI Pouso Alegre UI Orlando Chiarini - Regional Sul","isPartOf":{"@id":"https://www.fiemg.com.br/regional-sul/#website"},"primaryImageOfPage":{"@id":"https://www.fiemg.com.br/regional-sul/escolas/senai-pouso-alegre-ui-orlando-chiarini/#primaryimage"},"image":{"@id":"https://www.fiemg.com.br/regional-sul/escolas/senai-pouso-alegre-ui-orlando-chiarini/#primaryimage"},"thumbnailUrl":"https://www.fiemg.com.br/regional-sul/wp-content/uploads/sites/20/2023/07/nova-imagem-senai-pouso-ale.jpg","datePublished":"2023-07-17T22:47:32+00:00","dateModified":"2023-07-21T14:09:03+00:00","breadcrumb":{"@id":"https://www.fiemg.com.br/regional-sul/escolas/senai-pouso-alegre-ui-orlando-chiarini/#breadcrumb"},"inLanguage":"pt-BR","potentialAction":[{"@type":"ReadAction","target":["https://www.fiemg.com.br/regional-sul/escolas/senai-pouso-alegre-ui-orlando-chiarini/"]}]},{"@type":"ImageObject","inLanguage":"pt-BR","@id":"https://www.fiemg.com.br/regional-sul/escolas/senai-pouso-alegre-ui-orlando-chiarini/#primaryimage","url":"https://www.fiemg.com.br/regional-sul/wp-content/uploads/sites/20/2023/07/nova-imagem-senai-pouso-ale.jpg","contentUrl":"https://www.fiemg.com.br/regional-sul/wp-content/uploads/sites/20/2023/07/nova-imagem-senai-pouso-ale.jpg","width":620,"height":240},{"@type":"BreadcrumbList","@id":"https://www.fiemg.com.br/regional-sul/escolas/senai-pouso-alegre-ui-orlando-chiarini/#breadcrumb","itemListElement":[{"@type":"ListItem","position":1,"name":"Início","item":"https://www.fiemg.com.br/regional-sul/"},{"@type":"ListItem","position":2,"name":"SENAI Pouso Alegre UI Orlando Chiarini"}]},{"@type":"WebSite","@id":"https://www.fiemg.com.br/regional-sul/#website","url":"https://www.fiemg.com.br/regional-sul/","name":"Regional Sul","description":"Federação das Indústrias do Estado de Minas Gerais","publisher":{"@id":"https://www.fiemg.com.br/regional-sul/#organization"},"potentialAction":[{"@type":"SearchAction","target":{"@type":"EntryPoint","urlTemplate":"https://www.fiemg.com.br/regional-sul/?s={search_term_string}"},"query-input":{"@type":"PropertyValueSpecification","valueRequired":true,"valueName":"search_term_string"}}],"inLanguage":"pt-BR"},{"@type":"Organization","@id":"https://www.fiemg.com.br/regional-sul/#organization","name":"Regional Sul","url":"https://www.fiemg.com.br/regional-sul/","logo":{"@type":"ImageObject","inLanguage":"pt-BR","@id":"https://www.fiemg.com.br/regional-sul/#/schema/logo/image/","url":"https://www.fiemg.com.br/regional-sul/wp-content/uploads/sites/20/2023/02/Ativo-1.png","contentUrl":"https://www.fiemg.com.br/regional-sul/wp-content/uploads/sites/20/2023/02/Ativo-1.png","width":563,"height":149,"caption":"Regional Sul"},"image":{"@id":"https://www.fiemg.com.br/regional-sul/#/schema/logo/image/"}}]}</script>
<!-- / Yoast SEO plugin. -->

Início

Federação das Indústrias do Estado de Minas Gerais
