{"id":72,"date":"2025-01-16T17:34:14","date_gmt":"2025-01-16T20:34:14","guid":{"rendered":"https:\/\/fiemg1dev.wpenginepowered.com\/sala-de-imprensa\/?page_id=72"},"modified":"2025-02-11T12:03:31","modified_gmt":"2025-02-11T15:03:31","slug":"contatos","status":"publish","type":"page","link":"https:\/\/www.fiemg.com.br\/sala-de-imprensa\/contatos\/","title":{"rendered":"Contatos"},"content":{"rendered":"\t\t<div data-elementor-type=\"wp-page\" data-elementor-id=\"72\" class=\"elementor elementor-72\" data-elementor-post-type=\"page\">\n\t\t\t\t<div class=\"has_ae_slider elementor-element elementor-element-af9390a e-con-full e-flex ae-bg-gallery-type-default e-con e-parent\" data-id=\"af9390a\" data-element_type=\"container\" data-e-type=\"container\" data-settings=\"{&quot;jet_parallax_layout_list&quot;:[],&quot;background_background&quot;:&quot;classic&quot;}\">\n\t\t\t\t<\/div>\n\t\t<div class=\"has_ae_slider elementor-element elementor-element-c20484b e-flex e-con-boxed ae-bg-gallery-type-default e-con e-parent\" data-id=\"c20484b\" data-element_type=\"container\" data-e-type=\"container\" data-settings=\"{&quot;jet_parallax_layout_list&quot;:[]}\">\n\t\t\t\t\t<div class=\"e-con-inner\">\n\t\t\t\t<div class=\"elementor-element elementor-element-ecc33c5 elementor-widget elementor-widget-heading\" data-id=\"ecc33c5\" data-element_type=\"widget\" data-e-type=\"widget\" data-widget_type=\"heading.default\">\n\t\t\t\t<div class=\"elementor-widget-container\">\n\t\t\t\t\t<h2 class=\"elementor-heading-title elementor-size-default\">Contatos<\/h2>\t\t\t\t<\/div>\n\t\t\t\t<\/div>\n\t\t\t\t\t<\/div>\n\t\t\t\t<\/div>\n\t\t<div class=\"has_ae_slider elementor-element elementor-element-2faf6f4 e-flex e-con-boxed ae-bg-gallery-type-default e-con e-parent\" data-id=\"2faf6f4\" data-element_type=\"container\" data-e-type=\"container\" data-settings=\"{&quot;jet_parallax_layout_list&quot;:[]}\">\n\t\t\t\t\t<div class=\"e-con-inner\">\n\t\t<div class=\"has_ae_slider elementor-element elementor-element-8178d8d e-con-full e-flex ae-bg-gallery-type-default e-con e-child\" data-id=\"8178d8d\" data-element_type=\"container\" data-e-type=\"container\" data-settings=\"{&quot;jet_parallax_layout_list&quot;:[]}\">\n\t\t\t\t<div class=\"elementor-element elementor-element-c726b21 elementor-widget elementor-widget-text-editor\" data-id=\"c726b21\" data-element_type=\"widget\" data-e-type=\"widget\" data-widget_type=\"text-editor.default\">\n\t\t\t\t<div class=\"elementor-widget-container\">\n\t\t\t\t\t\t\t\t\t<p><strong>Contatos da Assessoria de Imprensa:<\/strong><\/p><p>Telefones: <br \/><a href=\"tel:553132634555\" target=\"_blank\" rel=\"noopener\">(31) 3263-4555<\/a><br \/><a href=\"tel:553132637753\" target=\"_blank\" rel=\"noopener\">(31) 3263-7753<\/a><\/p><p>E-mail: <a href=\"mailto:jornalismo@fiemg.com.br\" target=\"_blank\" rel=\"noopener\">jornalismo@fiemg.com.br<\/a><\/p><p>Whatsapp: <a href=\"https:\/\/wa.me\/5531997862919\" target=\"_blank\" rel=\"noopener\">(31) 99786-2919<\/a><\/p>\t\t\t\t\t\t\t\t<\/div>\n\t\t\t\t<\/div>\n\t\t\t\t<\/div>\n\t\t<div class=\"has_ae_slider elementor-element elementor-element-3c89112 e-con-full e-flex ae-bg-gallery-type-default e-con e-child\" data-id=\"3c89112\" data-element_type=\"container\" data-e-type=\"container\" data-settings=\"{&quot;jet_parallax_layout_list&quot;:[]}\">\n\t\t\t\t<div class=\"elementor-element elementor-element-680b65b elementor-widget elementor-widget-text-editor\" data-id=\"680b65b\" data-element_type=\"widget\" data-e-type=\"widget\" data-widget_type=\"text-editor.default\">\n\t\t\t\t<div class=\"elementor-widget-container\">\n\t\t\t\t\t\t\t\t\t<p><strong>Assessor da Presid\u00eancia<\/strong><\/p><p>Pedro Costa<br \/><a href=\"tel:553132634446\" target=\"_blank\" rel=\"noopener\">(31) 3263-4446<\/a><\/p>\t\t\t\t\t\t\t\t<\/div>\n\t\t\t\t<\/div>\n\t\t\t\t<\/div>\n\t\t<div class=\"has_ae_slider elementor-element elementor-element-3ab8d77 e-con-full e-flex ae-bg-gallery-type-default e-con e-child\" data-id=\"3ab8d77\" data-element_type=\"container\" data-e-type=\"container\" data-settings=\"{&quot;jet_parallax_layout_list&quot;:[]}\">\n\t\t\t\t<div class=\"elementor-element elementor-element-7d3d060 elementor-widget elementor-widget-text-editor\" data-id=\"7d3d060\" data-element_type=\"widget\" data-e-type=\"widget\" data-widget_type=\"text-editor.default\">\n\t\t\t\t<div class=\"elementor-widget-container\">\n\t\t\t\t\t\t\t\t\t<p><strong>Ger\u00eancia de Imprensa<\/strong><br \/><strong>Gerente<\/strong><\/p><p>Talita Boutros<br \/><a href=\"tel:553132634512\" target=\"_blank\" rel=\"noopener\">(31) 3263-4512<\/a><\/p>\t\t\t\t\t\t\t\t<\/div>\n\t\t\t\t<\/div>\n\t\t\t\t<\/div>\n\t\t\t\t\t<\/div>\n\t\t\t\t<\/div>\n\t\t<div class=\"has_ae_slider elementor-element elementor-element-1073983 e-flex e-con-boxed ae-bg-gallery-type-default e-con e-parent\" data-id=\"1073983\" data-element_type=\"container\" data-e-type=\"container\" data-settings=\"{&quot;jet_parallax_layout_list&quot;:[]}\">\n\t\t\t\t\t<div class=\"e-con-inner\">\n\t\t<div class=\"has_ae_slider elementor-element elementor-element-7c5fad9 e-con-full e-flex ae-bg-gallery-type-default e-con e-child\" data-id=\"7c5fad9\" data-element_type=\"container\" data-e-type=\"container\" data-settings=\"{&quot;jet_parallax_layout_list&quot;:[]}\">\n\t\t\t\t<div class=\"elementor-element elementor-element-7808262 elementor-widget elementor-widget-text-editor\" data-id=\"7808262\" data-element_type=\"widget\" data-e-type=\"widget\" data-widget_type=\"text-editor.default\">\n\t\t\t\t<div class=\"elementor-widget-container\">\n\t\t\t\t\t\t\t\t\t<p><strong>Jornalistas<\/strong><\/p><p>Ana Paula Motta<br \/><a href=\"tel:553132637753\" target=\"_blank\" rel=\"noopener\">(31) 3263-7753<\/a><\/p><p>Caio T\u00e1rcia<br \/><a href=\"tel:553132634555\" target=\"_blank\" rel=\"noopener\">(31) 3263-4555<\/a><\/p><p>Denise Lucas<br \/><a href=\"tel:3132634555\" target=\"_blank\" rel=\"noopener\">(31) 3263-4555<\/a><\/p><p>Rafael Passos<br \/><a href=\"tel:553132634444\" target=\"_blank\" rel=\"noopener\">(31) 3263-4444<\/a><\/p><p>Tha\u00eds Mota<br \/><a href=\"tel:553132634568\" target=\"_blank\" rel=\"noopener\">(31) 3263-4568<\/a><br \/><br \/>Trajano Raposo\u00a0<br \/><a href=\"tel:553132634449\" target=\"_blank\" rel=\"noopener\">(31) 3263-4449<\/a><\/p>\t\t\t\t\t\t\t\t<\/div>\n\t\t\t\t<\/div>\n\t\t\t\t<\/div>\n\t\t<div class=\"has_ae_slider elementor-element elementor-element-60d750c e-con-full e-flex ae-bg-gallery-type-default e-con e-child\" data-id=\"60d750c\" data-element_type=\"container\" data-e-type=\"container\" data-settings=\"{&quot;jet_parallax_layout_list&quot;:[]}\">\n\t\t\t\t<div class=\"elementor-element elementor-element-e1c809f elementor-widget elementor-widget-text-editor\" data-id=\"e1c809f\" data-element_type=\"widget\" data-e-type=\"widget\" data-widget_type=\"text-editor.default\">\n\t\t\t\t<div class=\"elementor-widget-container\">\n\t\t\t\t\t\t\t\t\t<p><strong>Fotografia<\/strong><\/p><p>Sebasti\u00e3o Jacinto J\u00fanior\u00a0<br \/><a href=\"tel:553132636851\" target=\"_blank\" rel=\"noopener\">(31) 3263-6851<\/a><\/p>\t\t\t\t\t\t\t\t<\/div>\n\t\t\t\t<\/div>\n\t\t\t\t<div class=\"elementor-element elementor-element-a700dd7 elementor-widget elementor-widget-text-editor\" data-id=\"a700dd7\" data-element_type=\"widget\" data-e-type=\"widget\" data-widget_type=\"text-editor.default\">\n\t\t\t\t<div class=\"elementor-widget-container\">\n\t\t\t\t\t\t\t\t\t<p><strong><span data-teams=\"true\">Estagi\u00e1ria<\/span><\/strong><\/p><p><span data-teams=\"true\">Fernanda Borges<\/span><br \/><a href=\"tel:553132637753\" target=\"_blank\" rel=\"noopener\">(31) 3263-7753<\/a><\/p>\t\t\t\t\t\t\t\t<\/div>\n\t\t\t\t<\/div>\n\t\t\t\t<\/div>\n\t\t<div class=\"has_ae_slider elementor-element elementor-element-576311a e-con-full e-flex ae-bg-gallery-type-default e-con e-child\" data-id=\"576311a\" data-element_type=\"container\" data-e-type=\"container\" data-settings=\"{&quot;jet_parallax_layout_list&quot;:[]}\">\n\t\t\t\t<div class=\"elementor-element elementor-element-54a79dc elementor-widget elementor-widget-text-editor\" data-id=\"54a79dc\" data-element_type=\"widget\" data-e-type=\"widget\" data-widget_type=\"text-editor.default\">\n\t\t\t\t<div class=\"elementor-widget-container\">\n\t\t\t\t\t\t\t\t\t<p><strong>Produ\u00e7\u00e3o de v\u00eddeo<\/strong><\/p><p>Lucas Nolasco<br \/><a href=\"tel:553132634405\" target=\"_blank\" rel=\"noopener\">(31) 3263-4405<\/a><\/p>\t\t\t\t\t\t\t\t<\/div>\n\t\t\t\t<\/div>\n\t\t\t\t<\/div>\n\t\t<div class=\"has_ae_slider elementor-element elementor-element-9cdd0f3 e-con-full e-flex ae-bg-gallery-type-default e-con e-child\" data-id=\"9cdd0f3\" data-element_type=\"container\" data-e-type=\"container\" data-settings=\"{&quot;jet_parallax_layout_list&quot;:[]}\">\n\t\t\t\t<div class=\"elementor-element elementor-element-7afe336 elementor-widget elementor-widget-text-editor\" data-id=\"7afe336\" data-element_type=\"widget\" data-e-type=\"widget\" data-widget_type=\"text-editor.default\">\n\t\t\t\t<div class=\"elementor-widget-container\">\n\t\t\t\t\t\t\t\t\t<p><strong>Atendimento \u00e0 imprensa<\/strong><\/p><p>Telefones: <br \/><a href=\"tel:553132634555\" target=\"_blank\" rel=\"noopener\">(31) 3263-4555<\/a><br \/><a href=\"tel:553132637753\" target=\"_blank\" rel=\"noopener\">(31) 3263-7753<\/a><\/p><p>Whatsapp: <a href=\"https:\/\/wa.me\/5531997862919\" target=\"_blank\" rel=\"noopener\">(31) 99786-2919<\/a><\/p><p>E-mail:\u00a0<br \/><a href=\"mailto:jornalismo@fiemg.com.br\" target=\"_blank\" rel=\"noopener\">jornalismo@fiemg.com.br<\/a><\/p>\t\t\t\t\t\t\t\t<\/div>\n\t\t\t\t<\/div>\n\t\t\t\t<\/div>\n\t\t\t\t\t<\/div>\n\t\t\t\t<\/div>\n\t\t\t\t<\/div>\n\t\t","protected":false},"excerpt":{"rendered":"<p>Contatos Contatos da Assessoria de Imprensa: Telefones: (31) 3263-4555(31) 3263-7753 E-mail: jornalismo@fiemg.com.br Whatsapp: (31) 99786-2919 Assessor da Presid\u00eancia Pedro Costa(31) 3263-4446 Ger\u00eancia de ImprensaGerente Talita Boutros(31) 3263-4512 Jornalistas Ana Paula Motta(31) 3263-7753 Caio T\u00e1rcia(31) 3263-4555 Denise Lucas(31) 3263-4555 Rafael Passos(31) 3263-4444 Tha\u00eds Mota(31) 3263-4568 Trajano Raposo\u00a0(31) 3263-4449 Fotografia Sebasti\u00e3o Jacinto J\u00fanior\u00a0(31) 3263-6851 Estagi\u00e1ria Fernanda Borges(31) [&hellip;]<\/p>\n","protected":false},"author":2,"featured_media":0,"parent":0,"menu_order":0,"comment_status":"closed","ping_status":"closed","template":"","meta":{"footnotes":""},"class_list":["post-72","page","type-page","status-publish","hentry"],"acf":[],"yoast_head":"<!-- This site is optimized with the Yoast SEO plugin v27.5 - https:\/\/yoast.com\/product\/yoast-seo-wordpress\/ -->\n<title>Contatos - Sala de imprensa<\/title>\n<meta name=\"robots\" content=\"index, follow, max-snippet:-1, max-image-preview:large, max-video-preview:-1\" \/>\n<link rel=\"canonical\" href=\"https:\/\/www.fiemg.com.br\/sala-de-imprensa\/contatos\/\" \/>\n<meta property=\"og:locale\" content=\"pt_BR\" \/>\n<meta property=\"og:type\" content=\"article\" \/>\n<meta property=\"og:title\" content=\"Contatos - Sala de imprensa\" \/>\n<meta property=\"og:description\" content=\"Contatos Contatos da Assessoria de Imprensa: Telefones: (31) 3263-4555(31) 3263-7753 E-mail: jornalismo@fiemg.com.br Whatsapp: (31) 99786-2919 Assessor da Presid\u00eancia Pedro Costa(31) 3263-4446 Ger\u00eancia de ImprensaGerente Talita Boutros(31) 3263-4512 Jornalistas Ana Paula Motta(31) 3263-7753 Caio T\u00e1rcia(31) 3263-4555 Denise Lucas(31) 3263-4555 Rafael Passos(31) 3263-4444 Tha\u00eds Mota(31) 3263-4568 Trajano Raposo\u00a0(31) 3263-4449 Fotografia Sebasti\u00e3o Jacinto J\u00fanior\u00a0(31) 3263-6851 Estagi\u00e1ria Fernanda Borges(31) [&hellip;]\" \/>\n<meta property=\"og:url\" content=\"https:\/\/www.fiemg.com.br\/sala-de-imprensa\/contatos\/\" \/>\n<meta property=\"og:site_name\" content=\"Sala de imprensa\" \/>\n<meta property=\"article:modified_time\" content=\"2025-02-11T15:03:31+00:00\" \/>\n<meta name=\"twitter:card\" content=\"summary_large_image\" \/>\n<meta name=\"twitter:label1\" content=\"Est. tempo de leitura\" \/>\n\t<meta name=\"twitter:data1\" content=\"1 minuto\" \/>\n<script type=\"application\/ld+json\" class=\"yoast-schema-graph\">{\"@context\":\"https:\\\/\\\/schema.org\",\"@graph\":[{\"@type\":\"WebPage\",\"@id\":\"https:\\\/\\\/www.fiemg.com.br\\\/sala-de-imprensa\\\/contatos\\\/\",\"url\":\"https:\\\/\\\/www.fiemg.com.br\\\/sala-de-imprensa\\\/contatos\\\/\",\"name\":\"Contatos - Sala de imprensa\",\"isPartOf\":{\"@id\":\"https:\\\/\\\/www.fiemg.com.br\\\/sala-de-imprensa\\\/#website\"},\"datePublished\":\"2025-01-16T20:34:14+00:00\",\"dateModified\":\"2025-02-11T15:03:31+00:00\",\"breadcrumb\":{\"@id\":\"https:\\\/\\\/www.fiemg.com.br\\\/sala-de-imprensa\\\/contatos\\\/#breadcrumb\"},\"inLanguage\":\"pt-BR\",\"potentialAction\":[{\"@type\":\"ReadAction\",\"target\":[\"https:\\\/\\\/www.fiemg.com.br\\\/sala-de-imprensa\\\/contatos\\\/\"]}]},{\"@type\":\"BreadcrumbList\",\"@id\":\"https:\\\/\\\/www.fiemg.com.br\\\/sala-de-imprensa\\\/contatos\\\/#breadcrumb\",\"itemListElement\":[{\"@type\":\"ListItem\",\"position\":1,\"name\":\"In\u00edcio\",\"item\":\"https:\\\/\\\/www.fiemg.com.br\\\/sala-de-imprensa\\\/\"},{\"@type\":\"ListItem\",\"position\":2,\"name\":\"Contatos\"}]},{\"@type\":\"WebSite\",\"@id\":\"https:\\\/\\\/www.fiemg.com.br\\\/sala-de-imprensa\\\/#website\",\"url\":\"https:\\\/\\\/www.fiemg.com.br\\\/sala-de-imprensa\\\/\",\"name\":\"Sala de imprensa\",\"description\":\"\",\"publisher\":{\"@id\":\"https:\\\/\\\/www.fiemg.com.br\\\/sala-de-imprensa\\\/#organization\"},\"potentialAction\":[{\"@type\":\"SearchAction\",\"target\":{\"@type\":\"EntryPoint\",\"urlTemplate\":\"https:\\\/\\\/www.fiemg.com.br\\\/sala-de-imprensa\\\/?s={search_term_string}\"},\"query-input\":{\"@type\":\"PropertyValueSpecification\",\"valueRequired\":true,\"valueName\":\"search_term_string\"}}],\"inLanguage\":\"pt-BR\"},{\"@type\":\"Organization\",\"@id\":\"https:\\\/\\\/www.fiemg.com.br\\\/sala-de-imprensa\\\/#organization\",\"name\":\"Sala de imprensa\",\"url\":\"https:\\\/\\\/www.fiemg.com.br\\\/sala-de-imprensa\\\/\",\"logo\":{\"@type\":\"ImageObject\",\"inLanguage\":\"pt-BR\",\"@id\":\"https:\\\/\\\/www.fiemg.com.br\\\/sala-de-imprensa\\\/#\\\/schema\\\/logo\\\/image\\\/\",\"url\":\"https:\\\/\\\/www.fiemg.com.br\\\/sala-de-imprensa\\\/wp-content\\\/uploads\\\/sites\\\/31\\\/2025\\\/01\\\/Sistema-Fiemg_1.svg\",\"contentUrl\":\"https:\\\/\\\/www.fiemg.com.br\\\/sala-de-imprensa\\\/wp-content\\\/uploads\\\/sites\\\/31\\\/2025\\\/01\\\/Sistema-Fiemg_1.svg\",\"width\":472.89,\"height\":238.13,\"caption\":\"Sala de imprensa\"},\"image\":{\"@id\":\"https:\\\/\\\/www.fiemg.com.br\\\/sala-de-imprensa\\\/#\\\/schema\\\/logo\\\/image\\\/\"}}]}<\/script>\n<!-- \/ Yoast SEO plugin. -->","yoast_head_json":{"title":"Contatos - Sala de imprensa","robots":{"index":"index","follow":"follow","max-snippet":"max-snippet:-1","max-image-preview":"max-image-preview:large","max-video-preview":"max-video-preview:-1"},"canonical":"https:\/\/www.fiemg.com.br\/sala-de-imprensa\/contatos\/","og_locale":"pt_BR","og_type":"article","og_title":"Contatos - Sala de imprensa","og_description":"Contatos Contatos da Assessoria de Imprensa: Telefones: (31) 3263-4555(31) 3263-7753 E-mail: jornalismo@fiemg.com.br Whatsapp: (31) 99786-2919 Assessor da Presid\u00eancia Pedro Costa(31) 3263-4446 Ger\u00eancia de ImprensaGerente Talita Boutros(31) 3263-4512 Jornalistas Ana Paula Motta(31) 3263-7753 Caio T\u00e1rcia(31) 3263-4555 Denise Lucas(31) 3263-4555 Rafael Passos(31) 3263-4444 Tha\u00eds Mota(31) 3263-4568 Trajano Raposo\u00a0(31) 3263-4449 Fotografia Sebasti\u00e3o Jacinto J\u00fanior\u00a0(31) 3263-6851 Estagi\u00e1ria Fernanda Borges(31) [&hellip;]","og_url":"https:\/\/www.fiemg.com.br\/sala-de-imprensa\/contatos\/","og_site_name":"Sala de imprensa","article_modified_time":"2025-02-11T15:03:31+00:00","twitter_card":"summary_large_image","twitter_misc":{"Est. tempo de leitura":"1 minuto"},"schema":{"@context":"https:\/\/schema.org","@graph":[{"@type":"WebPage","@id":"https:\/\/www.fiemg.com.br\/sala-de-imprensa\/contatos\/","url":"https:\/\/www.fiemg.com.br\/sala-de-imprensa\/contatos\/","name":"Contatos - Sala de imprensa","isPartOf":{"@id":"https:\/\/www.fiemg.com.br\/sala-de-imprensa\/#website"},"datePublished":"2025-01-16T20:34:14+00:00","dateModified":"2025-02-11T15:03:31+00:00","breadcrumb":{"@id":"https:\/\/www.fiemg.com.br\/sala-de-imprensa\/contatos\/#breadcrumb"},"inLanguage":"pt-BR","potentialAction":[{"@type":"ReadAction","target":["https:\/\/www.fiemg.com.br\/sala-de-imprensa\/contatos\/"]}]},{"@type":"BreadcrumbList","@id":"https:\/\/www.fiemg.com.br\/sala-de-imprensa\/contatos\/#breadcrumb","itemListElement":[{"@type":"ListItem","position":1,"name":"In\u00edcio","item":"https:\/\/www.fiemg.com.br\/sala-de-imprensa\/"},{"@type":"ListItem","position":2,"name":"Contatos"}]},{"@type":"WebSite","@id":"https:\/\/www.fiemg.com.br\/sala-de-imprensa\/#website","url":"https:\/\/www.fiemg.com.br\/sala-de-imprensa\/","name":"Sala de imprensa","description":"","publisher":{"@id":"https:\/\/www.fiemg.com.br\/sala-de-imprensa\/#organization"},"potentialAction":[{"@type":"SearchAction","target":{"@type":"EntryPoint","urlTemplate":"https:\/\/www.fiemg.com.br\/sala-de-imprensa\/?s={search_term_string}"},"query-input":{"@type":"PropertyValueSpecification","valueRequired":true,"valueName":"search_term_string"}}],"inLanguage":"pt-BR"},{"@type":"Organization","@id":"https:\/\/www.fiemg.com.br\/sala-de-imprensa\/#organization","name":"Sala de imprensa","url":"https:\/\/www.fiemg.com.br\/sala-de-imprensa\/","logo":{"@type":"ImageObject","inLanguage":"pt-BR","@id":"https:\/\/www.fiemg.com.br\/sala-de-imprensa\/#\/schema\/logo\/image\/","url":"https:\/\/www.fiemg.com.br\/sala-de-imprensa\/wp-content\/uploads\/sites\/31\/2025\/01\/Sistema-Fiemg_1.svg","contentUrl":"https:\/\/www.fiemg.com.br\/sala-de-imprensa\/wp-content\/uploads\/sites\/31\/2025\/01\/Sistema-Fiemg_1.svg","width":472.89,"height":238.13,"caption":"Sala de imprensa"},"image":{"@id":"https:\/\/www.fiemg.com.br\/sala-de-imprensa\/#\/schema\/logo\/image\/"}}]}},"_links":{"self":[{"href":"https:\/\/www.fiemg.com.br\/sala-de-imprensa\/wp-json\/wp\/v2\/pages\/72","targetHints":{"allow":["GET"]}}],"collection":[{"href":"https:\/\/www.fiemg.com.br\/sala-de-imprensa\/wp-json\/wp\/v2\/pages"}],"about":[{"href":"https:\/\/www.fiemg.com.br\/sala-de-imprensa\/wp-json\/wp\/v2\/types\/page"}],"author":[{"embeddable":true,"href":"https:\/\/www.fiemg.com.br\/sala-de-imprensa\/wp-json\/wp\/v2\/users\/2"}],"replies":[{"embeddable":true,"href":"https:\/\/www.fiemg.com.br\/sala-de-imprensa\/wp-json\/wp\/v2\/comments?post=72"}],"version-history":[{"count":0,"href":"https:\/\/www.fiemg.com.br\/sala-de-imprensa\/wp-json\/wp\/v2\/pages\/72\/revisions"}],"wp:attachment":[{"href":"https:\/\/www.fiemg.com.br\/sala-de-imprensa\/wp-json\/wp\/v2\/media?parent=72"}],"curies":[{"name":"wp","href":"https:\/\/api.w.org\/{rel}","templated":true}]}}