{"id":1729,"date":"2023-07-18T22:24:17","date_gmt":"2023-07-18T22:24:17","guid":{"rendered":"https:\/\/www.fiemg.com.br\/senai\/curso\/tecnico-em-fabricacao-mecanica\/"},"modified":"2023-07-31T15:25:40","modified_gmt":"2023-07-31T15:25:40","slug":"tecnico-em-fabricacao-mecanica","status":"publish","type":"curso","link":"https:\/\/www.fiemg.com.br\/senai\/curso\/tecnico-em-fabricacao-mecanica\/","title":{"rendered":"T\u00e9cnico em Fabrica\u00e7\u00e3o Mec\u00e2nica"},"content":{"rendered":"<p>@page { margin: 2cm }<br \/>\n\t\tP { margin-bottom: 0.21cm }<\/p>\n<p align=\"JUSTIFY\"><strong>A profiss\u00e3o:<\/strong>\u00a0O t\u00e9cnico de FABRICA\u00c7\u00c3O MEC\u00c2NICA \u00e9 o profissional que participa do projeto, planejamento, supervis\u00e3o e controle dos processos de transforma\u00e7\u00e3o de materiais em pe\u00e7as diversas, elabora esbo\u00e7os e desenhos, acompanha testes de durabilidade e desempenho de materiais e pe\u00e7as, executando medi\u00e7\u00f5es dos servi\u00e7os e providenciando medidas de preven\u00e7\u00e3o de acidentes.<\/p>\n<p style=\"text-align: justify\" align=\"JUSTIFY\"><strong>Atividades Relacionadas:\u00a0<\/strong><\/p>\n<p style=\"text-align: justify\" align=\"JUSTIFY\">\u2022 Participar do projeto, planejamento, supervis\u00e3o e controle das atividades\u00a0de soldagem e usinagem.<br \/>\n\u2022 Selecionar e especificar ferramentas para os processos produtivos de\u00a0soldagem e usinagem.<br \/>\n\u2022 Aplicar t\u00e9cnicas de medi\u00e7\u00e3o e ensaios.<br \/>\n\u2022 Especificar materiais e insumos aplicados aos processos de soldagem e\u00a0usinagem, de acordo com normas t\u00e9cnicas, de qualidade e legisla\u00e7\u00f5es\u00a0ambiental, trabalhista e de sa\u00fade e seguran\u00e7a no trabalho.<\/p>\n<p style=\"text-align: justify\" align=\"JUSTIFY\"><strong>\u00c1rea de Atua\u00e7\u00e3o:<\/strong><\/p>\n<p style=\"text-align: justify\" align=\"JUSTIFY\">\u2022 Ind\u00fastrias de metalmec\u00e2nica e materiais.<br \/>\n\u2022 Oficinas de manuten\u00e7\u00e3o mec\u00e2nica industrial.<br \/>\n\u2022 Empresas de Fundi\u00e7\u00e3o, soldagem, usinagem e fresagem.<br \/>\n\u2022 Empresas que demandem confec\u00e7\u00e3o de desenho mec\u00e2nico.<\/p>\n<p style=\"text-align: justify\" align=\"JUSTIFY\"><strong>M\u00e9dia Salarial:<\/strong> R$ 4.566,43 (podendo variar de acordo com a regi\u00e3o do pa\u00eds)<\/p>\n<p style=\"text-align: justify\" align=\"JUSTIFY\"><strong>O que \u00e9 o curso:<\/strong>\u00a0Este curso atua para o preparo no planejamento, controle e opera\u00e7\u00e3o de sistemas de fabrica\u00e7\u00e3o mec\u00e2nica. Entre as habilidades ensinadas est\u00e3o fundi\u00e7\u00e3o, usinagem, soldagem, interpreta\u00e7\u00e3o de desenho t\u00e9cnico e o conhecimento das ferramentas.<\/p>\n<p style=\"text-align: justify\" align=\"JUSTIFY\"><strong>Objetivos:<\/strong>\u00a0Participar do planejamento de sistemas de fabrica\u00e7\u00e3o mec\u00e2nica, operacionalizar e coordenar seus processos, considerando custos operacionais e especifica\u00e7\u00f5es do projeto, de acordo com normas t\u00e9cnicas de qualidade, legisla\u00e7\u00e3o ambiental, trabalhista, de sa\u00fade e seguran\u00e7a no trabalho.<\/p>\n<p style=\"text-align: justify\" align=\"JUSTIFY\"><strong>Compet\u00eancias:\u00a0<\/strong>Formar profissional com habilita\u00e7\u00e3o T\u00e9cnica de N\u00edvel M\u00e9dio em T\u00e9cnico em Fabrica\u00e7\u00e3o Mec\u00e2nica capaz de participar do planejamento e controle dos processos de soldagem e usinagem, preparando e operando as m\u00e1quinas, atuando em equipes multifuncionais, aplicando t\u00e9cnicas de otimiza\u00e7\u00e3o dos processos de acordo com normas t\u00e9cnicas, ambientais, de qualidade, de sa\u00fade e seguran\u00e7a do trabalho.<\/p>\n<p style=\"text-align: justify\" align=\"JUSTIFY\"><strong>Escolaridade M\u00ednima:<\/strong>\u00a0Estar estudando ou j\u00e1 ter conclu\u00eddo o ensino m\u00e9dio.\u00a0Cursando ou ter conclu\u00eddo o ensino m\u00e9dio<\/p>\n<p style=\"text-align: justify\" align=\"JUSTIFY\"><strong>Carga hor\u00e1ria<\/strong><strong>:<\/strong> 1200 horas<\/p>\n","protected":false},"featured_media":2123,"template":"","qualificacao":[],"cidade":[],"tipo_de_curso":[],"area_de_estudo":[],"class_list":["post-1729","curso","type-curso","status-publish","has-post-thumbnail","hentry"],"acf":[],"yoast_head":"<!-- This site is optimized with the Yoast SEO plugin v26.2 - https:\/\/yoast.com\/wordpress\/plugins\/seo\/ -->\n<title>T\u00e9cnico em Fabrica\u00e7\u00e3o Mec\u00e2nica - SENAI<\/title>\n<meta name=\"robots\" content=\"index, follow, max-snippet:-1, max-image-preview:large, max-video-preview:-1\" \/>\n<link rel=\"canonical\" href=\"https:\/\/www.fiemg.com.br\/senai\/curso\/tecnico-em-fabricacao-mecanica\/\" \/>\n<meta property=\"og:locale\" content=\"pt_BR\" \/>\n<meta property=\"og:type\" content=\"article\" \/>\n<meta property=\"og:title\" content=\"T\u00e9cnico em Fabrica\u00e7\u00e3o Mec\u00e2nica - SENAI\" \/>\n<meta property=\"og:description\" content=\"@page { margin: 2cm } P { margin-bottom: 0.21cm } A profiss\u00e3o:\u00a0O t\u00e9cnico de FABRICA\u00c7\u00c3O MEC\u00c2NICA \u00e9 o profissional que participa do projeto, planejamento, supervis\u00e3o e controle dos processos de transforma\u00e7\u00e3o de materiais em pe\u00e7as diversas, elabora esbo\u00e7os e desenhos, acompanha testes de durabilidade e desempenho de materiais e pe\u00e7as, executando medi\u00e7\u00f5es dos servi\u00e7os e [&hellip;]\" \/>\n<meta property=\"og:url\" content=\"https:\/\/www.fiemg.com.br\/senai\/curso\/tecnico-em-fabricacao-mecanica\/\" \/>\n<meta property=\"og:site_name\" content=\"SENAI\" \/>\n<meta property=\"article:modified_time\" content=\"2023-07-31T15:25:40+00:00\" \/>\n<meta property=\"og:image\" content=\"https:\/\/www.fiemg.com.br\/senai\/wp-content\/uploads\/sites\/12\/2023\/07\/default.png\" \/>\n\t<meta property=\"og:image:width\" content=\"300\" \/>\n\t<meta property=\"og:image:height\" content=\"300\" \/>\n\t<meta property=\"og:image:type\" content=\"image\/png\" \/>\n<meta name=\"twitter:card\" content=\"summary_large_image\" \/>\n<meta name=\"twitter:label1\" content=\"Est. tempo de leitura\" \/>\n\t<meta name=\"twitter:data1\" content=\"2 minutos\" \/>\n<script type=\"application\/ld+json\" class=\"yoast-schema-graph\">{\"@context\":\"https:\/\/schema.org\",\"@graph\":[{\"@type\":\"WebPage\",\"@id\":\"https:\/\/www.fiemg.com.br\/senai\/curso\/tecnico-em-fabricacao-mecanica\/\",\"url\":\"https:\/\/www.fiemg.com.br\/senai\/curso\/tecnico-em-fabricacao-mecanica\/\",\"name\":\"T\u00e9cnico em Fabrica\u00e7\u00e3o Mec\u00e2nica - SENAI\",\"isPartOf\":{\"@id\":\"https:\/\/www.fiemg.com.br\/senai\/#website\"},\"primaryImageOfPage\":{\"@id\":\"https:\/\/www.fiemg.com.br\/senai\/curso\/tecnico-em-fabricacao-mecanica\/#primaryimage\"},\"image\":{\"@id\":\"https:\/\/www.fiemg.com.br\/senai\/curso\/tecnico-em-fabricacao-mecanica\/#primaryimage\"},\"thumbnailUrl\":\"https:\/\/www.fiemg.com.br\/senai\/wp-content\/uploads\/sites\/12\/2023\/08\/default.png\",\"datePublished\":\"2023-07-18T22:24:17+00:00\",\"dateModified\":\"2023-07-31T15:25:40+00:00\",\"breadcrumb\":{\"@id\":\"https:\/\/www.fiemg.com.br\/senai\/curso\/tecnico-em-fabricacao-mecanica\/#breadcrumb\"},\"inLanguage\":\"pt-BR\",\"potentialAction\":[{\"@type\":\"ReadAction\",\"target\":[\"https:\/\/www.fiemg.com.br\/senai\/curso\/tecnico-em-fabricacao-mecanica\/\"]}]},{\"@type\":\"ImageObject\",\"inLanguage\":\"pt-BR\",\"@id\":\"https:\/\/www.fiemg.com.br\/senai\/curso\/tecnico-em-fabricacao-mecanica\/#primaryimage\",\"url\":\"https:\/\/www.fiemg.com.br\/senai\/wp-content\/uploads\/sites\/12\/2023\/08\/default.png\",\"contentUrl\":\"https:\/\/www.fiemg.com.br\/senai\/wp-content\/uploads\/sites\/12\/2023\/08\/default.png\",\"width\":300,\"height\":300},{\"@type\":\"BreadcrumbList\",\"@id\":\"https:\/\/www.fiemg.com.br\/senai\/curso\/tecnico-em-fabricacao-mecanica\/#breadcrumb\",\"itemListElement\":[{\"@type\":\"ListItem\",\"position\":1,\"name\":\"In\u00edcio\",\"item\":\"https:\/\/www.fiemg.com.br\/senai\/\"},{\"@type\":\"ListItem\",\"position\":2,\"name\":\"T\u00e9cnico em Fabrica\u00e7\u00e3o Mec\u00e2nica\"}]},{\"@type\":\"WebSite\",\"@id\":\"https:\/\/www.fiemg.com.br\/senai\/#website\",\"url\":\"https:\/\/www.fiemg.com.br\/senai\/\",\"name\":\"SENAI\",\"description\":\"Federa\u00e7\u00e3o das Ind\u00fastrias do Estado de Minas Gerais\",\"potentialAction\":[{\"@type\":\"SearchAction\",\"target\":{\"@type\":\"EntryPoint\",\"urlTemplate\":\"https:\/\/www.fiemg.com.br\/senai\/?s={search_term_string}\"},\"query-input\":{\"@type\":\"PropertyValueSpecification\",\"valueRequired\":true,\"valueName\":\"search_term_string\"}}],\"inLanguage\":\"pt-BR\"}]}<\/script>\n<!-- \/ Yoast SEO plugin. -->","yoast_head_json":{"title":"T\u00e9cnico em Fabrica\u00e7\u00e3o Mec\u00e2nica - SENAI","robots":{"index":"index","follow":"follow","max-snippet":"max-snippet:-1","max-image-preview":"max-image-preview:large","max-video-preview":"max-video-preview:-1"},"canonical":"https:\/\/www.fiemg.com.br\/senai\/curso\/tecnico-em-fabricacao-mecanica\/","og_locale":"pt_BR","og_type":"article","og_title":"T\u00e9cnico em Fabrica\u00e7\u00e3o Mec\u00e2nica - SENAI","og_description":"@page { margin: 2cm } P { margin-bottom: 0.21cm } A profiss\u00e3o:\u00a0O t\u00e9cnico de FABRICA\u00c7\u00c3O MEC\u00c2NICA \u00e9 o profissional que participa do projeto, planejamento, supervis\u00e3o e controle dos processos de transforma\u00e7\u00e3o de materiais em pe\u00e7as diversas, elabora esbo\u00e7os e desenhos, acompanha testes de durabilidade e desempenho de materiais e pe\u00e7as, executando medi\u00e7\u00f5es dos servi\u00e7os e [&hellip;]","og_url":"https:\/\/www.fiemg.com.br\/senai\/curso\/tecnico-em-fabricacao-mecanica\/","og_site_name":"SENAI","article_modified_time":"2023-07-31T15:25:40+00:00","og_image":[{"width":300,"height":300,"url":"https:\/\/www.fiemg.com.br\/senai\/wp-content\/uploads\/sites\/12\/2023\/07\/default.png","type":"image\/png"}],"twitter_card":"summary_large_image","twitter_misc":{"Est. tempo de leitura":"2 minutos"},"schema":{"@context":"https:\/\/schema.org","@graph":[{"@type":"WebPage","@id":"https:\/\/www.fiemg.com.br\/senai\/curso\/tecnico-em-fabricacao-mecanica\/","url":"https:\/\/www.fiemg.com.br\/senai\/curso\/tecnico-em-fabricacao-mecanica\/","name":"T\u00e9cnico em Fabrica\u00e7\u00e3o Mec\u00e2nica - SENAI","isPartOf":{"@id":"https:\/\/www.fiemg.com.br\/senai\/#website"},"primaryImageOfPage":{"@id":"https:\/\/www.fiemg.com.br\/senai\/curso\/tecnico-em-fabricacao-mecanica\/#primaryimage"},"image":{"@id":"https:\/\/www.fiemg.com.br\/senai\/curso\/tecnico-em-fabricacao-mecanica\/#primaryimage"},"thumbnailUrl":"https:\/\/www.fiemg.com.br\/senai\/wp-content\/uploads\/sites\/12\/2023\/08\/default.png","datePublished":"2023-07-18T22:24:17+00:00","dateModified":"2023-07-31T15:25:40+00:00","breadcrumb":{"@id":"https:\/\/www.fiemg.com.br\/senai\/curso\/tecnico-em-fabricacao-mecanica\/#breadcrumb"},"inLanguage":"pt-BR","potentialAction":[{"@type":"ReadAction","target":["https:\/\/www.fiemg.com.br\/senai\/curso\/tecnico-em-fabricacao-mecanica\/"]}]},{"@type":"ImageObject","inLanguage":"pt-BR","@id":"https:\/\/www.fiemg.com.br\/senai\/curso\/tecnico-em-fabricacao-mecanica\/#primaryimage","url":"https:\/\/www.fiemg.com.br\/senai\/wp-content\/uploads\/sites\/12\/2023\/08\/default.png","contentUrl":"https:\/\/www.fiemg.com.br\/senai\/wp-content\/uploads\/sites\/12\/2023\/08\/default.png","width":300,"height":300},{"@type":"BreadcrumbList","@id":"https:\/\/www.fiemg.com.br\/senai\/curso\/tecnico-em-fabricacao-mecanica\/#breadcrumb","itemListElement":[{"@type":"ListItem","position":1,"name":"In\u00edcio","item":"https:\/\/www.fiemg.com.br\/senai\/"},{"@type":"ListItem","position":2,"name":"T\u00e9cnico em Fabrica\u00e7\u00e3o Mec\u00e2nica"}]},{"@type":"WebSite","@id":"https:\/\/www.fiemg.com.br\/senai\/#website","url":"https:\/\/www.fiemg.com.br\/senai\/","name":"SENAI","description":"Federa\u00e7\u00e3o das Ind\u00fastrias do Estado de Minas Gerais","potentialAction":[{"@type":"SearchAction","target":{"@type":"EntryPoint","urlTemplate":"https:\/\/www.fiemg.com.br\/senai\/?s={search_term_string}"},"query-input":{"@type":"PropertyValueSpecification","valueRequired":true,"valueName":"search_term_string"}}],"inLanguage":"pt-BR"}]}},"_links":{"self":[{"href":"https:\/\/www.fiemg.com.br\/senai\/wp-json\/wp\/v2\/curso\/1729","targetHints":{"allow":["GET"]}}],"collection":[{"href":"https:\/\/www.fiemg.com.br\/senai\/wp-json\/wp\/v2\/curso"}],"about":[{"href":"https:\/\/www.fiemg.com.br\/senai\/wp-json\/wp\/v2\/types\/curso"}],"wp:featuredmedia":[{"embeddable":true,"href":"https:\/\/www.fiemg.com.br\/senai\/wp-json\/wp\/v2\/media\/2123"}],"wp:attachment":[{"href":"https:\/\/www.fiemg.com.br\/senai\/wp-json\/wp\/v2\/media?parent=1729"}],"wp:term":[{"taxonomy":"qualificacao","embeddable":true,"href":"https:\/\/www.fiemg.com.br\/senai\/wp-json\/wp\/v2\/qualificacao?post=1729"},{"taxonomy":"cidade","embeddable":true,"href":"https:\/\/www.fiemg.com.br\/senai\/wp-json\/wp\/v2\/cidade?post=1729"},{"taxonomy":"tipo_de_curso","embeddable":true,"href":"https:\/\/www.fiemg.com.br\/senai\/wp-json\/wp\/v2\/tipo_de_curso?post=1729"},{"taxonomy":"area_de_estudo","embeddable":true,"href":"https:\/\/www.fiemg.com.br\/senai\/wp-json\/wp\/v2\/area_de_estudo?post=1729"}],"curies":[{"name":"wp","href":"https:\/\/api.w.org\/{rel}","templated":true}]}}

Técnico em Fabricação Mecânica

<p>@page { margin: 2cm }<br />
		P { margin-bottom: 0.21cm }</p>
<p align="JUSTIFY"><strong>A profissão:</strong> O técnico de FABRICAÇÃO MECÂNICA é o profissional que participa do projeto, planejamento, supervisão e controle dos processos de transformação de materiais em peças diversas, elabora esboços e desenhos, acompanha testes de durabilidade e desempenho de materiais e peças, executando medições dos serviços e providenciando medidas de prevenção de acidentes.</p>
<p style="text-align: justify" align="JUSTIFY"><strong>Atividades Relacionadas: </strong></p>
<p style="text-align: justify" align="JUSTIFY">• Participar do projeto, planejamento, supervisão e controle das atividades de soldagem e usinagem.<br />
• Selecionar e especificar ferramentas para os processos produtivos de soldagem e usinagem.<br />
• Aplicar técnicas de medição e ensaios.<br />
• Especificar materiais e insumos aplicados aos processos de soldagem e usinagem, de acordo com normas técnicas, de qualidade e legislações ambiental, trabalhista e de saúde e segurança no trabalho.</p>
<p style="text-align: justify" align="JUSTIFY"><strong>Área de Atuação:</strong></p>
<p style="text-align: justify" align="JUSTIFY">• Indústrias de metalmecânica e materiais.<br />
• Oficinas de manutenção mecânica industrial.<br />
• Empresas de Fundição, soldagem, usinagem e fresagem.<br />
• Empresas que demandem confecção de desenho mecânico.</p>
<p style="text-align: justify" align="JUSTIFY"><strong>Média Salarial:</strong> R$ 4.566,43 (podendo variar de acordo com a região do país)</p>
<p style="text-align: justify" align="JUSTIFY"><strong>O que é o curso:</strong> Este curso atua para o preparo no planejamento, controle e operação de sistemas de fabricação mecânica. Entre as habilidades ensinadas estão fundição, usinagem, soldagem, interpretação de desenho técnico e o conhecimento das ferramentas.</p>
<p style="text-align: justify" align="JUSTIFY"><strong>Objetivos:</strong> Participar do planejamento de sistemas de fabricação mecânica, operacionalizar e coordenar seus processos, considerando custos operacionais e especificações do projeto, de acordo com normas técnicas de qualidade, legislação ambiental, trabalhista, de saúde e segurança no trabalho.</p>
<p style="text-align: justify" align="JUSTIFY"><strong>Competências: </strong>Formar profissional com habilitação Técnica de Nível Médio em Técnico em Fabricação Mecânica capaz de participar do planejamento e controle dos processos de soldagem e usinagem, preparando e operando as máquinas, atuando em equipes multifuncionais, aplicando técnicas de otimização dos processos de acordo com normas técnicas, ambientais, de qualidade, de saúde e segurança do trabalho.</p>
<p style="text-align: justify" align="JUSTIFY"><strong>Escolaridade Mínima:</strong> Estar estudando ou já ter concluído o ensino médio. Cursando ou ter concluído o ensino médio</p>
<p style="text-align: justify" align="JUSTIFY"><strong>Carga horária</strong><strong>:</strong> 1200 horas</p>

<!-- This site is optimized with the Yoast SEO plugin v26.2 - https://yoast.com/wordpress/plugins/seo/ -->
<title>Técnico em Fabricação Mecânica - SENAI</title>
<meta name="robots" content="index, follow, max-snippet:-1, max-image-preview:large, max-video-preview:-1" />
<link rel="canonical" href="https://www.fiemg.com.br/senai/curso/tecnico-em-fabricacao-mecanica/" />
<meta property="og:locale" content="pt_BR" />
<meta property="og:type" content="article" />
<meta property="og:title" content="Técnico em Fabricação Mecânica - SENAI" />
<meta property="og:description" content="@page { margin: 2cm } P { margin-bottom: 0.21cm } A profissão: O técnico de FABRICAÇÃO MECÂNICA é o profissional que participa do projeto, planejamento, supervisão e controle dos processos de transformação de materiais em peças diversas, elabora esboços e desenhos, acompanha testes de durabilidade e desempenho de materiais e peças, executando medições dos serviços e [&hellip;]" />
<meta property="og:url" content="https://www.fiemg.com.br/senai/curso/tecnico-em-fabricacao-mecanica/" />
<meta property="og:site_name" content="SENAI" />
<meta property="article:modified_time" content="2023-07-31T15:25:40+00:00" />
<meta property="og:image" content="https://www.fiemg.com.br/senai/wp-content/uploads/sites/12/2023/07/default.png" />
	<meta property="og:image:width" content="300" />
	<meta property="og:image:height" content="300" />
	<meta property="og:image:type" content="image/png" />
<meta name="twitter:card" content="summary_large_image" />
<meta name="twitter:label1" content="Est. tempo de leitura" />
	<meta name="twitter:data1" content="2 minutos" />
<script type="application/ld+json" class="yoast-schema-graph">{"@context":"https://schema.org","@graph":[{"@type":"WebPage","@id":"https://www.fiemg.com.br/senai/curso/tecnico-em-fabricacao-mecanica/","url":"https://www.fiemg.com.br/senai/curso/tecnico-em-fabricacao-mecanica/","name":"Técnico em Fabricação Mecânica - SENAI","isPartOf":{"@id":"https://www.fiemg.com.br/senai/#website"},"primaryImageOfPage":{"@id":"https://www.fiemg.com.br/senai/curso/tecnico-em-fabricacao-mecanica/#primaryimage"},"image":{"@id":"https://www.fiemg.com.br/senai/curso/tecnico-em-fabricacao-mecanica/#primaryimage"},"thumbnailUrl":"https://www.fiemg.com.br/senai/wp-content/uploads/sites/12/2023/08/default.png","datePublished":"2023-07-18T22:24:17+00:00","dateModified":"2023-07-31T15:25:40+00:00","breadcrumb":{"@id":"https://www.fiemg.com.br/senai/curso/tecnico-em-fabricacao-mecanica/#breadcrumb"},"inLanguage":"pt-BR","potentialAction":[{"@type":"ReadAction","target":["https://www.fiemg.com.br/senai/curso/tecnico-em-fabricacao-mecanica/"]}]},{"@type":"ImageObject","inLanguage":"pt-BR","@id":"https://www.fiemg.com.br/senai/curso/tecnico-em-fabricacao-mecanica/#primaryimage","url":"https://www.fiemg.com.br/senai/wp-content/uploads/sites/12/2023/08/default.png","contentUrl":"https://www.fiemg.com.br/senai/wp-content/uploads/sites/12/2023/08/default.png","width":300,"height":300},{"@type":"BreadcrumbList","@id":"https://www.fiemg.com.br/senai/curso/tecnico-em-fabricacao-mecanica/#breadcrumb","itemListElement":[{"@type":"ListItem","position":1,"name":"Início","item":"https://www.fiemg.com.br/senai/"},{"@type":"ListItem","position":2,"name":"Técnico em Fabricação Mecânica"}]},{"@type":"WebSite","@id":"https://www.fiemg.com.br/senai/#website","url":"https://www.fiemg.com.br/senai/","name":"SENAI","description":"Federação das Indústrias do Estado de Minas Gerais","potentialAction":[{"@type":"SearchAction","target":{"@type":"EntryPoint","urlTemplate":"https://www.fiemg.com.br/senai/?s={search_term_string}"},"query-input":{"@type":"PropertyValueSpecification","valueRequired":true,"valueName":"search_term_string"}}],"inLanguage":"pt-BR"}]}</script>
<!-- / Yoast SEO plugin. -->

Técnico em Fabricação Mecânica - SENAI

@page { margin: 2cm } P { margin-bottom: 0.21cm } A profissão: O técnico de FABRICAÇÃO MECÂNICA é o profissional que participa do projeto, planejamento, supervisão e controle dos processos de transformação de materiais em peças diversas, elabora esboços e desenhos, acompanha testes de durabilidade e desempenho de materiais e peças, executando medições dos serviços e [&hellip;]

Início

Federação das Indústrias do Estado de Minas Gerais
