{"id":1740,"date":"2023-07-18T22:24:17","date_gmt":"2023-07-18T22:24:17","guid":{"rendered":"https:\/\/www.fiemg.com.br\/senai\/curso\/tecnico-em-alimentos\/"},"modified":"2023-07-31T15:29:43","modified_gmt":"2023-07-31T15:29:43","slug":"tecnico-em-alimentos","status":"publish","type":"curso","link":"https:\/\/www.fiemg.com.br\/senai\/curso\/tecnico-em-alimentos\/","title":{"rendered":"T\u00e9cnico em Alimentos"},"content":{"rendered":"<p><strong style=\"text-align: justify\">A profiss\u00e3o<\/strong><\/p>\n<p><span style=\"text-align: justify\">O t\u00e9cnico em ALIMENTOS \u00e9 o profissional capacitado para atuar tanto no processamento e conserva\u00e7\u00e3o de mat\u00e9rias-primas, produtos e subprodutos da ind\u00fastria aliment\u00edcia e de bebidas, quanto na realiza\u00e7\u00e3o de an\u00e1lises laboratoriais e sensoriais. Auxiliar no planejamento, coordena\u00e7\u00e3o e controle de atividades da \u00e1rea de atua\u00e7\u00e3o e desenvolvimento de novos produtos e processos tamb\u00e9m s\u00e3o atribui\u00e7\u00f5es que podem ser exercidas pelo t\u00e9cnico em Alimentos.<\/span><\/p>\n<p style=\"text-align: justify\" align=\"JUSTIFY\"><strong>Atividades Relacionadas<\/strong><\/p>\n<p style=\"text-align: justify\" align=\"JUSTIFY\">\u2022 Processar alimentos de origem animal e vegetal, dentro dos princ\u00edpios de conserva\u00e7\u00e3o dos alimentos.<br \/>\n\u2022 Implantar programas de seguran\u00e7a alimentar: BPF\u2013Boas Pr\u00e1ticas de Fabrica\u00e7\u00e3o e APPCC-An\u00e1lise dos Perigos e Pontos Cr\u00edticos de Controle.<br \/>\n\u2022 Aplicar princ\u00edpios de seguran\u00e7a industrial e gest\u00e3o ambiental.<br \/>\n\u2022 Realizar an\u00e1lises laboratoriais, f\u00edsico-qu\u00edmicas e microbiol\u00f3gicas em alimentos, efluentes e res\u00edduos industriais.<br \/>\n\u2022 Compreender as regulamenta\u00e7\u00f5es governamentais requeridas para a fabrica\u00e7\u00e3o e comercializa\u00e7\u00e3o de produtos aliment\u00edcios.<br \/>\n\u2022 Aplicar princ\u00edpios de estat\u00edstica em ci\u00eancia dos alimentos.<\/p>\n<p style=\"text-align: justify\" align=\"JUSTIFY\"><strong>\u00c1rea de Atua\u00e7\u00e3o<\/strong><\/p>\n<p style=\"text-align: justify\" align=\"JUSTIFY\">\u2022 Ind\u00fastrias de alimentos e bebidas.<br \/>\n\u2022 Entrepostos de armazenamento e beneficiamento.<br \/>\n\u2022 Laborat\u00f3rios, institutos de pesquisa e consultoria.<br \/>\n\u2022 \u00d3rg\u00e3os de fiscaliza\u00e7\u00e3o sanit\u00e1ria e prote\u00e7\u00e3o ao consumidor.<br \/>\n\u2022 Ind\u00fastria de insumos para processos e produtos.<br \/>\n\u2022 Esta\u00e7\u00f5es de tratamento de \u00e1gua e res\u00edduos.<br \/>\n\u2022 Restaurantes e\/ou cozinhas industriais.<br \/>\n\u2022 Estabelecimentos de ensino na \u00e1rea de alimentos.<br \/>\n\u2022 Empreendimento pr\u00f3prio na \u00e1rea de alimentos.<\/p>\n<p style=\"text-align: justify\" align=\"JUSTIFY\"><strong>O que \u00e9 o curso<\/strong><\/p>\n<p style=\"text-align: justify\" align=\"JUSTIFY\">No curso de T\u00e9cnico em Alimentos do SENAI o aluno vai desenvolver compet\u00eancias para trabalhar com os desenvolvimento dos processos produtivos de alimentos, ser\u00e1 capaz de avaliar a qualidade das mat\u00e9rias-primas, dos insumos e dos produtos aliment\u00edcios, al\u00e9m de implementar sistemas de gest\u00e3o.<\/p>\n<p style=\"text-align: justify\" align=\"JUSTIFY\"><strong>Objetivos<\/strong><\/p>\n<p style=\"text-align: justify\" align=\"JUSTIFY\">Coordenar o desenvolvimento dos processos produtivos de alimentos seguros, avaliar a qualidade das mat\u00e9rias-primas, dos insumos, dos processos e dos produtos aliment\u00edcios, e, ainda, implementar sistemas de gest\u00e3o, de acordo com normas e legisla\u00e7\u00f5es sanit\u00e1rias, ambientais, de sa\u00fade, higiene e seguran\u00e7a no trabalho, e da qualidade.<\/p>\n<p style=\"text-align: justify\" align=\"JUSTIFY\"><strong>Compet\u00eancias<\/strong><\/p>\n<p style=\"text-align: justify\" align=\"JUSTIFY\">Formar profissional com habilita\u00e7\u00e3o T\u00e9cnica de N\u00edvel M\u00e9dio em Alimentos para atuar nos diversos segmentos do mercado, tais como: Ind\u00fastrias de alimentos e bebidas, entrepostos de armazenamento e beneficiamento, laborat\u00f3rios, institutos de pesquisa e consultoria, \u00f3rg\u00e3os de fiscaliza\u00e7\u00e3o sanit\u00e1ria e prote\u00e7\u00e3o ao consumidor, ind\u00fastria de insumos para processos e produtos.<\/p>\n<p style=\"text-align: justify\" align=\"JUSTIFY\"><strong>Escolaridade M\u00ednima<\/strong><\/p>\n<p style=\"text-align: justify\" align=\"JUSTIFY\">Estar cursando, no m\u00ednimo, o 2\u00ba ano do ensino me\u0301dio ou ter o ensino me\u0301dio conclui\u0301do.<\/p>\n<p style=\"text-align: justify\" align=\"JUSTIFY\"><strong>Carga Hor\u00e1ria<\/strong><\/p>\n<p style=\"text-align: justify\" align=\"JUSTIFY\">1200 horas<\/p>\n","protected":false},"featured_media":2123,"template":"","qualificacao":[],"cidade":[],"tipo_de_curso":[],"area_de_estudo":[],"class_list":["post-1740","curso","type-curso","status-publish","has-post-thumbnail","hentry"],"acf":[],"yoast_head":"<!-- This site is optimized with the Yoast SEO plugin v26.2 - https:\/\/yoast.com\/wordpress\/plugins\/seo\/ -->\n<title>T\u00e9cnico em Alimentos - SENAI<\/title>\n<meta name=\"robots\" content=\"index, follow, max-snippet:-1, max-image-preview:large, max-video-preview:-1\" \/>\n<link rel=\"canonical\" href=\"https:\/\/www.fiemg.com.br\/senai\/curso\/tecnico-em-alimentos\/\" \/>\n<meta property=\"og:locale\" content=\"pt_BR\" \/>\n<meta property=\"og:type\" content=\"article\" \/>\n<meta property=\"og:title\" content=\"T\u00e9cnico em Alimentos - SENAI\" \/>\n<meta property=\"og:description\" content=\"A profiss\u00e3o O t\u00e9cnico em ALIMENTOS \u00e9 o profissional capacitado para atuar tanto no processamento e conserva\u00e7\u00e3o de mat\u00e9rias-primas, produtos e subprodutos da ind\u00fastria aliment\u00edcia e de bebidas, quanto na realiza\u00e7\u00e3o de an\u00e1lises laboratoriais e sensoriais. Auxiliar no planejamento, coordena\u00e7\u00e3o e controle de atividades da \u00e1rea de atua\u00e7\u00e3o e desenvolvimento de novos produtos e processos [&hellip;]\" \/>\n<meta property=\"og:url\" content=\"https:\/\/www.fiemg.com.br\/senai\/curso\/tecnico-em-alimentos\/\" \/>\n<meta property=\"og:site_name\" content=\"SENAI\" \/>\n<meta property=\"article:modified_time\" content=\"2023-07-31T15:29:43+00:00\" \/>\n<meta property=\"og:image\" content=\"https:\/\/www.fiemg.com.br\/senai\/wp-content\/uploads\/sites\/12\/2023\/07\/default.png\" \/>\n\t<meta property=\"og:image:width\" content=\"300\" \/>\n\t<meta property=\"og:image:height\" content=\"300\" \/>\n\t<meta property=\"og:image:type\" content=\"image\/png\" \/>\n<meta name=\"twitter:card\" content=\"summary_large_image\" \/>\n<meta name=\"twitter:label1\" content=\"Est. tempo de leitura\" \/>\n\t<meta name=\"twitter:data1\" content=\"3 minutos\" \/>\n<script type=\"application\/ld+json\" class=\"yoast-schema-graph\">{\"@context\":\"https:\/\/schema.org\",\"@graph\":[{\"@type\":\"WebPage\",\"@id\":\"https:\/\/www.fiemg.com.br\/senai\/curso\/tecnico-em-alimentos\/\",\"url\":\"https:\/\/www.fiemg.com.br\/senai\/curso\/tecnico-em-alimentos\/\",\"name\":\"T\u00e9cnico em Alimentos - SENAI\",\"isPartOf\":{\"@id\":\"https:\/\/www.fiemg.com.br\/senai\/#website\"},\"primaryImageOfPage\":{\"@id\":\"https:\/\/www.fiemg.com.br\/senai\/curso\/tecnico-em-alimentos\/#primaryimage\"},\"image\":{\"@id\":\"https:\/\/www.fiemg.com.br\/senai\/curso\/tecnico-em-alimentos\/#primaryimage\"},\"thumbnailUrl\":\"https:\/\/www.fiemg.com.br\/senai\/wp-content\/uploads\/sites\/12\/2023\/08\/default.png\",\"datePublished\":\"2023-07-18T22:24:17+00:00\",\"dateModified\":\"2023-07-31T15:29:43+00:00\",\"breadcrumb\":{\"@id\":\"https:\/\/www.fiemg.com.br\/senai\/curso\/tecnico-em-alimentos\/#breadcrumb\"},\"inLanguage\":\"pt-BR\",\"potentialAction\":[{\"@type\":\"ReadAction\",\"target\":[\"https:\/\/www.fiemg.com.br\/senai\/curso\/tecnico-em-alimentos\/\"]}]},{\"@type\":\"ImageObject\",\"inLanguage\":\"pt-BR\",\"@id\":\"https:\/\/www.fiemg.com.br\/senai\/curso\/tecnico-em-alimentos\/#primaryimage\",\"url\":\"https:\/\/www.fiemg.com.br\/senai\/wp-content\/uploads\/sites\/12\/2023\/08\/default.png\",\"contentUrl\":\"https:\/\/www.fiemg.com.br\/senai\/wp-content\/uploads\/sites\/12\/2023\/08\/default.png\",\"width\":300,\"height\":300},{\"@type\":\"BreadcrumbList\",\"@id\":\"https:\/\/www.fiemg.com.br\/senai\/curso\/tecnico-em-alimentos\/#breadcrumb\",\"itemListElement\":[{\"@type\":\"ListItem\",\"position\":1,\"name\":\"In\u00edcio\",\"item\":\"https:\/\/www.fiemg.com.br\/senai\/\"},{\"@type\":\"ListItem\",\"position\":2,\"name\":\"T\u00e9cnico em Alimentos\"}]},{\"@type\":\"WebSite\",\"@id\":\"https:\/\/www.fiemg.com.br\/senai\/#website\",\"url\":\"https:\/\/www.fiemg.com.br\/senai\/\",\"name\":\"SENAI\",\"description\":\"Federa\u00e7\u00e3o das Ind\u00fastrias do Estado de Minas Gerais\",\"potentialAction\":[{\"@type\":\"SearchAction\",\"target\":{\"@type\":\"EntryPoint\",\"urlTemplate\":\"https:\/\/www.fiemg.com.br\/senai\/?s={search_term_string}\"},\"query-input\":{\"@type\":\"PropertyValueSpecification\",\"valueRequired\":true,\"valueName\":\"search_term_string\"}}],\"inLanguage\":\"pt-BR\"}]}<\/script>\n<!-- \/ Yoast SEO plugin. -->","yoast_head_json":{"title":"T\u00e9cnico em Alimentos - SENAI","robots":{"index":"index","follow":"follow","max-snippet":"max-snippet:-1","max-image-preview":"max-image-preview:large","max-video-preview":"max-video-preview:-1"},"canonical":"https:\/\/www.fiemg.com.br\/senai\/curso\/tecnico-em-alimentos\/","og_locale":"pt_BR","og_type":"article","og_title":"T\u00e9cnico em Alimentos - SENAI","og_description":"A profiss\u00e3o O t\u00e9cnico em ALIMENTOS \u00e9 o profissional capacitado para atuar tanto no processamento e conserva\u00e7\u00e3o de mat\u00e9rias-primas, produtos e subprodutos da ind\u00fastria aliment\u00edcia e de bebidas, quanto na realiza\u00e7\u00e3o de an\u00e1lises laboratoriais e sensoriais. Auxiliar no planejamento, coordena\u00e7\u00e3o e controle de atividades da \u00e1rea de atua\u00e7\u00e3o e desenvolvimento de novos produtos e processos [&hellip;]","og_url":"https:\/\/www.fiemg.com.br\/senai\/curso\/tecnico-em-alimentos\/","og_site_name":"SENAI","article_modified_time":"2023-07-31T15:29:43+00:00","og_image":[{"width":300,"height":300,"url":"https:\/\/www.fiemg.com.br\/senai\/wp-content\/uploads\/sites\/12\/2023\/07\/default.png","type":"image\/png"}],"twitter_card":"summary_large_image","twitter_misc":{"Est. tempo de leitura":"3 minutos"},"schema":{"@context":"https:\/\/schema.org","@graph":[{"@type":"WebPage","@id":"https:\/\/www.fiemg.com.br\/senai\/curso\/tecnico-em-alimentos\/","url":"https:\/\/www.fiemg.com.br\/senai\/curso\/tecnico-em-alimentos\/","name":"T\u00e9cnico em Alimentos - SENAI","isPartOf":{"@id":"https:\/\/www.fiemg.com.br\/senai\/#website"},"primaryImageOfPage":{"@id":"https:\/\/www.fiemg.com.br\/senai\/curso\/tecnico-em-alimentos\/#primaryimage"},"image":{"@id":"https:\/\/www.fiemg.com.br\/senai\/curso\/tecnico-em-alimentos\/#primaryimage"},"thumbnailUrl":"https:\/\/www.fiemg.com.br\/senai\/wp-content\/uploads\/sites\/12\/2023\/08\/default.png","datePublished":"2023-07-18T22:24:17+00:00","dateModified":"2023-07-31T15:29:43+00:00","breadcrumb":{"@id":"https:\/\/www.fiemg.com.br\/senai\/curso\/tecnico-em-alimentos\/#breadcrumb"},"inLanguage":"pt-BR","potentialAction":[{"@type":"ReadAction","target":["https:\/\/www.fiemg.com.br\/senai\/curso\/tecnico-em-alimentos\/"]}]},{"@type":"ImageObject","inLanguage":"pt-BR","@id":"https:\/\/www.fiemg.com.br\/senai\/curso\/tecnico-em-alimentos\/#primaryimage","url":"https:\/\/www.fiemg.com.br\/senai\/wp-content\/uploads\/sites\/12\/2023\/08\/default.png","contentUrl":"https:\/\/www.fiemg.com.br\/senai\/wp-content\/uploads\/sites\/12\/2023\/08\/default.png","width":300,"height":300},{"@type":"BreadcrumbList","@id":"https:\/\/www.fiemg.com.br\/senai\/curso\/tecnico-em-alimentos\/#breadcrumb","itemListElement":[{"@type":"ListItem","position":1,"name":"In\u00edcio","item":"https:\/\/www.fiemg.com.br\/senai\/"},{"@type":"ListItem","position":2,"name":"T\u00e9cnico em Alimentos"}]},{"@type":"WebSite","@id":"https:\/\/www.fiemg.com.br\/senai\/#website","url":"https:\/\/www.fiemg.com.br\/senai\/","name":"SENAI","description":"Federa\u00e7\u00e3o das Ind\u00fastrias do Estado de Minas Gerais","potentialAction":[{"@type":"SearchAction","target":{"@type":"EntryPoint","urlTemplate":"https:\/\/www.fiemg.com.br\/senai\/?s={search_term_string}"},"query-input":{"@type":"PropertyValueSpecification","valueRequired":true,"valueName":"search_term_string"}}],"inLanguage":"pt-BR"}]}},"_links":{"self":[{"href":"https:\/\/www.fiemg.com.br\/senai\/wp-json\/wp\/v2\/curso\/1740","targetHints":{"allow":["GET"]}}],"collection":[{"href":"https:\/\/www.fiemg.com.br\/senai\/wp-json\/wp\/v2\/curso"}],"about":[{"href":"https:\/\/www.fiemg.com.br\/senai\/wp-json\/wp\/v2\/types\/curso"}],"wp:featuredmedia":[{"embeddable":true,"href":"https:\/\/www.fiemg.com.br\/senai\/wp-json\/wp\/v2\/media\/2123"}],"wp:attachment":[{"href":"https:\/\/www.fiemg.com.br\/senai\/wp-json\/wp\/v2\/media?parent=1740"}],"wp:term":[{"taxonomy":"qualificacao","embeddable":true,"href":"https:\/\/www.fiemg.com.br\/senai\/wp-json\/wp\/v2\/qualificacao?post=1740"},{"taxonomy":"cidade","embeddable":true,"href":"https:\/\/www.fiemg.com.br\/senai\/wp-json\/wp\/v2\/cidade?post=1740"},{"taxonomy":"tipo_de_curso","embeddable":true,"href":"https:\/\/www.fiemg.com.br\/senai\/wp-json\/wp\/v2\/tipo_de_curso?post=1740"},{"taxonomy":"area_de_estudo","embeddable":true,"href":"https:\/\/www.fiemg.com.br\/senai\/wp-json\/wp\/v2\/area_de_estudo?post=1740"}],"curies":[{"name":"wp","href":"https:\/\/api.w.org\/{rel}","templated":true}]}}

Técnico em Alimentos

<p><strong style="text-align: justify">A profissão</strong></p>
<p><span style="text-align: justify">O técnico em ALIMENTOS é o profissional capacitado para atuar tanto no processamento e conservação de matérias-primas, produtos e subprodutos da indústria alimentícia e de bebidas, quanto na realização de análises laboratoriais e sensoriais. Auxiliar no planejamento, coordenação e controle de atividades da área de atuação e desenvolvimento de novos produtos e processos também são atribuições que podem ser exercidas pelo técnico em Alimentos.</span></p>
<p style="text-align: justify" align="JUSTIFY"><strong>Atividades Relacionadas</strong></p>
<p style="text-align: justify" align="JUSTIFY">• Processar alimentos de origem animal e vegetal, dentro dos princípios de conservação dos alimentos.<br />
• Implantar programas de segurança alimentar: BPF–Boas Práticas de Fabricação e APPCC-Análise dos Perigos e Pontos Críticos de Controle.<br />
• Aplicar princípios de segurança industrial e gestão ambiental.<br />
• Realizar análises laboratoriais, físico-químicas e microbiológicas em alimentos, efluentes e resíduos industriais.<br />
• Compreender as regulamentações governamentais requeridas para a fabricação e comercialização de produtos alimentícios.<br />
• Aplicar princípios de estatística em ciência dos alimentos.</p>
<p style="text-align: justify" align="JUSTIFY"><strong>Área de Atuação</strong></p>
<p style="text-align: justify" align="JUSTIFY">• Indústrias de alimentos e bebidas.<br />
• Entrepostos de armazenamento e beneficiamento.<br />
• Laboratórios, institutos de pesquisa e consultoria.<br />
• Órgãos de fiscalização sanitária e proteção ao consumidor.<br />
• Indústria de insumos para processos e produtos.<br />
• Estações de tratamento de água e resíduos.<br />
• Restaurantes e/ou cozinhas industriais.<br />
• Estabelecimentos de ensino na área de alimentos.<br />
• Empreendimento próprio na área de alimentos.</p>
<p style="text-align: justify" align="JUSTIFY"><strong>O que é o curso</strong></p>
<p style="text-align: justify" align="JUSTIFY">No curso de Técnico em Alimentos do SENAI o aluno vai desenvolver competências para trabalhar com os desenvolvimento dos processos produtivos de alimentos, será capaz de avaliar a qualidade das matérias-primas, dos insumos e dos produtos alimentícios, além de implementar sistemas de gestão.</p>
<p style="text-align: justify" align="JUSTIFY"><strong>Objetivos</strong></p>
<p style="text-align: justify" align="JUSTIFY">Coordenar o desenvolvimento dos processos produtivos de alimentos seguros, avaliar a qualidade das matérias-primas, dos insumos, dos processos e dos produtos alimentícios, e, ainda, implementar sistemas de gestão, de acordo com normas e legislações sanitárias, ambientais, de saúde, higiene e segurança no trabalho, e da qualidade.</p>
<p style="text-align: justify" align="JUSTIFY"><strong>Competências</strong></p>
<p style="text-align: justify" align="JUSTIFY">Formar profissional com habilitação Técnica de Nível Médio em Alimentos para atuar nos diversos segmentos do mercado, tais como: Indústrias de alimentos e bebidas, entrepostos de armazenamento e beneficiamento, laboratórios, institutos de pesquisa e consultoria, órgãos de fiscalização sanitária e proteção ao consumidor, indústria de insumos para processos e produtos.</p>
<p style="text-align: justify" align="JUSTIFY"><strong>Escolaridade Mínima</strong></p>
<p style="text-align: justify" align="JUSTIFY">Estar cursando, no mínimo, o 2º ano do ensino médio ou ter o ensino médio concluído.</p>
<p style="text-align: justify" align="JUSTIFY"><strong>Carga Horária</strong></p>
<p style="text-align: justify" align="JUSTIFY">1200 horas</p>

<!-- This site is optimized with the Yoast SEO plugin v26.2 - https://yoast.com/wordpress/plugins/seo/ -->
<title>Técnico em Alimentos - SENAI</title>
<meta name="robots" content="index, follow, max-snippet:-1, max-image-preview:large, max-video-preview:-1" />
<link rel="canonical" href="https://www.fiemg.com.br/senai/curso/tecnico-em-alimentos/" />
<meta property="og:locale" content="pt_BR" />
<meta property="og:type" content="article" />
<meta property="og:title" content="Técnico em Alimentos - SENAI" />
<meta property="og:description" content="A profissão O técnico em ALIMENTOS é o profissional capacitado para atuar tanto no processamento e conservação de matérias-primas, produtos e subprodutos da indústria alimentícia e de bebidas, quanto na realização de análises laboratoriais e sensoriais. Auxiliar no planejamento, coordenação e controle de atividades da área de atuação e desenvolvimento de novos produtos e processos [&hellip;]" />
<meta property="og:url" content="https://www.fiemg.com.br/senai/curso/tecnico-em-alimentos/" />
<meta property="og:site_name" content="SENAI" />
<meta property="article:modified_time" content="2023-07-31T15:29:43+00:00" />
<meta property="og:image" content="https://www.fiemg.com.br/senai/wp-content/uploads/sites/12/2023/07/default.png" />
	<meta property="og:image:width" content="300" />
	<meta property="og:image:height" content="300" />
	<meta property="og:image:type" content="image/png" />
<meta name="twitter:card" content="summary_large_image" />
<meta name="twitter:label1" content="Est. tempo de leitura" />
	<meta name="twitter:data1" content="3 minutos" />
<script type="application/ld+json" class="yoast-schema-graph">{"@context":"https://schema.org","@graph":[{"@type":"WebPage","@id":"https://www.fiemg.com.br/senai/curso/tecnico-em-alimentos/","url":"https://www.fiemg.com.br/senai/curso/tecnico-em-alimentos/","name":"Técnico em Alimentos - SENAI","isPartOf":{"@id":"https://www.fiemg.com.br/senai/#website"},"primaryImageOfPage":{"@id":"https://www.fiemg.com.br/senai/curso/tecnico-em-alimentos/#primaryimage"},"image":{"@id":"https://www.fiemg.com.br/senai/curso/tecnico-em-alimentos/#primaryimage"},"thumbnailUrl":"https://www.fiemg.com.br/senai/wp-content/uploads/sites/12/2023/08/default.png","datePublished":"2023-07-18T22:24:17+00:00","dateModified":"2023-07-31T15:29:43+00:00","breadcrumb":{"@id":"https://www.fiemg.com.br/senai/curso/tecnico-em-alimentos/#breadcrumb"},"inLanguage":"pt-BR","potentialAction":[{"@type":"ReadAction","target":["https://www.fiemg.com.br/senai/curso/tecnico-em-alimentos/"]}]},{"@type":"ImageObject","inLanguage":"pt-BR","@id":"https://www.fiemg.com.br/senai/curso/tecnico-em-alimentos/#primaryimage","url":"https://www.fiemg.com.br/senai/wp-content/uploads/sites/12/2023/08/default.png","contentUrl":"https://www.fiemg.com.br/senai/wp-content/uploads/sites/12/2023/08/default.png","width":300,"height":300},{"@type":"BreadcrumbList","@id":"https://www.fiemg.com.br/senai/curso/tecnico-em-alimentos/#breadcrumb","itemListElement":[{"@type":"ListItem","position":1,"name":"Início","item":"https://www.fiemg.com.br/senai/"},{"@type":"ListItem","position":2,"name":"Técnico em Alimentos"}]},{"@type":"WebSite","@id":"https://www.fiemg.com.br/senai/#website","url":"https://www.fiemg.com.br/senai/","name":"SENAI","description":"Federação das Indústrias do Estado de Minas Gerais","potentialAction":[{"@type":"SearchAction","target":{"@type":"EntryPoint","urlTemplate":"https://www.fiemg.com.br/senai/?s={search_term_string}"},"query-input":{"@type":"PropertyValueSpecification","valueRequired":true,"valueName":"search_term_string"}}],"inLanguage":"pt-BR"}]}</script>
<!-- / Yoast SEO plugin. -->

Técnico em Alimentos - SENAI

A profissão O técnico em ALIMENTOS é o profissional capacitado para atuar tanto no processamento e conservação de matérias-primas, produtos e subprodutos da indústria alimentícia e de bebidas, quanto na realização de análises laboratoriais e sensoriais. Auxiliar no planejamento, coordenação e controle de atividades da área de atuação e desenvolvimento de novos produtos e processos [&hellip;]

Início

Federação das Indústrias do Estado de Minas Gerais
