{"id":1777,"date":"2023-07-18T22:21:53","date_gmt":"2023-07-18T22:21:53","guid":{"rendered":"https:\/\/www.fiemg.com.br\/senai\/curso\/aprendizagem-industrial-em-marcenaria\/"},"modified":"2023-07-31T15:42:08","modified_gmt":"2023-07-31T15:42:08","slug":"aprendizagem-industrial-em-marcenaria","status":"publish","type":"curso","link":"https:\/\/www.fiemg.com.br\/senai\/curso\/aprendizagem-industrial-em-marcenaria\/","title":{"rendered":"Aprendizagem Industrial em Marcenaria"},"content":{"rendered":"<blockquote class=\"wp-embedded-content\" data-secret=\"n2I4pINh8X\"><p><a href=\"https:\/\/www.fiemg.com.br\/\">Home<\/a><\/p><\/blockquote>\n<p><iframe class=\"wp-embedded-content\" sandbox=\"allow-scripts\" security=\"restricted\" style=\"position: absolute; clip: rect(1px, 1px, 1px, 1px);\" title=\"&#8220;Home&#8221; &#8212; Sistema FIEMG\" src=\"https:\/\/www.fiemg.com.br\/embed\/#?secret=mLof04bTn1#?secret=n2I4pINh8X\" data-secret=\"n2I4pINh8X\" width=\"600\" height=\"338\" frameborder=\"0\" marginwidth=\"0\" marginheight=\"0\" scrolling=\"no\"><\/iframe><\/p>\n<p><strong><img fetchpriority=\"high\" decoding=\"async\" src=\"\/wp-content\/uploads\/mediaSENAI\/cursosqualificacao\/36623744_l.jpg\" alt=\"36623744_l.jpg\" width=\"577\" height=\"385\" \/><\/strong><\/p>\n<p><strong>O que \u00e9 o curso:<\/strong> Profissional capaz de confeccionar m\u00f3veis em madeiras maci\u00e7as e chapas derivada de madeira, com revestimento melaminico ou natural, interpretando projetos, desenhos e especifica\u00e7\u00f5es t\u00e9cnicas, aplicando as normas e procedimentos estabelecidos para constru\u00e7\u00e3o, montagem e acabamento final de pe\u00e7as de mobili\u00e1rio, operando m\u00e1quinas, equipamentos e ferramentas manuais com crit\u00e9rios de seguran\u00e7a, qualidade, higiene e preserva\u00e7\u00e3o ambiental.<\/p>\n<p><strong>Compet\u00eancias Gerais:<\/strong>\u00a0Operar m\u00e1quinas e ferramentas convencionais, confeccionando, montando e instalando m\u00f3veis seriados e sob medida, respeitando procedimentos e normas t\u00e9cnicas, ambientais, de qualidade, de sa\u00fade e de seguran\u00e7a.<\/p>\n<p><strong>\u00c1reas de atua\u00e7\u00e3o:\u00a0<\/strong>Ind\u00fastrias fabricantes de m\u00f3veis ou de forma aut\u00f4noma.<\/p>\n<p><strong>Carga hor\u00e1ria m\u00ednima:<\/strong> 750 horas<\/p>\n","protected":false},"featured_media":2123,"template":"","qualificacao":[],"cidade":[],"tipo_de_curso":[],"area_de_estudo":[],"class_list":["post-1777","curso","type-curso","status-publish","has-post-thumbnail","hentry"],"acf":[],"yoast_head":"<!-- This site is optimized with the Yoast SEO plugin v26.2 - https:\/\/yoast.com\/wordpress\/plugins\/seo\/ -->\n<title>Aprendizagem Industrial em Marcenaria - SENAI<\/title>\n<meta name=\"robots\" content=\"index, follow, max-snippet:-1, max-image-preview:large, max-video-preview:-1\" \/>\n<link rel=\"canonical\" href=\"https:\/\/www.fiemg.com.br\/senai\/curso\/aprendizagem-industrial-em-marcenaria\/\" \/>\n<meta property=\"og:locale\" content=\"pt_BR\" \/>\n<meta property=\"og:type\" content=\"article\" \/>\n<meta property=\"og:title\" content=\"Aprendizagem Industrial em Marcenaria - SENAI\" \/>\n<meta property=\"og:description\" content=\"Home O que \u00e9 o curso: Profissional capaz de confeccionar m\u00f3veis em madeiras maci\u00e7as e chapas derivada de madeira, com revestimento melaminico ou natural, interpretando projetos, desenhos e especifica\u00e7\u00f5es t\u00e9cnicas, aplicando as normas e procedimentos estabelecidos para constru\u00e7\u00e3o, montagem e acabamento final de pe\u00e7as de mobili\u00e1rio, operando m\u00e1quinas, equipamentos e ferramentas manuais com crit\u00e9rios de [&hellip;]\" \/>\n<meta property=\"og:url\" content=\"https:\/\/www.fiemg.com.br\/senai\/curso\/aprendizagem-industrial-em-marcenaria\/\" \/>\n<meta property=\"og:site_name\" content=\"SENAI\" \/>\n<meta property=\"article:modified_time\" content=\"2023-07-31T15:42:08+00:00\" \/>\n<meta property=\"og:image\" content=\"https:\/\/www.fiemg.com.br\/senai\/wp-content\/uploads\/sites\/12\/2023\/07\/default.png\" \/>\n\t<meta property=\"og:image:width\" content=\"300\" \/>\n\t<meta property=\"og:image:height\" content=\"300\" \/>\n\t<meta property=\"og:image:type\" content=\"image\/png\" \/>\n<meta name=\"twitter:card\" content=\"summary_large_image\" \/>\n<meta name=\"twitter:label1\" content=\"Est. tempo de leitura\" \/>\n\t<meta name=\"twitter:data1\" content=\"1 minuto\" \/>\n<script type=\"application\/ld+json\" class=\"yoast-schema-graph\">{\"@context\":\"https:\/\/schema.org\",\"@graph\":[{\"@type\":\"WebPage\",\"@id\":\"https:\/\/www.fiemg.com.br\/senai\/curso\/aprendizagem-industrial-em-marcenaria\/\",\"url\":\"https:\/\/www.fiemg.com.br\/senai\/curso\/aprendizagem-industrial-em-marcenaria\/\",\"name\":\"Aprendizagem Industrial em Marcenaria - SENAI\",\"isPartOf\":{\"@id\":\"https:\/\/www.fiemg.com.br\/senai\/#website\"},\"primaryImageOfPage\":{\"@id\":\"https:\/\/www.fiemg.com.br\/senai\/curso\/aprendizagem-industrial-em-marcenaria\/#primaryimage\"},\"image\":{\"@id\":\"https:\/\/www.fiemg.com.br\/senai\/curso\/aprendizagem-industrial-em-marcenaria\/#primaryimage\"},\"thumbnailUrl\":\"https:\/\/www.fiemg.com.br\/senai\/wp-content\/uploads\/sites\/12\/2023\/08\/default.png\",\"datePublished\":\"2023-07-18T22:21:53+00:00\",\"dateModified\":\"2023-07-31T15:42:08+00:00\",\"breadcrumb\":{\"@id\":\"https:\/\/www.fiemg.com.br\/senai\/curso\/aprendizagem-industrial-em-marcenaria\/#breadcrumb\"},\"inLanguage\":\"pt-BR\",\"potentialAction\":[{\"@type\":\"ReadAction\",\"target\":[\"https:\/\/www.fiemg.com.br\/senai\/curso\/aprendizagem-industrial-em-marcenaria\/\"]}]},{\"@type\":\"ImageObject\",\"inLanguage\":\"pt-BR\",\"@id\":\"https:\/\/www.fiemg.com.br\/senai\/curso\/aprendizagem-industrial-em-marcenaria\/#primaryimage\",\"url\":\"https:\/\/www.fiemg.com.br\/senai\/wp-content\/uploads\/sites\/12\/2023\/08\/default.png\",\"contentUrl\":\"https:\/\/www.fiemg.com.br\/senai\/wp-content\/uploads\/sites\/12\/2023\/08\/default.png\",\"width\":300,\"height\":300},{\"@type\":\"BreadcrumbList\",\"@id\":\"https:\/\/www.fiemg.com.br\/senai\/curso\/aprendizagem-industrial-em-marcenaria\/#breadcrumb\",\"itemListElement\":[{\"@type\":\"ListItem\",\"position\":1,\"name\":\"In\u00edcio\",\"item\":\"https:\/\/www.fiemg.com.br\/senai\/\"},{\"@type\":\"ListItem\",\"position\":2,\"name\":\"Aprendizagem Industrial em Marcenaria\"}]},{\"@type\":\"WebSite\",\"@id\":\"https:\/\/www.fiemg.com.br\/senai\/#website\",\"url\":\"https:\/\/www.fiemg.com.br\/senai\/\",\"name\":\"SENAI\",\"description\":\"Federa\u00e7\u00e3o das Ind\u00fastrias do Estado de Minas Gerais\",\"potentialAction\":[{\"@type\":\"SearchAction\",\"target\":{\"@type\":\"EntryPoint\",\"urlTemplate\":\"https:\/\/www.fiemg.com.br\/senai\/?s={search_term_string}\"},\"query-input\":{\"@type\":\"PropertyValueSpecification\",\"valueRequired\":true,\"valueName\":\"search_term_string\"}}],\"inLanguage\":\"pt-BR\"}]}<\/script>\n<!-- \/ Yoast SEO plugin. -->","yoast_head_json":{"title":"Aprendizagem Industrial em Marcenaria - SENAI","robots":{"index":"index","follow":"follow","max-snippet":"max-snippet:-1","max-image-preview":"max-image-preview:large","max-video-preview":"max-video-preview:-1"},"canonical":"https:\/\/www.fiemg.com.br\/senai\/curso\/aprendizagem-industrial-em-marcenaria\/","og_locale":"pt_BR","og_type":"article","og_title":"Aprendizagem Industrial em Marcenaria - SENAI","og_description":"Home O que \u00e9 o curso: Profissional capaz de confeccionar m\u00f3veis em madeiras maci\u00e7as e chapas derivada de madeira, com revestimento melaminico ou natural, interpretando projetos, desenhos e especifica\u00e7\u00f5es t\u00e9cnicas, aplicando as normas e procedimentos estabelecidos para constru\u00e7\u00e3o, montagem e acabamento final de pe\u00e7as de mobili\u00e1rio, operando m\u00e1quinas, equipamentos e ferramentas manuais com crit\u00e9rios de [&hellip;]","og_url":"https:\/\/www.fiemg.com.br\/senai\/curso\/aprendizagem-industrial-em-marcenaria\/","og_site_name":"SENAI","article_modified_time":"2023-07-31T15:42:08+00:00","og_image":[{"width":300,"height":300,"url":"https:\/\/www.fiemg.com.br\/senai\/wp-content\/uploads\/sites\/12\/2023\/07\/default.png","type":"image\/png"}],"twitter_card":"summary_large_image","twitter_misc":{"Est. tempo de leitura":"1 minuto"},"schema":{"@context":"https:\/\/schema.org","@graph":[{"@type":"WebPage","@id":"https:\/\/www.fiemg.com.br\/senai\/curso\/aprendizagem-industrial-em-marcenaria\/","url":"https:\/\/www.fiemg.com.br\/senai\/curso\/aprendizagem-industrial-em-marcenaria\/","name":"Aprendizagem Industrial em Marcenaria - SENAI","isPartOf":{"@id":"https:\/\/www.fiemg.com.br\/senai\/#website"},"primaryImageOfPage":{"@id":"https:\/\/www.fiemg.com.br\/senai\/curso\/aprendizagem-industrial-em-marcenaria\/#primaryimage"},"image":{"@id":"https:\/\/www.fiemg.com.br\/senai\/curso\/aprendizagem-industrial-em-marcenaria\/#primaryimage"},"thumbnailUrl":"https:\/\/www.fiemg.com.br\/senai\/wp-content\/uploads\/sites\/12\/2023\/08\/default.png","datePublished":"2023-07-18T22:21:53+00:00","dateModified":"2023-07-31T15:42:08+00:00","breadcrumb":{"@id":"https:\/\/www.fiemg.com.br\/senai\/curso\/aprendizagem-industrial-em-marcenaria\/#breadcrumb"},"inLanguage":"pt-BR","potentialAction":[{"@type":"ReadAction","target":["https:\/\/www.fiemg.com.br\/senai\/curso\/aprendizagem-industrial-em-marcenaria\/"]}]},{"@type":"ImageObject","inLanguage":"pt-BR","@id":"https:\/\/www.fiemg.com.br\/senai\/curso\/aprendizagem-industrial-em-marcenaria\/#primaryimage","url":"https:\/\/www.fiemg.com.br\/senai\/wp-content\/uploads\/sites\/12\/2023\/08\/default.png","contentUrl":"https:\/\/www.fiemg.com.br\/senai\/wp-content\/uploads\/sites\/12\/2023\/08\/default.png","width":300,"height":300},{"@type":"BreadcrumbList","@id":"https:\/\/www.fiemg.com.br\/senai\/curso\/aprendizagem-industrial-em-marcenaria\/#breadcrumb","itemListElement":[{"@type":"ListItem","position":1,"name":"In\u00edcio","item":"https:\/\/www.fiemg.com.br\/senai\/"},{"@type":"ListItem","position":2,"name":"Aprendizagem Industrial em Marcenaria"}]},{"@type":"WebSite","@id":"https:\/\/www.fiemg.com.br\/senai\/#website","url":"https:\/\/www.fiemg.com.br\/senai\/","name":"SENAI","description":"Federa\u00e7\u00e3o das Ind\u00fastrias do Estado de Minas Gerais","potentialAction":[{"@type":"SearchAction","target":{"@type":"EntryPoint","urlTemplate":"https:\/\/www.fiemg.com.br\/senai\/?s={search_term_string}"},"query-input":{"@type":"PropertyValueSpecification","valueRequired":true,"valueName":"search_term_string"}}],"inLanguage":"pt-BR"}]}},"_links":{"self":[{"href":"https:\/\/www.fiemg.com.br\/senai\/wp-json\/wp\/v2\/curso\/1777","targetHints":{"allow":["GET"]}}],"collection":[{"href":"https:\/\/www.fiemg.com.br\/senai\/wp-json\/wp\/v2\/curso"}],"about":[{"href":"https:\/\/www.fiemg.com.br\/senai\/wp-json\/wp\/v2\/types\/curso"}],"wp:featuredmedia":[{"embeddable":true,"href":"https:\/\/www.fiemg.com.br\/senai\/wp-json\/wp\/v2\/media\/2123"}],"wp:attachment":[{"href":"https:\/\/www.fiemg.com.br\/senai\/wp-json\/wp\/v2\/media?parent=1777"}],"wp:term":[{"taxonomy":"qualificacao","embeddable":true,"href":"https:\/\/www.fiemg.com.br\/senai\/wp-json\/wp\/v2\/qualificacao?post=1777"},{"taxonomy":"cidade","embeddable":true,"href":"https:\/\/www.fiemg.com.br\/senai\/wp-json\/wp\/v2\/cidade?post=1777"},{"taxonomy":"tipo_de_curso","embeddable":true,"href":"https:\/\/www.fiemg.com.br\/senai\/wp-json\/wp\/v2\/tipo_de_curso?post=1777"},{"taxonomy":"area_de_estudo","embeddable":true,"href":"https:\/\/www.fiemg.com.br\/senai\/wp-json\/wp\/v2\/area_de_estudo?post=1777"}],"curies":[{"name":"wp","href":"https:\/\/api.w.org\/{rel}","templated":true}]}}

<blockquote class="wp-embedded-content" data-secret="n2I4pINh8X"><p><a href="https://www.fiemg.com.br/">Home</a></p></blockquote>
<p><iframe class="wp-embedded-content" sandbox="allow-scripts" security="restricted" style="position: absolute; clip: rect(1px, 1px, 1px, 1px);" title="&#8220;Home&#8221; &#8212; Sistema FIEMG" src="https://www.fiemg.com.br/embed/#?secret=mLof04bTn1#?secret=n2I4pINh8X" data-secret="n2I4pINh8X" width="600" height="338" frameborder="0" marginwidth="0" marginheight="0" scrolling="no"></iframe></p>
<p><strong><img fetchpriority="high" decoding="async" src="/wp-content/uploads/mediaSENAI/cursosqualificacao/36623744_l.jpg" alt="36623744_l.jpg" width="577" height="385" /></strong></p>
<p><strong>O que é o curso:</strong> Profissional capaz de confeccionar móveis em madeiras maciças e chapas derivada de madeira, com revestimento melaminico ou natural, interpretando projetos, desenhos e especificações técnicas, aplicando as normas e procedimentos estabelecidos para construção, montagem e acabamento final de peças de mobiliário, operando máquinas, equipamentos e ferramentas manuais com critérios de segurança, qualidade, higiene e preservação ambiental.</p>
<p><strong>Competências Gerais:</strong> Operar máquinas e ferramentas convencionais, confeccionando, montando e instalando móveis seriados e sob medida, respeitando procedimentos e normas técnicas, ambientais, de qualidade, de saúde e de segurança.</p>
<p><strong>Áreas de atuação: </strong>Indústrias fabricantes de móveis ou de forma autônoma.</p>
<p><strong>Carga horária mínima:</strong> 750 horas</p>

<!-- This site is optimized with the Yoast SEO plugin v26.2 - https://yoast.com/wordpress/plugins/seo/ -->
<title>Aprendizagem Industrial em Marcenaria - SENAI</title>
<meta name="robots" content="index, follow, max-snippet:-1, max-image-preview:large, max-video-preview:-1" />
<link rel="canonical" href="https://www.fiemg.com.br/senai/curso/aprendizagem-industrial-em-marcenaria/" />
<meta property="og:locale" content="pt_BR" />
<meta property="og:type" content="article" />
<meta property="og:title" content="Aprendizagem Industrial em Marcenaria - SENAI" />
<meta property="og:description" content="Home O que é o curso: Profissional capaz de confeccionar móveis em madeiras maciças e chapas derivada de madeira, com revestimento melaminico ou natural, interpretando projetos, desenhos e especificações técnicas, aplicando as normas e procedimentos estabelecidos para construção, montagem e acabamento final de peças de mobiliário, operando máquinas, equipamentos e ferramentas manuais com critérios de [&hellip;]" />
<meta property="og:url" content="https://www.fiemg.com.br/senai/curso/aprendizagem-industrial-em-marcenaria/" />
<meta property="og:site_name" content="SENAI" />
<meta property="article:modified_time" content="2023-07-31T15:42:08+00:00" />
<meta property="og:image" content="https://www.fiemg.com.br/senai/wp-content/uploads/sites/12/2023/07/default.png" />
	<meta property="og:image:width" content="300" />
	<meta property="og:image:height" content="300" />
	<meta property="og:image:type" content="image/png" />
<meta name="twitter:card" content="summary_large_image" />
<meta name="twitter:label1" content="Est. tempo de leitura" />
	<meta name="twitter:data1" content="1 minuto" />
<script type="application/ld+json" class="yoast-schema-graph">{"@context":"https://schema.org","@graph":[{"@type":"WebPage","@id":"https://www.fiemg.com.br/senai/curso/aprendizagem-industrial-em-marcenaria/","url":"https://www.fiemg.com.br/senai/curso/aprendizagem-industrial-em-marcenaria/","name":"Aprendizagem Industrial em Marcenaria - SENAI","isPartOf":{"@id":"https://www.fiemg.com.br/senai/#website"},"primaryImageOfPage":{"@id":"https://www.fiemg.com.br/senai/curso/aprendizagem-industrial-em-marcenaria/#primaryimage"},"image":{"@id":"https://www.fiemg.com.br/senai/curso/aprendizagem-industrial-em-marcenaria/#primaryimage"},"thumbnailUrl":"https://www.fiemg.com.br/senai/wp-content/uploads/sites/12/2023/08/default.png","datePublished":"2023-07-18T22:21:53+00:00","dateModified":"2023-07-31T15:42:08+00:00","breadcrumb":{"@id":"https://www.fiemg.com.br/senai/curso/aprendizagem-industrial-em-marcenaria/#breadcrumb"},"inLanguage":"pt-BR","potentialAction":[{"@type":"ReadAction","target":["https://www.fiemg.com.br/senai/curso/aprendizagem-industrial-em-marcenaria/"]}]},{"@type":"ImageObject","inLanguage":"pt-BR","@id":"https://www.fiemg.com.br/senai/curso/aprendizagem-industrial-em-marcenaria/#primaryimage","url":"https://www.fiemg.com.br/senai/wp-content/uploads/sites/12/2023/08/default.png","contentUrl":"https://www.fiemg.com.br/senai/wp-content/uploads/sites/12/2023/08/default.png","width":300,"height":300},{"@type":"BreadcrumbList","@id":"https://www.fiemg.com.br/senai/curso/aprendizagem-industrial-em-marcenaria/#breadcrumb","itemListElement":[{"@type":"ListItem","position":1,"name":"Início","item":"https://www.fiemg.com.br/senai/"},{"@type":"ListItem","position":2,"name":"Aprendizagem Industrial em Marcenaria"}]},{"@type":"WebSite","@id":"https://www.fiemg.com.br/senai/#website","url":"https://www.fiemg.com.br/senai/","name":"SENAI","description":"Federação das Indústrias do Estado de Minas Gerais","potentialAction":[{"@type":"SearchAction","target":{"@type":"EntryPoint","urlTemplate":"https://www.fiemg.com.br/senai/?s={search_term_string}"},"query-input":{"@type":"PropertyValueSpecification","valueRequired":true,"valueName":"search_term_string"}}],"inLanguage":"pt-BR"}]}</script>
<!-- / Yoast SEO plugin. -->

Home O que é o curso: Profissional capaz de confeccionar móveis em madeiras maciças e chapas derivada de madeira, com revestimento melaminico ou natural, interpretando projetos, desenhos e especificações técnicas, aplicando as normas e procedimentos estabelecidos para construção, montagem e acabamento final de peças de mobiliário, operando máquinas, equipamentos e ferramentas manuais com critérios de [&hellip;]

Início

Federação das Indústrias do Estado de Minas Gerais
