{"id":1843,"date":"2023-07-18T22:19:40","date_gmt":"2023-07-18T22:19:40","guid":{"rendered":"https:\/\/www.fiemg.com.br\/senai\/curso\/qualificacao-profissional-operador-de-acabamento-grafico-editorial\/"},"modified":"2023-07-31T17:19:56","modified_gmt":"2023-07-31T17:19:56","slug":"qualificacao-profissional-operador-de-acabamento-grafico-editorial","status":"publish","type":"curso","link":"https:\/\/www.fiemg.com.br\/senai\/curso\/qualificacao-profissional-operador-de-acabamento-grafico-editorial\/","title":{"rendered":"Qualifica\u00e7\u00e3o Profissional &#8211; Operador de Acabamento Gr\u00e1fico Editorial"},"content":{"rendered":"<blockquote class=\"wp-embedded-content\" data-secret=\"gJRPYjSoL7\"><p><a href=\"https:\/\/www.fiemg.com.br\/\">Home<\/a><\/p><\/blockquote>\n<p><iframe class=\"wp-embedded-content\" sandbox=\"allow-scripts\" security=\"restricted\" style=\"position: absolute; clip: rect(1px, 1px, 1px, 1px);\" title=\"&#8220;Home&#8221; &#8212; Sistema FIEMG\" src=\"https:\/\/www.fiemg.com.br\/embed\/#?secret=EXh7gpPI2E#?secret=gJRPYjSoL7\" data-secret=\"gJRPYjSoL7\" width=\"600\" height=\"338\" frameborder=\"0\" marginwidth=\"0\" marginheight=\"0\" scrolling=\"no\"><\/iframe><\/p>\n<p><strong><img fetchpriority=\"high\" decoding=\"async\" style=\"margin-left: auto;margin-right: auto\" src=\"\/wp-content\/uploads\/mediaSENAI\/cursosqualificacao\/Comunicacao-Visual.jpg\" alt=\"Comunicacao-Visual.jpg\" width=\"587\" height=\"391\" \/><\/strong><\/p>\n<p style=\"text-align: justify\"><strong>A profiss\u00e3o: <\/strong>Este profissional atua na ind\u00fastria gr\u00e1fica no setor de acabamentos de produtos impressos.<\/p>\n<p style=\"text-align: justify\"><strong>\u00c1rea de atua\u00e7\u00e3o:<\/strong> Entre as principais ind\u00fastrias que poder\u00e1 atuar, destacam-se: Gr\u00e1ficas Produtoras de Embalagens (montagem de caixas, adesiva\u00e7\u00e3o, corte e vincos, etc) e Editorias (encaderna\u00e7\u00e3o de livros, agendas, revistas,etc).<\/p>\n<p style=\"text-align: justify\"><strong>O que \u00e9 o curso:<\/strong>\u00a0O curso de Qualifica\u00e7\u00e3o Operador de Acabamento Gra\u00e1fico Editorial prepara o participante para planejar a execu\u00e7\u00e3o do servi\u00e7o acabamento gr\u00e1fico e editorial de p\u00f3s-impress\u00e3o. Para isso, ele vai operar m\u00e1quinas, preparar matrizes de corte e vinco, conhecer mat\u00e9rias-primas e realizar manuten\u00e7\u00e3o produtiva dos equipamentos e ferramentas.<\/p>\n<p style=\"text-align: justify\"><strong>Compet\u00eancias:<\/strong>\u00a0Operar equipamentos de p\u00f3s-impress\u00e3o do segmento gr\u00e1fico, de acordo com normas e procedimentos t\u00e9cnicos e realizar trabalhos manuais de p\u00f3s-impress\u00e3o.<\/p>\n<p style=\"text-align: justify\"><strong>Escolaridade m\u00ednima:<\/strong>\u00a0Cursando o 2\u00ba ano do ensino m\u00e9dio ou ter conclu\u00eddo.\u00a0Ter, no m\u00ednimo, 16 anos completos.<\/p>\n<p style=\"text-align: justify\"><strong>Carga hor\u00e1ria:<\/strong> 160 horas<\/p>\n","protected":false},"featured_media":2123,"template":"","qualificacao":[],"cidade":[],"tipo_de_curso":[],"area_de_estudo":[],"class_list":["post-1843","curso","type-curso","status-publish","has-post-thumbnail","hentry"],"acf":[],"yoast_head":"<!-- This site is optimized with the Yoast SEO plugin v26.2 - https:\/\/yoast.com\/wordpress\/plugins\/seo\/ -->\n<title>Qualifica\u00e7\u00e3o Profissional - Operador de Acabamento Gr\u00e1fico Editorial - SENAI<\/title>\n<meta name=\"robots\" content=\"index, follow, max-snippet:-1, max-image-preview:large, max-video-preview:-1\" \/>\n<link rel=\"canonical\" href=\"https:\/\/www.fiemg.com.br\/senai\/curso\/qualificacao-profissional-operador-de-acabamento-grafico-editorial\/\" \/>\n<meta property=\"og:locale\" content=\"pt_BR\" \/>\n<meta property=\"og:type\" content=\"article\" \/>\n<meta property=\"og:title\" content=\"Qualifica\u00e7\u00e3o Profissional - Operador de Acabamento Gr\u00e1fico Editorial - SENAI\" \/>\n<meta property=\"og:description\" content=\"Home A profiss\u00e3o: Este profissional atua na ind\u00fastria gr\u00e1fica no setor de acabamentos de produtos impressos. \u00c1rea de atua\u00e7\u00e3o: Entre as principais ind\u00fastrias que poder\u00e1 atuar, destacam-se: Gr\u00e1ficas Produtoras de Embalagens (montagem de caixas, adesiva\u00e7\u00e3o, corte e vincos, etc) e Editorias (encaderna\u00e7\u00e3o de livros, agendas, revistas,etc). O que \u00e9 o curso:\u00a0O curso de Qualifica\u00e7\u00e3o Operador [&hellip;]\" \/>\n<meta property=\"og:url\" content=\"https:\/\/www.fiemg.com.br\/senai\/curso\/qualificacao-profissional-operador-de-acabamento-grafico-editorial\/\" \/>\n<meta property=\"og:site_name\" content=\"SENAI\" \/>\n<meta property=\"article:modified_time\" content=\"2023-07-31T17:19:56+00:00\" \/>\n<meta property=\"og:image\" content=\"https:\/\/www.fiemg.com.br\/senai\/wp-content\/uploads\/sites\/12\/2023\/07\/default.png\" \/>\n\t<meta property=\"og:image:width\" content=\"300\" \/>\n\t<meta property=\"og:image:height\" content=\"300\" \/>\n\t<meta property=\"og:image:type\" content=\"image\/png\" \/>\n<meta name=\"twitter:card\" content=\"summary_large_image\" \/>\n<meta name=\"twitter:label1\" content=\"Est. tempo de leitura\" \/>\n\t<meta name=\"twitter:data1\" content=\"1 minuto\" \/>\n<script type=\"application\/ld+json\" class=\"yoast-schema-graph\">{\"@context\":\"https:\/\/schema.org\",\"@graph\":[{\"@type\":\"WebPage\",\"@id\":\"https:\/\/www.fiemg.com.br\/senai\/curso\/qualificacao-profissional-operador-de-acabamento-grafico-editorial\/\",\"url\":\"https:\/\/www.fiemg.com.br\/senai\/curso\/qualificacao-profissional-operador-de-acabamento-grafico-editorial\/\",\"name\":\"Qualifica\u00e7\u00e3o Profissional - Operador de Acabamento Gr\u00e1fico Editorial - SENAI\",\"isPartOf\":{\"@id\":\"https:\/\/www.fiemg.com.br\/senai\/#website\"},\"primaryImageOfPage\":{\"@id\":\"https:\/\/www.fiemg.com.br\/senai\/curso\/qualificacao-profissional-operador-de-acabamento-grafico-editorial\/#primaryimage\"},\"image\":{\"@id\":\"https:\/\/www.fiemg.com.br\/senai\/curso\/qualificacao-profissional-operador-de-acabamento-grafico-editorial\/#primaryimage\"},\"thumbnailUrl\":\"https:\/\/www.fiemg.com.br\/senai\/wp-content\/uploads\/sites\/12\/2023\/08\/default.png\",\"datePublished\":\"2023-07-18T22:19:40+00:00\",\"dateModified\":\"2023-07-31T17:19:56+00:00\",\"breadcrumb\":{\"@id\":\"https:\/\/www.fiemg.com.br\/senai\/curso\/qualificacao-profissional-operador-de-acabamento-grafico-editorial\/#breadcrumb\"},\"inLanguage\":\"pt-BR\",\"potentialAction\":[{\"@type\":\"ReadAction\",\"target\":[\"https:\/\/www.fiemg.com.br\/senai\/curso\/qualificacao-profissional-operador-de-acabamento-grafico-editorial\/\"]}]},{\"@type\":\"ImageObject\",\"inLanguage\":\"pt-BR\",\"@id\":\"https:\/\/www.fiemg.com.br\/senai\/curso\/qualificacao-profissional-operador-de-acabamento-grafico-editorial\/#primaryimage\",\"url\":\"https:\/\/www.fiemg.com.br\/senai\/wp-content\/uploads\/sites\/12\/2023\/08\/default.png\",\"contentUrl\":\"https:\/\/www.fiemg.com.br\/senai\/wp-content\/uploads\/sites\/12\/2023\/08\/default.png\",\"width\":300,\"height\":300},{\"@type\":\"BreadcrumbList\",\"@id\":\"https:\/\/www.fiemg.com.br\/senai\/curso\/qualificacao-profissional-operador-de-acabamento-grafico-editorial\/#breadcrumb\",\"itemListElement\":[{\"@type\":\"ListItem\",\"position\":1,\"name\":\"In\u00edcio\",\"item\":\"https:\/\/www.fiemg.com.br\/senai\/\"},{\"@type\":\"ListItem\",\"position\":2,\"name\":\"Qualifica\u00e7\u00e3o Profissional &#8211; Operador de Acabamento Gr\u00e1fico Editorial\"}]},{\"@type\":\"WebSite\",\"@id\":\"https:\/\/www.fiemg.com.br\/senai\/#website\",\"url\":\"https:\/\/www.fiemg.com.br\/senai\/\",\"name\":\"SENAI\",\"description\":\"Federa\u00e7\u00e3o das Ind\u00fastrias do Estado de Minas Gerais\",\"potentialAction\":[{\"@type\":\"SearchAction\",\"target\":{\"@type\":\"EntryPoint\",\"urlTemplate\":\"https:\/\/www.fiemg.com.br\/senai\/?s={search_term_string}\"},\"query-input\":{\"@type\":\"PropertyValueSpecification\",\"valueRequired\":true,\"valueName\":\"search_term_string\"}}],\"inLanguage\":\"pt-BR\"}]}<\/script>\n<!-- \/ Yoast SEO plugin. -->","yoast_head_json":{"title":"Qualifica\u00e7\u00e3o Profissional - Operador de Acabamento Gr\u00e1fico Editorial - SENAI","robots":{"index":"index","follow":"follow","max-snippet":"max-snippet:-1","max-image-preview":"max-image-preview:large","max-video-preview":"max-video-preview:-1"},"canonical":"https:\/\/www.fiemg.com.br\/senai\/curso\/qualificacao-profissional-operador-de-acabamento-grafico-editorial\/","og_locale":"pt_BR","og_type":"article","og_title":"Qualifica\u00e7\u00e3o Profissional - Operador de Acabamento Gr\u00e1fico Editorial - SENAI","og_description":"Home A profiss\u00e3o: Este profissional atua na ind\u00fastria gr\u00e1fica no setor de acabamentos de produtos impressos. \u00c1rea de atua\u00e7\u00e3o: Entre as principais ind\u00fastrias que poder\u00e1 atuar, destacam-se: Gr\u00e1ficas Produtoras de Embalagens (montagem de caixas, adesiva\u00e7\u00e3o, corte e vincos, etc) e Editorias (encaderna\u00e7\u00e3o de livros, agendas, revistas,etc). O que \u00e9 o curso:\u00a0O curso de Qualifica\u00e7\u00e3o Operador [&hellip;]","og_url":"https:\/\/www.fiemg.com.br\/senai\/curso\/qualificacao-profissional-operador-de-acabamento-grafico-editorial\/","og_site_name":"SENAI","article_modified_time":"2023-07-31T17:19:56+00:00","og_image":[{"width":300,"height":300,"url":"https:\/\/www.fiemg.com.br\/senai\/wp-content\/uploads\/sites\/12\/2023\/07\/default.png","type":"image\/png"}],"twitter_card":"summary_large_image","twitter_misc":{"Est. tempo de leitura":"1 minuto"},"schema":{"@context":"https:\/\/schema.org","@graph":[{"@type":"WebPage","@id":"https:\/\/www.fiemg.com.br\/senai\/curso\/qualificacao-profissional-operador-de-acabamento-grafico-editorial\/","url":"https:\/\/www.fiemg.com.br\/senai\/curso\/qualificacao-profissional-operador-de-acabamento-grafico-editorial\/","name":"Qualifica\u00e7\u00e3o Profissional - Operador de Acabamento Gr\u00e1fico Editorial - SENAI","isPartOf":{"@id":"https:\/\/www.fiemg.com.br\/senai\/#website"},"primaryImageOfPage":{"@id":"https:\/\/www.fiemg.com.br\/senai\/curso\/qualificacao-profissional-operador-de-acabamento-grafico-editorial\/#primaryimage"},"image":{"@id":"https:\/\/www.fiemg.com.br\/senai\/curso\/qualificacao-profissional-operador-de-acabamento-grafico-editorial\/#primaryimage"},"thumbnailUrl":"https:\/\/www.fiemg.com.br\/senai\/wp-content\/uploads\/sites\/12\/2023\/08\/default.png","datePublished":"2023-07-18T22:19:40+00:00","dateModified":"2023-07-31T17:19:56+00:00","breadcrumb":{"@id":"https:\/\/www.fiemg.com.br\/senai\/curso\/qualificacao-profissional-operador-de-acabamento-grafico-editorial\/#breadcrumb"},"inLanguage":"pt-BR","potentialAction":[{"@type":"ReadAction","target":["https:\/\/www.fiemg.com.br\/senai\/curso\/qualificacao-profissional-operador-de-acabamento-grafico-editorial\/"]}]},{"@type":"ImageObject","inLanguage":"pt-BR","@id":"https:\/\/www.fiemg.com.br\/senai\/curso\/qualificacao-profissional-operador-de-acabamento-grafico-editorial\/#primaryimage","url":"https:\/\/www.fiemg.com.br\/senai\/wp-content\/uploads\/sites\/12\/2023\/08\/default.png","contentUrl":"https:\/\/www.fiemg.com.br\/senai\/wp-content\/uploads\/sites\/12\/2023\/08\/default.png","width":300,"height":300},{"@type":"BreadcrumbList","@id":"https:\/\/www.fiemg.com.br\/senai\/curso\/qualificacao-profissional-operador-de-acabamento-grafico-editorial\/#breadcrumb","itemListElement":[{"@type":"ListItem","position":1,"name":"In\u00edcio","item":"https:\/\/www.fiemg.com.br\/senai\/"},{"@type":"ListItem","position":2,"name":"Qualifica\u00e7\u00e3o Profissional &#8211; Operador de Acabamento Gr\u00e1fico Editorial"}]},{"@type":"WebSite","@id":"https:\/\/www.fiemg.com.br\/senai\/#website","url":"https:\/\/www.fiemg.com.br\/senai\/","name":"SENAI","description":"Federa\u00e7\u00e3o das Ind\u00fastrias do Estado de Minas Gerais","potentialAction":[{"@type":"SearchAction","target":{"@type":"EntryPoint","urlTemplate":"https:\/\/www.fiemg.com.br\/senai\/?s={search_term_string}"},"query-input":{"@type":"PropertyValueSpecification","valueRequired":true,"valueName":"search_term_string"}}],"inLanguage":"pt-BR"}]}},"_links":{"self":[{"href":"https:\/\/www.fiemg.com.br\/senai\/wp-json\/wp\/v2\/curso\/1843","targetHints":{"allow":["GET"]}}],"collection":[{"href":"https:\/\/www.fiemg.com.br\/senai\/wp-json\/wp\/v2\/curso"}],"about":[{"href":"https:\/\/www.fiemg.com.br\/senai\/wp-json\/wp\/v2\/types\/curso"}],"wp:featuredmedia":[{"embeddable":true,"href":"https:\/\/www.fiemg.com.br\/senai\/wp-json\/wp\/v2\/media\/2123"}],"wp:attachment":[{"href":"https:\/\/www.fiemg.com.br\/senai\/wp-json\/wp\/v2\/media?parent=1843"}],"wp:term":[{"taxonomy":"qualificacao","embeddable":true,"href":"https:\/\/www.fiemg.com.br\/senai\/wp-json\/wp\/v2\/qualificacao?post=1843"},{"taxonomy":"cidade","embeddable":true,"href":"https:\/\/www.fiemg.com.br\/senai\/wp-json\/wp\/v2\/cidade?post=1843"},{"taxonomy":"tipo_de_curso","embeddable":true,"href":"https:\/\/www.fiemg.com.br\/senai\/wp-json\/wp\/v2\/tipo_de_curso?post=1843"},{"taxonomy":"area_de_estudo","embeddable":true,"href":"https:\/\/www.fiemg.com.br\/senai\/wp-json\/wp\/v2\/area_de_estudo?post=1843"}],"curies":[{"name":"wp","href":"https:\/\/api.w.org\/{rel}","templated":true}]}}

Qualificação Profissional &#8211; Operador de Acabamento Gráfico Editorial

<blockquote class="wp-embedded-content" data-secret="gJRPYjSoL7"><p><a href="https://www.fiemg.com.br/">Home</a></p></blockquote>
<p><iframe class="wp-embedded-content" sandbox="allow-scripts" security="restricted" style="position: absolute; clip: rect(1px, 1px, 1px, 1px);" title="&#8220;Home&#8221; &#8212; Sistema FIEMG" src="https://www.fiemg.com.br/embed/#?secret=EXh7gpPI2E#?secret=gJRPYjSoL7" data-secret="gJRPYjSoL7" width="600" height="338" frameborder="0" marginwidth="0" marginheight="0" scrolling="no"></iframe></p>
<p><strong><img fetchpriority="high" decoding="async" style="margin-left: auto;margin-right: auto" src="/wp-content/uploads/mediaSENAI/cursosqualificacao/Comunicacao-Visual.jpg" alt="Comunicacao-Visual.jpg" width="587" height="391" /></strong></p>
<p style="text-align: justify"><strong>A profissão: </strong>Este profissional atua na indústria gráfica no setor de acabamentos de produtos impressos.</p>
<p style="text-align: justify"><strong>Área de atuação:</strong> Entre as principais indústrias que poderá atuar, destacam-se: Gráficas Produtoras de Embalagens (montagem de caixas, adesivação, corte e vincos, etc) e Editorias (encadernação de livros, agendas, revistas,etc).</p>
<p style="text-align: justify"><strong>O que é o curso:</strong> O curso de Qualificação Operador de Acabamento Graáfico Editorial prepara o participante para planejar a execução do serviço acabamento gráfico e editorial de pós-impressão. Para isso, ele vai operar máquinas, preparar matrizes de corte e vinco, conhecer matérias-primas e realizar manutenção produtiva dos equipamentos e ferramentas.</p>
<p style="text-align: justify"><strong>Competências:</strong> Operar equipamentos de pós-impressão do segmento gráfico, de acordo com normas e procedimentos técnicos e realizar trabalhos manuais de pós-impressão.</p>
<p style="text-align: justify"><strong>Escolaridade mínima:</strong> Cursando o 2º ano do ensino médio ou ter concluído. Ter, no mínimo, 16 anos completos.</p>
<p style="text-align: justify"><strong>Carga horária:</strong> 160 horas</p>

<!-- This site is optimized with the Yoast SEO plugin v26.2 - https://yoast.com/wordpress/plugins/seo/ -->
<title>Qualificação Profissional - Operador de Acabamento Gráfico Editorial - SENAI</title>
<meta name="robots" content="index, follow, max-snippet:-1, max-image-preview:large, max-video-preview:-1" />
<link rel="canonical" href="https://www.fiemg.com.br/senai/curso/qualificacao-profissional-operador-de-acabamento-grafico-editorial/" />
<meta property="og:locale" content="pt_BR" />
<meta property="og:type" content="article" />
<meta property="og:title" content="Qualificação Profissional - Operador de Acabamento Gráfico Editorial - SENAI" />
<meta property="og:description" content="Home A profissão: Este profissional atua na indústria gráfica no setor de acabamentos de produtos impressos. Área de atuação: Entre as principais indústrias que poderá atuar, destacam-se: Gráficas Produtoras de Embalagens (montagem de caixas, adesivação, corte e vincos, etc) e Editorias (encadernação de livros, agendas, revistas,etc). O que é o curso: O curso de Qualificação Operador [&hellip;]" />
<meta property="og:url" content="https://www.fiemg.com.br/senai/curso/qualificacao-profissional-operador-de-acabamento-grafico-editorial/" />
<meta property="og:site_name" content="SENAI" />
<meta property="article:modified_time" content="2023-07-31T17:19:56+00:00" />
<meta property="og:image" content="https://www.fiemg.com.br/senai/wp-content/uploads/sites/12/2023/07/default.png" />
	<meta property="og:image:width" content="300" />
	<meta property="og:image:height" content="300" />
	<meta property="og:image:type" content="image/png" />
<meta name="twitter:card" content="summary_large_image" />
<meta name="twitter:label1" content="Est. tempo de leitura" />
	<meta name="twitter:data1" content="1 minuto" />
<script type="application/ld+json" class="yoast-schema-graph">{"@context":"https://schema.org","@graph":[{"@type":"WebPage","@id":"https://www.fiemg.com.br/senai/curso/qualificacao-profissional-operador-de-acabamento-grafico-editorial/","url":"https://www.fiemg.com.br/senai/curso/qualificacao-profissional-operador-de-acabamento-grafico-editorial/","name":"Qualificação Profissional - Operador de Acabamento Gráfico Editorial - SENAI","isPartOf":{"@id":"https://www.fiemg.com.br/senai/#website"},"primaryImageOfPage":{"@id":"https://www.fiemg.com.br/senai/curso/qualificacao-profissional-operador-de-acabamento-grafico-editorial/#primaryimage"},"image":{"@id":"https://www.fiemg.com.br/senai/curso/qualificacao-profissional-operador-de-acabamento-grafico-editorial/#primaryimage"},"thumbnailUrl":"https://www.fiemg.com.br/senai/wp-content/uploads/sites/12/2023/08/default.png","datePublished":"2023-07-18T22:19:40+00:00","dateModified":"2023-07-31T17:19:56+00:00","breadcrumb":{"@id":"https://www.fiemg.com.br/senai/curso/qualificacao-profissional-operador-de-acabamento-grafico-editorial/#breadcrumb"},"inLanguage":"pt-BR","potentialAction":[{"@type":"ReadAction","target":["https://www.fiemg.com.br/senai/curso/qualificacao-profissional-operador-de-acabamento-grafico-editorial/"]}]},{"@type":"ImageObject","inLanguage":"pt-BR","@id":"https://www.fiemg.com.br/senai/curso/qualificacao-profissional-operador-de-acabamento-grafico-editorial/#primaryimage","url":"https://www.fiemg.com.br/senai/wp-content/uploads/sites/12/2023/08/default.png","contentUrl":"https://www.fiemg.com.br/senai/wp-content/uploads/sites/12/2023/08/default.png","width":300,"height":300},{"@type":"BreadcrumbList","@id":"https://www.fiemg.com.br/senai/curso/qualificacao-profissional-operador-de-acabamento-grafico-editorial/#breadcrumb","itemListElement":[{"@type":"ListItem","position":1,"name":"Início","item":"https://www.fiemg.com.br/senai/"},{"@type":"ListItem","position":2,"name":"Qualificação Profissional &#8211; Operador de Acabamento Gráfico Editorial"}]},{"@type":"WebSite","@id":"https://www.fiemg.com.br/senai/#website","url":"https://www.fiemg.com.br/senai/","name":"SENAI","description":"Federação das Indústrias do Estado de Minas Gerais","potentialAction":[{"@type":"SearchAction","target":{"@type":"EntryPoint","urlTemplate":"https://www.fiemg.com.br/senai/?s={search_term_string}"},"query-input":{"@type":"PropertyValueSpecification","valueRequired":true,"valueName":"search_term_string"}}],"inLanguage":"pt-BR"}]}</script>
<!-- / Yoast SEO plugin. -->

Qualificação Profissional - Operador de Acabamento Gráfico Editorial - SENAI

Home A profissão: Este profissional atua na indústria gráfica no setor de acabamentos de produtos impressos. Área de atuação: Entre as principais indústrias que poderá atuar, destacam-se: Gráficas Produtoras de Embalagens (montagem de caixas, adesivação, corte e vincos, etc) e Editorias (encadernação de livros, agendas, revistas,etc). O que é o curso: O curso de Qualificação Operador [&hellip;]

Início

Federação das Indústrias do Estado de Minas Gerais
