{"id":1638,"date":"2023-07-17T18:12:44","date_gmt":"2023-07-17T18:12:44","guid":{"rendered":"https:\/\/www.fiemg.com.br\/senai\/escolas\/sesi-formiga-carlos-eufrasio-de-carvalho\/"},"modified":"2023-07-21T14:00:30","modified_gmt":"2023-07-21T14:00:30","slug":"sesi-formiga-carlos-eufrasio-de-carvalho","status":"publish","type":"escolas","link":"https:\/\/www.fiemg.com.br\/senai\/unidades\/sesi-formiga-carlos-eufrasio-de-carvalho\/","title":{"rendered":"SESI Formiga  \u201cCarlos Eufr\u00e1sio de Carvalho\u201d"},"content":{"rendered":"","protected":false},"featured_media":1639,"parent":0,"menu_order":116,"template":"","unidade":[40],"class_list":["post-1638","escolas","type-escolas","status-publish","has-post-thumbnail","hentry","unidade-unidade-sesi"],"acf":[],"yoast_head":"<!-- This site is optimized with the Yoast SEO plugin v26.2 - https:\/\/yoast.com\/wordpress\/plugins\/seo\/ -->\n<title>SESI Formiga \u201cCarlos Eufr\u00e1sio de Carvalho\u201d - SENAI<\/title>\n<meta name=\"robots\" content=\"index, follow, max-snippet:-1, max-image-preview:large, max-video-preview:-1\" \/>\n<link rel=\"canonical\" href=\"https:\/\/www.fiemg.com.br\/senai\/escolas\/sesi-formiga-carlos-eufrasio-de-carvalho\/\" \/>\n<meta property=\"og:locale\" content=\"pt_BR\" \/>\n<meta property=\"og:type\" content=\"article\" \/>\n<meta property=\"og:title\" content=\"SESI Formiga \u201cCarlos Eufr\u00e1sio de Carvalho\u201d - SENAI\" \/>\n<meta property=\"og:url\" content=\"https:\/\/www.fiemg.com.br\/senai\/escolas\/sesi-formiga-carlos-eufrasio-de-carvalho\/\" \/>\n<meta property=\"og:site_name\" content=\"SENAI\" \/>\n<meta property=\"article:modified_time\" content=\"2023-07-21T14:00:30+00:00\" \/>\n<meta property=\"og:image\" content=\"https:\/\/www.fiemg.com.br\/senai\/wp-content\/uploads\/sites\/12\/2023\/07\/banner-sesi-vida-sst.png\" \/>\n\t<meta property=\"og:image:width\" content=\"620\" \/>\n\t<meta property=\"og:image:height\" content=\"240\" \/>\n\t<meta property=\"og:image:type\" content=\"image\/png\" \/>\n<meta name=\"twitter:card\" content=\"summary_large_image\" \/>\n<script type=\"application\/ld+json\" class=\"yoast-schema-graph\">{\"@context\":\"https:\/\/schema.org\",\"@graph\":[{\"@type\":\"WebPage\",\"@id\":\"https:\/\/www.fiemg.com.br\/senai\/escolas\/sesi-formiga-carlos-eufrasio-de-carvalho\/\",\"url\":\"https:\/\/www.fiemg.com.br\/senai\/escolas\/sesi-formiga-carlos-eufrasio-de-carvalho\/\",\"name\":\"SESI Formiga \u201cCarlos Eufr\u00e1sio de Carvalho\u201d - SENAI\",\"isPartOf\":{\"@id\":\"https:\/\/www.fiemg.com.br\/senai\/#website\"},\"primaryImageOfPage\":{\"@id\":\"https:\/\/www.fiemg.com.br\/senai\/escolas\/sesi-formiga-carlos-eufrasio-de-carvalho\/#primaryimage\"},\"image\":{\"@id\":\"https:\/\/www.fiemg.com.br\/senai\/escolas\/sesi-formiga-carlos-eufrasio-de-carvalho\/#primaryimage\"},\"thumbnailUrl\":\"https:\/\/www.fiemg.com.br\/senai\/wp-content\/uploads\/sites\/12\/2023\/07\/banner-sesi-vida-sst.png\",\"datePublished\":\"2023-07-17T18:12:44+00:00\",\"dateModified\":\"2023-07-21T14:00:30+00:00\",\"breadcrumb\":{\"@id\":\"https:\/\/www.fiemg.com.br\/senai\/escolas\/sesi-formiga-carlos-eufrasio-de-carvalho\/#breadcrumb\"},\"inLanguage\":\"pt-BR\",\"potentialAction\":[{\"@type\":\"ReadAction\",\"target\":[\"https:\/\/www.fiemg.com.br\/senai\/escolas\/sesi-formiga-carlos-eufrasio-de-carvalho\/\"]}]},{\"@type\":\"ImageObject\",\"inLanguage\":\"pt-BR\",\"@id\":\"https:\/\/www.fiemg.com.br\/senai\/escolas\/sesi-formiga-carlos-eufrasio-de-carvalho\/#primaryimage\",\"url\":\"https:\/\/www.fiemg.com.br\/senai\/wp-content\/uploads\/sites\/12\/2023\/07\/banner-sesi-vida-sst.png\",\"contentUrl\":\"https:\/\/www.fiemg.com.br\/senai\/wp-content\/uploads\/sites\/12\/2023\/07\/banner-sesi-vida-sst.png\",\"width\":620,\"height\":240},{\"@type\":\"BreadcrumbList\",\"@id\":\"https:\/\/www.fiemg.com.br\/senai\/escolas\/sesi-formiga-carlos-eufrasio-de-carvalho\/#breadcrumb\",\"itemListElement\":[{\"@type\":\"ListItem\",\"position\":1,\"name\":\"In\u00edcio\",\"item\":\"https:\/\/www.fiemg.com.br\/senai\/\"},{\"@type\":\"ListItem\",\"position\":2,\"name\":\"SESI Formiga \u201cCarlos Eufr\u00e1sio de Carvalho\u201d\"}]},{\"@type\":\"WebSite\",\"@id\":\"https:\/\/www.fiemg.com.br\/senai\/#website\",\"url\":\"https:\/\/www.fiemg.com.br\/senai\/\",\"name\":\"SENAI\",\"description\":\"Federa\u00e7\u00e3o das Ind\u00fastrias do Estado de Minas Gerais\",\"potentialAction\":[{\"@type\":\"SearchAction\",\"target\":{\"@type\":\"EntryPoint\",\"urlTemplate\":\"https:\/\/www.fiemg.com.br\/senai\/?s={search_term_string}\"},\"query-input\":{\"@type\":\"PropertyValueSpecification\",\"valueRequired\":true,\"valueName\":\"search_term_string\"}}],\"inLanguage\":\"pt-BR\"}]}<\/script>\n<!-- \/ Yoast SEO plugin. -->","yoast_head_json":{"title":"SESI Formiga \u201cCarlos Eufr\u00e1sio de Carvalho\u201d - SENAI","robots":{"index":"index","follow":"follow","max-snippet":"max-snippet:-1","max-image-preview":"max-image-preview:large","max-video-preview":"max-video-preview:-1"},"canonical":"https:\/\/www.fiemg.com.br\/senai\/escolas\/sesi-formiga-carlos-eufrasio-de-carvalho\/","og_locale":"pt_BR","og_type":"article","og_title":"SESI Formiga \u201cCarlos Eufr\u00e1sio de Carvalho\u201d - SENAI","og_url":"https:\/\/www.fiemg.com.br\/senai\/escolas\/sesi-formiga-carlos-eufrasio-de-carvalho\/","og_site_name":"SENAI","article_modified_time":"2023-07-21T14:00:30+00:00","og_image":[{"width":620,"height":240,"url":"https:\/\/www.fiemg.com.br\/senai\/wp-content\/uploads\/sites\/12\/2023\/07\/banner-sesi-vida-sst.png","type":"image\/png"}],"twitter_card":"summary_large_image","schema":{"@context":"https:\/\/schema.org","@graph":[{"@type":"WebPage","@id":"https:\/\/www.fiemg.com.br\/senai\/escolas\/sesi-formiga-carlos-eufrasio-de-carvalho\/","url":"https:\/\/www.fiemg.com.br\/senai\/escolas\/sesi-formiga-carlos-eufrasio-de-carvalho\/","name":"SESI Formiga \u201cCarlos Eufr\u00e1sio de Carvalho\u201d - SENAI","isPartOf":{"@id":"https:\/\/www.fiemg.com.br\/senai\/#website"},"primaryImageOfPage":{"@id":"https:\/\/www.fiemg.com.br\/senai\/escolas\/sesi-formiga-carlos-eufrasio-de-carvalho\/#primaryimage"},"image":{"@id":"https:\/\/www.fiemg.com.br\/senai\/escolas\/sesi-formiga-carlos-eufrasio-de-carvalho\/#primaryimage"},"thumbnailUrl":"https:\/\/www.fiemg.com.br\/senai\/wp-content\/uploads\/sites\/12\/2023\/07\/banner-sesi-vida-sst.png","datePublished":"2023-07-17T18:12:44+00:00","dateModified":"2023-07-21T14:00:30+00:00","breadcrumb":{"@id":"https:\/\/www.fiemg.com.br\/senai\/escolas\/sesi-formiga-carlos-eufrasio-de-carvalho\/#breadcrumb"},"inLanguage":"pt-BR","potentialAction":[{"@type":"ReadAction","target":["https:\/\/www.fiemg.com.br\/senai\/escolas\/sesi-formiga-carlos-eufrasio-de-carvalho\/"]}]},{"@type":"ImageObject","inLanguage":"pt-BR","@id":"https:\/\/www.fiemg.com.br\/senai\/escolas\/sesi-formiga-carlos-eufrasio-de-carvalho\/#primaryimage","url":"https:\/\/www.fiemg.com.br\/senai\/wp-content\/uploads\/sites\/12\/2023\/07\/banner-sesi-vida-sst.png","contentUrl":"https:\/\/www.fiemg.com.br\/senai\/wp-content\/uploads\/sites\/12\/2023\/07\/banner-sesi-vida-sst.png","width":620,"height":240},{"@type":"BreadcrumbList","@id":"https:\/\/www.fiemg.com.br\/senai\/escolas\/sesi-formiga-carlos-eufrasio-de-carvalho\/#breadcrumb","itemListElement":[{"@type":"ListItem","position":1,"name":"In\u00edcio","item":"https:\/\/www.fiemg.com.br\/senai\/"},{"@type":"ListItem","position":2,"name":"SESI Formiga \u201cCarlos Eufr\u00e1sio de Carvalho\u201d"}]},{"@type":"WebSite","@id":"https:\/\/www.fiemg.com.br\/senai\/#website","url":"https:\/\/www.fiemg.com.br\/senai\/","name":"SENAI","description":"Federa\u00e7\u00e3o das Ind\u00fastrias do Estado de Minas Gerais","potentialAction":[{"@type":"SearchAction","target":{"@type":"EntryPoint","urlTemplate":"https:\/\/www.fiemg.com.br\/senai\/?s={search_term_string}"},"query-input":{"@type":"PropertyValueSpecification","valueRequired":true,"valueName":"search_term_string"}}],"inLanguage":"pt-BR"}]}},"_links":{"self":[{"href":"https:\/\/www.fiemg.com.br\/senai\/wp-json\/wp\/v2\/escolas\/1638","targetHints":{"allow":["GET"]}}],"collection":[{"href":"https:\/\/www.fiemg.com.br\/senai\/wp-json\/wp\/v2\/escolas"}],"about":[{"href":"https:\/\/www.fiemg.com.br\/senai\/wp-json\/wp\/v2\/types\/escolas"}],"wp:featuredmedia":[{"embeddable":true,"href":"https:\/\/www.fiemg.com.br\/senai\/wp-json\/wp\/v2\/media\/1639"}],"wp:attachment":[{"href":"https:\/\/www.fiemg.com.br\/senai\/wp-json\/wp\/v2\/media?parent=1638"}],"wp:term":[{"taxonomy":"unidade","embeddable":true,"href":"https:\/\/www.fiemg.com.br\/senai\/wp-json\/wp\/v2\/unidade?post=1638"}],"curies":[{"name":"wp","href":"https:\/\/api.w.org\/{rel}","templated":true}]}}

SESI Formiga  “Carlos Eufrásio de Carvalho”

<!-- This site is optimized with the Yoast SEO plugin v26.2 - https://yoast.com/wordpress/plugins/seo/ -->
<title>SESI Formiga “Carlos Eufrásio de Carvalho” - SENAI</title>
<meta name="robots" content="index, follow, max-snippet:-1, max-image-preview:large, max-video-preview:-1" />
<link rel="canonical" href="https://www.fiemg.com.br/senai/escolas/sesi-formiga-carlos-eufrasio-de-carvalho/" />
<meta property="og:locale" content="pt_BR" />
<meta property="og:type" content="article" />
<meta property="og:title" content="SESI Formiga “Carlos Eufrásio de Carvalho” - SENAI" />
<meta property="og:url" content="https://www.fiemg.com.br/senai/escolas/sesi-formiga-carlos-eufrasio-de-carvalho/" />
<meta property="og:site_name" content="SENAI" />
<meta property="article:modified_time" content="2023-07-21T14:00:30+00:00" />
<meta property="og:image" content="https://www.fiemg.com.br/senai/wp-content/uploads/sites/12/2023/07/banner-sesi-vida-sst.png" />
	<meta property="og:image:width" content="620" />
	<meta property="og:image:height" content="240" />
	<meta property="og:image:type" content="image/png" />
<meta name="twitter:card" content="summary_large_image" />
<script type="application/ld+json" class="yoast-schema-graph">{"@context":"https://schema.org","@graph":[{"@type":"WebPage","@id":"https://www.fiemg.com.br/senai/escolas/sesi-formiga-carlos-eufrasio-de-carvalho/","url":"https://www.fiemg.com.br/senai/escolas/sesi-formiga-carlos-eufrasio-de-carvalho/","name":"SESI Formiga “Carlos Eufrásio de Carvalho” - SENAI","isPartOf":{"@id":"https://www.fiemg.com.br/senai/#website"},"primaryImageOfPage":{"@id":"https://www.fiemg.com.br/senai/escolas/sesi-formiga-carlos-eufrasio-de-carvalho/#primaryimage"},"image":{"@id":"https://www.fiemg.com.br/senai/escolas/sesi-formiga-carlos-eufrasio-de-carvalho/#primaryimage"},"thumbnailUrl":"https://www.fiemg.com.br/senai/wp-content/uploads/sites/12/2023/07/banner-sesi-vida-sst.png","datePublished":"2023-07-17T18:12:44+00:00","dateModified":"2023-07-21T14:00:30+00:00","breadcrumb":{"@id":"https://www.fiemg.com.br/senai/escolas/sesi-formiga-carlos-eufrasio-de-carvalho/#breadcrumb"},"inLanguage":"pt-BR","potentialAction":[{"@type":"ReadAction","target":["https://www.fiemg.com.br/senai/escolas/sesi-formiga-carlos-eufrasio-de-carvalho/"]}]},{"@type":"ImageObject","inLanguage":"pt-BR","@id":"https://www.fiemg.com.br/senai/escolas/sesi-formiga-carlos-eufrasio-de-carvalho/#primaryimage","url":"https://www.fiemg.com.br/senai/wp-content/uploads/sites/12/2023/07/banner-sesi-vida-sst.png","contentUrl":"https://www.fiemg.com.br/senai/wp-content/uploads/sites/12/2023/07/banner-sesi-vida-sst.png","width":620,"height":240},{"@type":"BreadcrumbList","@id":"https://www.fiemg.com.br/senai/escolas/sesi-formiga-carlos-eufrasio-de-carvalho/#breadcrumb","itemListElement":[{"@type":"ListItem","position":1,"name":"Início","item":"https://www.fiemg.com.br/senai/"},{"@type":"ListItem","position":2,"name":"SESI Formiga “Carlos Eufrásio de Carvalho”"}]},{"@type":"WebSite","@id":"https://www.fiemg.com.br/senai/#website","url":"https://www.fiemg.com.br/senai/","name":"SENAI","description":"Federação das Indústrias do Estado de Minas Gerais","potentialAction":[{"@type":"SearchAction","target":{"@type":"EntryPoint","urlTemplate":"https://www.fiemg.com.br/senai/?s={search_term_string}"},"query-input":{"@type":"PropertyValueSpecification","valueRequired":true,"valueName":"search_term_string"}}],"inLanguage":"pt-BR"}]}</script>
<!-- / Yoast SEO plugin. -->

SESI Formiga “Carlos Eufrásio de Carvalho” - SENAI

Início

SESI Formiga “Carlos Eufrásio de Carvalho”

Federação das Indústrias do Estado de Minas Gerais
