{"version":"1.0","provider_name":"SESI Cultura","provider_url":"https:\/\/www.fiemg.com.br\/sesi-cultura","author_name":"fiemgadmin","author_url":"https:\/\/www.fiemg.com.br\/sesi-cultura\/author\/fiemgadmin\/","title":"Galeria de Arte SESIMINAS BH - SESI Cultura","type":"rich","width":600,"height":338,"html":"<blockquote class=\"wp-embedded-content\" data-secret=\"I6NMKTKg94\"><a href=\"https:\/\/www.fiemg.com.br\/sesi-cultura\/seu-evento-aqui\/detalhe\/galeria-de-arte-sesiminas-bh\/\">Galeria de Arte SESIMINAS BH<\/a><\/blockquote><iframe sandbox=\"allow-scripts\" security=\"restricted\" src=\"https:\/\/www.fiemg.com.br\/sesi-cultura\/seu-evento-aqui\/detalhe\/galeria-de-arte-sesiminas-bh\/embed\/#?secret=I6NMKTKg94\" width=\"600\" height=\"338\" title=\"&#8220;Galeria de Arte SESIMINAS BH&#8221; &#8212; SESI Cultura\" data-secret=\"I6NMKTKg94\" frameborder=\"0\" marginwidth=\"0\" marginheight=\"0\" scrolling=\"no\" class=\"wp-embedded-content\"><\/iframe><script>\n\/*! This file is auto-generated *\/\n!function(d,l){\"use strict\";l.querySelector&&d.addEventListener&&\"undefined\"!=typeof URL&&(d.wp=d.wp||{},d.wp.receiveEmbedMessage||(d.wp.receiveEmbedMessage=function(e){var t=e.data;if((t||t.secret||t.message||t.value)&&!\/[^a-zA-Z0-9]\/.test(t.secret)){for(var s,r,n,a=l.querySelectorAll('iframe[data-secret=\"'+t.secret+'\"]'),o=l.querySelectorAll('blockquote[data-secret=\"'+t.secret+'\"]'),c=new RegExp(\"^https?:$\",\"i\"),i=0;i<o.length;i++)o[i].style.display=\"none\";for(i=0;i<a.length;i++)s=a[i],e.source===s.contentWindow&&(s.removeAttribute(\"style\"),\"height\"===t.message?(1e3<(r=parseInt(t.value,10))?r=1e3:~~r<200&&(r=200),s.height=r):\"link\"===t.message&&(r=new URL(s.getAttribute(\"src\")),n=new URL(t.value),c.test(n.protocol))&&n.host===r.host&&l.activeElement===s&&(d.top.location.href=t.value))}},d.addEventListener(\"message\",d.wp.receiveEmbedMessage,!1),l.addEventListener(\"DOMContentLoaded\",function(){for(var e,t,s=l.querySelectorAll(\"iframe.wp-embedded-content\"),r=0;r<s.length;r++)(t=(e=s[r]).getAttribute(\"data-secret\"))||(t=Math.random().toString(36).substring(2,12),e.src+=\"#?secret=\"+t,e.setAttribute(\"data-secret\",t)),e.contentWindow.postMessage({message:\"ready\",secret:t},\"*\")},!1)))}(window,document);\n<\/script>\n","thumbnail_url":"https:\/\/www.fiemg.com.br\/sesi-cultura\/wp-content\/uploads\/sites\/28\/2023\/07\/f7e223252a54f66aa050fd83a123c22bc1fc9609ec035e4d3df0da383d625ca3-1-e1690313746835.jpg","thumbnail_width":484,"thumbnail_height":384,"description":"A Galeria de Arte do SESIMINAS BH conta com acessibilidade total e espa\u00e7o adequado para exposi\u00e7\u00f5es e recep\u00e7\u00f5es. Ideal para eventos culturais, sociais e corporativos. A localiza\u00e7\u00e3o \u00e9 privilegiada, na entrada do Centro Cultural. Os visitantes e p\u00fablicos dos teatros t\u00eam a oportunidade de acessar o espa\u00e7o e ver as exposi\u00e7\u00f5es em cartaz enquanto aguardam [&hellip;]"}

A Galeria de Arte do SESIMINAS BH conta com acessibilidade total e espaço adequado para exposições e recepções. Ideal para eventos culturais, sociais e corporativos. A localização é privilegiada, na entrada do Centro Cultural. Os visitantes e públicos dos teatros têm a oportunidade de acessar o espaço e ver as exposições em cartaz enquanto aguardam [&hellip;]
