{"id":3026,"date":"2023-07-11T13:34:07","date_gmt":"2023-07-11T13:34:07","guid":{"rendered":"https:\/\/www.fiemg.com.br\/sesi-cultra\/?page_id=3026"},"modified":"2026-02-20T16:49:02","modified_gmt":"2026-02-20T19:49:02","slug":"biblioteca","status":"publish","type":"page","link":"https:\/\/www.fiemg.com.br\/sesi-cultura\/biblioteca\/","title":{"rendered":"Biblioteca"},"content":{"rendered":"\t\t<div data-elementor-type=\"wp-page\" data-elementor-id=\"3026\" class=\"elementor elementor-3026\" data-elementor-post-type=\"page\">\n\t\t\t\t<div class=\"has_ae_slider elementor-element elementor-element-ca8a776 e-con-full e-flex ae-bg-gallery-type-default e-con e-parent\" data-id=\"ca8a776\" data-element_type=\"container\">\n\t\t\t\t<div class=\"elementor-element elementor-element-0287953 elementor-widget elementor-widget-image\" data-id=\"0287953\" data-element_type=\"widget\" data-widget_type=\"image.default\">\n\t\t\t\t<div class=\"elementor-widget-container\">\n\t\t\t\t\t\t\t\t\t\t\t\t\t\t\t<img fetchpriority=\"high\" decoding=\"async\" width=\"8000\" height=\"1296\" src=\"https:\/\/www.fiemg.com.br\/sesi-cultura\/wp-content\/uploads\/sites\/28\/2025\/11\/0247_SC_Branding_B.-Site_1920x310_Biblioteca.png\" class=\"attachment-full size-full wp-image-6892\" alt=\"\" srcset=\"https:\/\/www.fiemg.com.br\/sesi-cultura\/wp-content\/uploads\/sites\/28\/2025\/11\/0247_SC_Branding_B.-Site_1920x310_Biblioteca.png 8000w, https:\/\/www.fiemg.com.br\/sesi-cultura\/wp-content\/uploads\/sites\/28\/2025\/11\/0247_SC_Branding_B.-Site_1920x310_Biblioteca-300x49.png 300w, https:\/\/www.fiemg.com.br\/sesi-cultura\/wp-content\/uploads\/sites\/28\/2025\/11\/0247_SC_Branding_B.-Site_1920x310_Biblioteca-1024x166.png 1024w, https:\/\/www.fiemg.com.br\/sesi-cultura\/wp-content\/uploads\/sites\/28\/2025\/11\/0247_SC_Branding_B.-Site_1920x310_Biblioteca-768x124.png 768w, https:\/\/www.fiemg.com.br\/sesi-cultura\/wp-content\/uploads\/sites\/28\/2025\/11\/0247_SC_Branding_B.-Site_1920x310_Biblioteca-1536x249.png 1536w, https:\/\/www.fiemg.com.br\/sesi-cultura\/wp-content\/uploads\/sites\/28\/2025\/11\/0247_SC_Branding_B.-Site_1920x310_Biblioteca-2048x332.png 2048w\" sizes=\"(max-width: 8000px) 100vw, 8000px\" \/>\t\t\t\t\t\t\t\t\t\t\t\t\t\t\t<\/div>\n\t\t\t\t<\/div>\n\t\t\t\t<\/div>\n\t\t<div class=\"has_ae_slider elementor-element elementor-element-9215ee9 e-flex e-con-boxed ae-bg-gallery-type-default e-con e-parent\" data-id=\"9215ee9\" data-element_type=\"container\">\n\t\t\t\t\t<div class=\"e-con-inner\">\n\t\t\t\t\t<\/div>\n\t\t\t\t<\/div>\n\t\t<div class=\"has_ae_slider elementor-element elementor-element-6a4001b e-flex e-con-boxed ae-bg-gallery-type-default e-con e-parent\" data-id=\"6a4001b\" data-element_type=\"container\">\n\t\t\t\t\t<div class=\"e-con-inner\">\n\t\t\t\t<div class=\"elementor-element elementor-element-f8d4087 elementor-widget elementor-widget-heading\" data-id=\"f8d4087\" data-element_type=\"widget\" data-widget_type=\"heading.default\">\n\t\t\t\t<div class=\"elementor-widget-container\">\n\t\t\t\t\t<h2 class=\"elementor-heading-title elementor-size-default\">A Biblioteca<\/h2>\t\t\t\t<\/div>\n\t\t\t\t<\/div>\n\t\t\t\t<div class=\"elementor-element elementor-element-40a5c39 elementor-widget elementor-widget-text-editor\" data-id=\"40a5c39\" data-element_type=\"widget\" data-widget_type=\"text-editor.default\">\n\t\t\t\t<div class=\"elementor-widget-container\">\n\t\t\t\t\t\t\t\t\t<p>Os livros nos convidam a viajar pelo tempo, pela hist\u00f3ria e por lugares inimagin\u00e1veis. Para estimular a leitura e a pesquisa, a Biblioteca SESIMINAS, localizada no Centro Cultural SESIMINAS BH, re\u00fane um acervo com\u00a0<strong>mais de 30 mil exemplares<\/strong>, entre livros, apostilas e peri\u00f3dicos.<\/p>\t\t\t\t\t\t\t\t<\/div>\n\t\t\t\t<\/div>\n\t\t\t\t\t<\/div>\n\t\t\t\t<\/div>\n\t\t<div class=\"has_ae_slider elementor-element elementor-element-184d972 e-flex e-con-boxed ae-bg-gallery-type-default e-con e-parent\" data-id=\"184d972\" data-element_type=\"container\">\n\t\t\t\t\t<div class=\"e-con-inner\">\n\t\t\t\t<div class=\"elementor-element elementor-element-199ecbe elementor-widget elementor-widget-heading\" data-id=\"199ecbe\" data-element_type=\"widget\" data-widget_type=\"heading.default\">\n\t\t\t\t<div class=\"elementor-widget-container\">\n\t\t\t\t\t<h2 class=\"elementor-heading-title elementor-size-default\">Fa\u00e7a sua inscri\u00e7\u00e3o!<\/h2>\t\t\t\t<\/div>\n\t\t\t\t<\/div>\n\t\t\t\t<div class=\"elementor-element elementor-element-f3b0f0c elementor-widget elementor-widget-text-editor\" data-id=\"f3b0f0c\" data-element_type=\"widget\" data-widget_type=\"text-editor.default\">\n\t\t\t\t<div class=\"elementor-widget-container\">\n\t\t\t\t\t\t\t\t\t<p>Compare\u00e7a \u00e0 biblioteca com um documento de identifica\u00e7\u00e3o com foto, comprovante de resid\u00eancia e realize o pagamento da taxa de manuten\u00e7\u00e3o anual.<\/p><p>Voc\u00ea poder\u00e1 fazer o empr\u00e9stimo de\u00a0<strong>um livro por 15 dias,<\/strong>\u00a0com possibilidade de renova\u00e7\u00e3o caso n\u00e3o haja reserva dos exemplares.<\/p>\t\t\t\t\t\t\t\t<\/div>\n\t\t\t\t<\/div>\n\t\t\t\t\t<\/div>\n\t\t\t\t<\/div>\n\t\t<div class=\"has_ae_slider elementor-element elementor-element-c9b7fc0 e-flex e-con-boxed ae-bg-gallery-type-default e-con e-parent\" data-id=\"c9b7fc0\" data-element_type=\"container\">\n\t\t\t\t\t<div class=\"e-con-inner\">\n\t\t\t\t<div class=\"elementor-element elementor-element-d1f4a27 elementor-widget elementor-widget-heading\" data-id=\"d1f4a27\" data-element_type=\"widget\" data-widget_type=\"heading.default\">\n\t\t\t\t<div class=\"elementor-widget-container\">\n\t\t\t\t\t<h2 class=\"elementor-heading-title elementor-size-default\">Hor\u00e1rio de Atendimento <\/h2>\t\t\t\t<\/div>\n\t\t\t\t<\/div>\n\t\t\t\t<div class=\"elementor-element elementor-element-bce296d elementor-widget elementor-widget-text-editor\" data-id=\"bce296d\" data-element_type=\"widget\" data-widget_type=\"text-editor.default\">\n\t\t\t\t<div class=\"elementor-widget-container\">\n\t\t\t\t\t\t\t\t\t<p><strong>De segunda a sexta, das 9h \u00e0s 19h.<\/strong><br data-start=\"34\" data-end=\"37\" \/><strong>Primeiro e \u00faltimo s\u00e1bado do m\u00eas, das 9h \u00e0s 14h30.<\/strong><\/p>\t\t\t\t\t\t\t\t<\/div>\n\t\t\t\t<\/div>\n\t\t\t\t\t<\/div>\n\t\t\t\t<\/div>\n\t\t<div class=\"has_ae_slider elementor-element elementor-element-073e001 e-flex e-con-boxed ae-bg-gallery-type-default e-con e-parent\" data-id=\"073e001\" data-element_type=\"container\">\n\t\t\t\t\t<div class=\"e-con-inner\">\n\t\t\t\t<div class=\"elementor-element elementor-element-5252f9f elementor-widget elementor-widget-image\" data-id=\"5252f9f\" data-element_type=\"widget\" data-widget_type=\"image.default\">\n\t\t\t\t<div class=\"elementor-widget-container\">\n\t\t\t\t\t\t\t\t\t\t\t\t\t\t\t<img decoding=\"async\" src=\"https:\/\/www.fiemg.com.br\/sesi-cultura\/wp-content\/uploads\/sites\/28\/2023\/07\/biblioteca-sesiminas-bh.jpg\" title=\"biblioteca-sesiminas-bh\" alt=\"biblioteca-sesiminas-bh\" loading=\"lazy\" \/>\t\t\t\t\t\t\t\t\t\t\t\t\t\t\t<\/div>\n\t\t\t\t<\/div>\n\t\t\t\t\t<\/div>\n\t\t\t\t<\/div>\n\t\t<div class=\"has_ae_slider elementor-element elementor-element-a95eba2 e-flex e-con-boxed ae-bg-gallery-type-default e-con e-parent\" data-id=\"a95eba2\" data-element_type=\"container\">\n\t\t\t\t\t<div class=\"e-con-inner\">\n\t\t\t\t<div class=\"elementor-element elementor-element-68869d2 elementor-widget elementor-widget-heading\" data-id=\"68869d2\" data-element_type=\"widget\" data-widget_type=\"heading.default\">\n\t\t\t\t<div class=\"elementor-widget-container\">\n\t\t\t\t\t<h2 class=\"elementor-heading-title elementor-size-default\">Acervo<\/h2>\t\t\t\t<\/div>\n\t\t\t\t<\/div>\n\t\t\t\t<div class=\"elementor-element elementor-element-862d820 elementor-widget elementor-widget-text-editor\" data-id=\"862d820\" data-element_type=\"widget\" data-widget_type=\"text-editor.default\">\n\t\t\t\t<div class=\"elementor-widget-container\">\n\t\t\t\t\t\t\t\t\t<p><strong>Leitura em Geral<\/strong><\/p><ul><li>Cl\u00e1ssicos da literatura brasileira e estrangeira, best-sellers, livros de autoajuda, religiosos e de \u00e1reas do conhecimento.<\/li><\/ul><p><strong>Leitura Infanto Juvenil<\/strong><\/p><ul><li>Revistas em quadrinhos, cole\u00e7\u00f5es diversificadas e livros atualizados para crian\u00e7as e jovens.<\/li><\/ul><p><strong>Peri\u00f3dicos<\/strong><\/p><ul><li>Acervo de peri\u00f3dicos formado por jornais di\u00e1rios, revistas semanais e mensais para leitura e pesquisa no espa\u00e7o da biblioteca.<\/li><\/ul><p><strong>Materiais de Refer\u00eancia<\/strong><\/p><ul><li>Obras de refer\u00eancias como enciclop\u00e9dias, almanaques e dicion\u00e1rios. Podem ser consultadas na Biblioteca.<\/li><\/ul><p><strong><a href=\"https:\/\/bibliotecasesisenai.fiemg.com.br\/\" target=\"_blank\" rel=\"noopener\">Clique Aqui<\/a> <\/strong>e pesquise nosso acervo!<\/p><p><strong>\u00a0<\/strong><\/p>\t\t\t\t\t\t\t\t<\/div>\n\t\t\t\t<\/div>\n\t\t\t\t\t<\/div>\n\t\t\t\t<\/div>\n\t\t<div class=\"has_ae_slider elementor-element elementor-element-99394e9 e-flex e-con-boxed ae-bg-gallery-type-default e-con e-parent\" data-id=\"99394e9\" data-element_type=\"container\">\n\t\t\t\t\t<div class=\"e-con-inner\">\n\t\t\t\t<div class=\"elementor-element elementor-element-d801e09 elementor-widget elementor-widget-heading\" data-id=\"d801e09\" data-element_type=\"widget\" data-widget_type=\"heading.default\">\n\t\t\t\t<div class=\"elementor-widget-container\">\n\t\t\t\t\t<h2 class=\"elementor-heading-title elementor-size-default\">Demais Servi\u00e7os<\/h2>\t\t\t\t<\/div>\n\t\t\t\t<\/div>\n\t\t\t\t<div class=\"elementor-element elementor-element-59a92d1 elementor-widget elementor-widget-text-editor\" data-id=\"59a92d1\" data-element_type=\"widget\" data-widget_type=\"text-editor.default\">\n\t\t\t\t<div class=\"elementor-widget-container\">\n\t\t\t\t\t\t\t\t\t<p>A biblioteca \u00e9 aberta ao p\u00fablico e oferece, ainda, servi\u00e7os de\u00a0<strong>empr\u00e9stimo entre bibliotecas SESI e SENAI, atividades culturais, espa\u00e7o l\u00fadico para crian\u00e7as, espa\u00e7o individual para estudos, acesso \u00e0 internet e impress\u00e3o<\/strong>.<\/p>\t\t\t\t\t\t\t\t<\/div>\n\t\t\t\t<\/div>\n\t\t\t\t\t<\/div>\n\t\t\t\t<\/div>\n\t\t<div class=\"has_ae_slider elementor-element elementor-element-8eb18fc e-flex e-con-boxed ae-bg-gallery-type-default e-con e-parent\" data-id=\"8eb18fc\" data-element_type=\"container\">\n\t\t\t\t\t<div class=\"e-con-inner\">\n\t\t\t\t<div class=\"elementor-element elementor-element-68a659a elementor-widget elementor-widget-heading\" data-id=\"68a659a\" data-element_type=\"widget\" data-widget_type=\"heading.default\">\n\t\t\t\t<div class=\"elementor-widget-container\">\n\t\t\t\t\t<h2 class=\"elementor-heading-title elementor-size-default\">Contato<\/h2>\t\t\t\t<\/div>\n\t\t\t\t<\/div>\n\t\t\t\t<div class=\"elementor-element elementor-element-f088893 elementor-widget elementor-widget-text-editor\" data-id=\"f088893\" data-element_type=\"widget\" data-widget_type=\"text-editor.default\">\n\t\t\t\t<div class=\"elementor-widget-container\">\n\t\t\t\t\t\t\t\t\t<p>\u260e\u00a0<!--StartFragment--><span data-olk-copy-source=\"MessageBody\">(31) 97169-6735<\/span><!--EndFragment-->\u00a0&#8211; <a href=\"https:\/\/api.whatsapp.com\/send?phone=5531971696735\">clique aqui para chamar no WhatsApp\u00a0<\/a><\/p><p>\u2709\u00a0<a href=\"mailto:sesiculturamg@fiemg.com.br\">bsesiminasbh@fiemg.com.br<\/a><\/p>\t\t\t\t\t\t\t\t<\/div>\n\t\t\t\t<\/div>\n\t\t\t\t\t<\/div>\n\t\t\t\t<\/div>\n\t\t\t\t<\/div>\n\t\t","protected":false},"excerpt":{"rendered":"<p>A Biblioteca Os livros nos convidam a viajar pelo tempo, pela hist\u00f3ria e por lugares inimagin\u00e1veis. Para estimular a leitura e a pesquisa, a Biblioteca SESIMINAS, localizada no Centro Cultural SESIMINAS BH, re\u00fane um acervo com\u00a0mais de 30 mil exemplares, entre livros, apostilas e peri\u00f3dicos. Fa\u00e7a sua inscri\u00e7\u00e3o! Compare\u00e7a \u00e0 biblioteca com um documento de [&hellip;]<\/p>\n","protected":false},"author":1,"featured_media":4432,"parent":0,"menu_order":0,"comment_status":"closed","ping_status":"closed","template":"","meta":{"footnotes":""},"class_list":["post-3026","page","type-page","status-publish","has-post-thumbnail","hentry"],"acf":[],"yoast_head":"<!-- This site is optimized with the Yoast SEO plugin v26.2 - https:\/\/yoast.com\/wordpress\/plugins\/seo\/ -->\n<title>Biblioteca - SESI Cultura<\/title>\n<meta name=\"robots\" content=\"index, follow, max-snippet:-1, max-image-preview:large, max-video-preview:-1\" \/>\n<link rel=\"canonical\" href=\"https:\/\/www.fiemg.com.br\/sesi-cultura\/biblioteca\/\" \/>\n<meta property=\"og:locale\" content=\"pt_BR\" \/>\n<meta property=\"og:type\" content=\"article\" \/>\n<meta property=\"og:title\" content=\"Biblioteca - SESI Cultura\" \/>\n<meta property=\"og:description\" content=\"A Biblioteca Os livros nos convidam a viajar pelo tempo, pela hist\u00f3ria e por lugares inimagin\u00e1veis. Para estimular a leitura e a pesquisa, a Biblioteca SESIMINAS, localizada no Centro Cultural SESIMINAS BH, re\u00fane um acervo com\u00a0mais de 30 mil exemplares, entre livros, apostilas e peri\u00f3dicos. Fa\u00e7a sua inscri\u00e7\u00e3o! Compare\u00e7a \u00e0 biblioteca com um documento de [&hellip;]\" \/>\n<meta property=\"og:url\" content=\"https:\/\/www.fiemg.com.br\/sesi-cultura\/biblioteca\/\" \/>\n<meta property=\"og:site_name\" content=\"SESI Cultura\" \/>\n<meta property=\"article:modified_time\" content=\"2026-02-20T19:49:02+00:00\" \/>\n<meta property=\"og:image\" content=\"https:\/\/www.fiemg.com.br\/sesi-cultura\/wp-content\/uploads\/sites\/28\/2023\/08\/Biblioteca-B.-Site_1920x310-1.jpg\" \/>\n\t<meta property=\"og:image:width\" content=\"1920\" \/>\n\t<meta property=\"og:image:height\" content=\"310\" \/>\n\t<meta property=\"og:image:type\" content=\"image\/jpeg\" \/>\n<meta name=\"twitter:card\" content=\"summary_large_image\" \/>\n<meta name=\"twitter:label1\" content=\"Est. tempo de leitura\" \/>\n\t<meta name=\"twitter:data1\" content=\"2 minutos\" \/>\n<script type=\"application\/ld+json\" class=\"yoast-schema-graph\">{\"@context\":\"https:\/\/schema.org\",\"@graph\":[{\"@type\":\"WebPage\",\"@id\":\"https:\/\/www.fiemg.com.br\/sesi-cultura\/biblioteca\/\",\"url\":\"https:\/\/www.fiemg.com.br\/sesi-cultura\/biblioteca\/\",\"name\":\"Biblioteca - SESI Cultura\",\"isPartOf\":{\"@id\":\"https:\/\/www.fiemg.com.br\/sesi-cultura\/#website\"},\"primaryImageOfPage\":{\"@id\":\"https:\/\/www.fiemg.com.br\/sesi-cultura\/biblioteca\/#primaryimage\"},\"image\":{\"@id\":\"https:\/\/www.fiemg.com.br\/sesi-cultura\/biblioteca\/#primaryimage\"},\"thumbnailUrl\":\"https:\/\/www.fiemg.com.br\/sesi-cultura\/wp-content\/uploads\/sites\/28\/2023\/08\/Biblioteca-B.-Site_1920x310-1.jpg\",\"datePublished\":\"2023-07-11T13:34:07+00:00\",\"dateModified\":\"2026-02-20T19:49:02+00:00\",\"breadcrumb\":{\"@id\":\"https:\/\/www.fiemg.com.br\/sesi-cultura\/biblioteca\/#breadcrumb\"},\"inLanguage\":\"pt-BR\",\"potentialAction\":[{\"@type\":\"ReadAction\",\"target\":[\"https:\/\/www.fiemg.com.br\/sesi-cultura\/biblioteca\/\"]}]},{\"@type\":\"ImageObject\",\"inLanguage\":\"pt-BR\",\"@id\":\"https:\/\/www.fiemg.com.br\/sesi-cultura\/biblioteca\/#primaryimage\",\"url\":\"https:\/\/www.fiemg.com.br\/sesi-cultura\/wp-content\/uploads\/sites\/28\/2023\/08\/Biblioteca-B.-Site_1920x310-1.jpg\",\"contentUrl\":\"https:\/\/www.fiemg.com.br\/sesi-cultura\/wp-content\/uploads\/sites\/28\/2023\/08\/Biblioteca-B.-Site_1920x310-1.jpg\",\"width\":1920,\"height\":310},{\"@type\":\"BreadcrumbList\",\"@id\":\"https:\/\/www.fiemg.com.br\/sesi-cultura\/biblioteca\/#breadcrumb\",\"itemListElement\":[{\"@type\":\"ListItem\",\"position\":1,\"name\":\"In\u00edcio\",\"item\":\"https:\/\/www.fiemg.com.br\/sesi-cultura\/\"},{\"@type\":\"ListItem\",\"position\":2,\"name\":\"Biblioteca\"}]},{\"@type\":\"WebSite\",\"@id\":\"https:\/\/www.fiemg.com.br\/sesi-cultura\/#website\",\"url\":\"https:\/\/www.fiemg.com.br\/sesi-cultura\/\",\"name\":\"SESI Cultura\",\"description\":\"Federa\u00e7\u00e3o das Ind\u00fastrias do Estado de Minas Gerais\",\"publisher\":{\"@id\":\"https:\/\/www.fiemg.com.br\/sesi-cultura\/#organization\"},\"potentialAction\":[{\"@type\":\"SearchAction\",\"target\":{\"@type\":\"EntryPoint\",\"urlTemplate\":\"https:\/\/www.fiemg.com.br\/sesi-cultura\/?s={search_term_string}\"},\"query-input\":{\"@type\":\"PropertyValueSpecification\",\"valueRequired\":true,\"valueName\":\"search_term_string\"}}],\"inLanguage\":\"pt-BR\"},{\"@type\":\"Organization\",\"@id\":\"https:\/\/www.fiemg.com.br\/sesi-cultura\/#organization\",\"name\":\"SESI Cultura\",\"url\":\"https:\/\/www.fiemg.com.br\/sesi-cultura\/\",\"logo\":{\"@type\":\"ImageObject\",\"inLanguage\":\"pt-BR\",\"@id\":\"https:\/\/www.fiemg.com.br\/sesi-cultura\/#\/schema\/logo\/image\/\",\"url\":\"https:\/\/www.fiemg.com.br\/sesi-cultura\/wp-content\/uploads\/sites\/28\/2023\/02\/LO000325_SESI_CULTURA_NOVA_LOGO_BRANCO_site_1.png\",\"contentUrl\":\"https:\/\/www.fiemg.com.br\/sesi-cultura\/wp-content\/uploads\/sites\/28\/2023\/02\/LO000325_SESI_CULTURA_NOVA_LOGO_BRANCO_site_1.png\",\"width\":394,\"height\":168,\"caption\":\"SESI Cultura\"},\"image\":{\"@id\":\"https:\/\/www.fiemg.com.br\/sesi-cultura\/#\/schema\/logo\/image\/\"}}]}<\/script>\n<!-- \/ Yoast SEO plugin. -->","yoast_head_json":{"title":"Biblioteca - SESI Cultura","robots":{"index":"index","follow":"follow","max-snippet":"max-snippet:-1","max-image-preview":"max-image-preview:large","max-video-preview":"max-video-preview:-1"},"canonical":"https:\/\/www.fiemg.com.br\/sesi-cultura\/biblioteca\/","og_locale":"pt_BR","og_type":"article","og_title":"Biblioteca - SESI Cultura","og_description":"A Biblioteca Os livros nos convidam a viajar pelo tempo, pela hist\u00f3ria e por lugares inimagin\u00e1veis. Para estimular a leitura e a pesquisa, a Biblioteca SESIMINAS, localizada no Centro Cultural SESIMINAS BH, re\u00fane um acervo com\u00a0mais de 30 mil exemplares, entre livros, apostilas e peri\u00f3dicos. Fa\u00e7a sua inscri\u00e7\u00e3o! Compare\u00e7a \u00e0 biblioteca com um documento de [&hellip;]","og_url":"https:\/\/www.fiemg.com.br\/sesi-cultura\/biblioteca\/","og_site_name":"SESI Cultura","article_modified_time":"2026-02-20T19:49:02+00:00","og_image":[{"width":1920,"height":310,"url":"https:\/\/www.fiemg.com.br\/sesi-cultura\/wp-content\/uploads\/sites\/28\/2023\/08\/Biblioteca-B.-Site_1920x310-1.jpg","type":"image\/jpeg"}],"twitter_card":"summary_large_image","twitter_misc":{"Est. tempo de leitura":"2 minutos"},"schema":{"@context":"https:\/\/schema.org","@graph":[{"@type":"WebPage","@id":"https:\/\/www.fiemg.com.br\/sesi-cultura\/biblioteca\/","url":"https:\/\/www.fiemg.com.br\/sesi-cultura\/biblioteca\/","name":"Biblioteca - SESI Cultura","isPartOf":{"@id":"https:\/\/www.fiemg.com.br\/sesi-cultura\/#website"},"primaryImageOfPage":{"@id":"https:\/\/www.fiemg.com.br\/sesi-cultura\/biblioteca\/#primaryimage"},"image":{"@id":"https:\/\/www.fiemg.com.br\/sesi-cultura\/biblioteca\/#primaryimage"},"thumbnailUrl":"https:\/\/www.fiemg.com.br\/sesi-cultura\/wp-content\/uploads\/sites\/28\/2023\/08\/Biblioteca-B.-Site_1920x310-1.jpg","datePublished":"2023-07-11T13:34:07+00:00","dateModified":"2026-02-20T19:49:02+00:00","breadcrumb":{"@id":"https:\/\/www.fiemg.com.br\/sesi-cultura\/biblioteca\/#breadcrumb"},"inLanguage":"pt-BR","potentialAction":[{"@type":"ReadAction","target":["https:\/\/www.fiemg.com.br\/sesi-cultura\/biblioteca\/"]}]},{"@type":"ImageObject","inLanguage":"pt-BR","@id":"https:\/\/www.fiemg.com.br\/sesi-cultura\/biblioteca\/#primaryimage","url":"https:\/\/www.fiemg.com.br\/sesi-cultura\/wp-content\/uploads\/sites\/28\/2023\/08\/Biblioteca-B.-Site_1920x310-1.jpg","contentUrl":"https:\/\/www.fiemg.com.br\/sesi-cultura\/wp-content\/uploads\/sites\/28\/2023\/08\/Biblioteca-B.-Site_1920x310-1.jpg","width":1920,"height":310},{"@type":"BreadcrumbList","@id":"https:\/\/www.fiemg.com.br\/sesi-cultura\/biblioteca\/#breadcrumb","itemListElement":[{"@type":"ListItem","position":1,"name":"In\u00edcio","item":"https:\/\/www.fiemg.com.br\/sesi-cultura\/"},{"@type":"ListItem","position":2,"name":"Biblioteca"}]},{"@type":"WebSite","@id":"https:\/\/www.fiemg.com.br\/sesi-cultura\/#website","url":"https:\/\/www.fiemg.com.br\/sesi-cultura\/","name":"SESI Cultura","description":"Federa\u00e7\u00e3o das Ind\u00fastrias do Estado de Minas Gerais","publisher":{"@id":"https:\/\/www.fiemg.com.br\/sesi-cultura\/#organization"},"potentialAction":[{"@type":"SearchAction","target":{"@type":"EntryPoint","urlTemplate":"https:\/\/www.fiemg.com.br\/sesi-cultura\/?s={search_term_string}"},"query-input":{"@type":"PropertyValueSpecification","valueRequired":true,"valueName":"search_term_string"}}],"inLanguage":"pt-BR"},{"@type":"Organization","@id":"https:\/\/www.fiemg.com.br\/sesi-cultura\/#organization","name":"SESI Cultura","url":"https:\/\/www.fiemg.com.br\/sesi-cultura\/","logo":{"@type":"ImageObject","inLanguage":"pt-BR","@id":"https:\/\/www.fiemg.com.br\/sesi-cultura\/#\/schema\/logo\/image\/","url":"https:\/\/www.fiemg.com.br\/sesi-cultura\/wp-content\/uploads\/sites\/28\/2023\/02\/LO000325_SESI_CULTURA_NOVA_LOGO_BRANCO_site_1.png","contentUrl":"https:\/\/www.fiemg.com.br\/sesi-cultura\/wp-content\/uploads\/sites\/28\/2023\/02\/LO000325_SESI_CULTURA_NOVA_LOGO_BRANCO_site_1.png","width":394,"height":168,"caption":"SESI Cultura"},"image":{"@id":"https:\/\/www.fiemg.com.br\/sesi-cultura\/#\/schema\/logo\/image\/"}}]}},"_links":{"self":[{"href":"https:\/\/www.fiemg.com.br\/sesi-cultura\/wp-json\/wp\/v2\/pages\/3026","targetHints":{"allow":["GET"]}}],"collection":[{"href":"https:\/\/www.fiemg.com.br\/sesi-cultura\/wp-json\/wp\/v2\/pages"}],"about":[{"href":"https:\/\/www.fiemg.com.br\/sesi-cultura\/wp-json\/wp\/v2\/types\/page"}],"author":[{"embeddable":true,"href":"https:\/\/www.fiemg.com.br\/sesi-cultura\/wp-json\/wp\/v2\/users\/1"}],"replies":[{"embeddable":true,"href":"https:\/\/www.fiemg.com.br\/sesi-cultura\/wp-json\/wp\/v2\/comments?post=3026"}],"version-history":[{"count":0,"href":"https:\/\/www.fiemg.com.br\/sesi-cultura\/wp-json\/wp\/v2\/pages\/3026\/revisions"}],"wp:featuredmedia":[{"embeddable":true,"href":"https:\/\/www.fiemg.com.br\/sesi-cultura\/wp-json\/wp\/v2\/media\/4432"}],"wp:attachment":[{"href":"https:\/\/www.fiemg.com.br\/sesi-cultura\/wp-json\/wp\/v2\/media?parent=3026"}],"curies":[{"name":"wp","href":"https:\/\/api.w.org\/{rel}","templated":true}]}}