{"id":5084,"date":"2024-05-07T11:39:05","date_gmt":"2024-05-07T14:39:05","guid":{"rendered":"https:\/\/www.fiemg.com.br\/sesi-cultura\/?post_type=programacao&#038;p=5084"},"modified":"2024-06-05T18:20:15","modified_gmt":"2024-06-05T21:20:15","slug":"recital-flamenco","status":"publish","type":"programacao","link":"https:\/\/www.fiemg.com.br\/sesi-cultura\/programacao\/detalhe\/recital-flamenco\/","title":{"rendered":"Recital Flamenco"},"content":{"rendered":"<p>S\u00e1bado, 20h<\/p>\n","protected":false},"excerpt":{"rendered":"<p>S\u00e1bado, 20h<\/p>\n","protected":false},"featured_media":5083,"parent":0,"menu_order":0,"template":"","categoria_programacao_unidade":[427,426],"class_list":["post-5084","programacao","type-programacao","status-publish","has-post-thumbnail","hentry","categoria_programacao_unidade-centro-cultural-sesiminas-bh","categoria_programacao_unidade-teatro-de-bolso-sesiminas-bh"],"acf":[],"yoast_head":"<!-- This site is optimized with the Yoast SEO plugin v26.2 - https:\/\/yoast.com\/wordpress\/plugins\/seo\/ -->\n<title>Recital Flamenco - SESI Cultura<\/title>\n<meta name=\"description\" content=\"O flamenco, g\u00eanero musical profundamente enraizado na cultura da Espanha e da Andaluzia, ganhar\u00e1 vida na programa\u00e7\u00e3o do Centro Cultural Sesiminas com a apresenta\u00e7\u00e3o do\u00a0Recital Flamenco.\" \/>\n<meta name=\"robots\" content=\"index, follow, max-snippet:-1, max-image-preview:large, max-video-preview:-1\" \/>\n<link rel=\"canonical\" href=\"https:\/\/www.fiemg.com.br\/sesi-cultura\/programacao\/detalhe\/recital-flamenco\/\" \/>\n<meta property=\"og:locale\" content=\"pt_BR\" \/>\n<meta property=\"og:type\" content=\"article\" \/>\n<meta property=\"og:title\" content=\"Recital Flamenco - SESI Cultura\" \/>\n<meta property=\"og:description\" content=\"O flamenco, g\u00eanero musical profundamente enraizado na cultura da Espanha e da Andaluzia, ganhar\u00e1 vida na programa\u00e7\u00e3o do Centro Cultural Sesiminas com a apresenta\u00e7\u00e3o do\u00a0Recital Flamenco.\" \/>\n<meta property=\"og:url\" content=\"https:\/\/www.fiemg.com.br\/sesi-cultura\/programacao\/detalhe\/recital-flamenco\/\" \/>\n<meta property=\"og:site_name\" content=\"SESI Cultura\" \/>\n<meta property=\"article:modified_time\" content=\"2024-06-05T21:20:15+00:00\" \/>\n<meta property=\"og:image\" content=\"https:\/\/www.fiemg.com.br\/sesi-cultura\/wp-content\/uploads\/sites\/28\/2024\/05\/Pagina-do-Evento-Recital-Flamenco-1-1.png\" \/>\n\t<meta property=\"og:image:width\" content=\"1128\" \/>\n\t<meta property=\"og:image:height\" content=\"635\" \/>\n\t<meta property=\"og:image:type\" content=\"image\/png\" \/>\n<meta name=\"twitter:card\" content=\"summary_large_image\" \/>\n<meta name=\"twitter:label1\" content=\"Est. tempo de leitura\" \/>\n\t<meta name=\"twitter:data1\" content=\"1 minuto\" \/>\n<script type=\"application\/ld+json\" class=\"yoast-schema-graph\">{\"@context\":\"https:\/\/schema.org\",\"@graph\":[{\"@type\":\"WebPage\",\"@id\":\"https:\/\/www.fiemg.com.br\/sesi-cultura\/programacao\/detalhe\/recital-flamenco\/\",\"url\":\"https:\/\/www.fiemg.com.br\/sesi-cultura\/programacao\/detalhe\/recital-flamenco\/\",\"name\":\"Recital Flamenco - SESI Cultura\",\"isPartOf\":{\"@id\":\"https:\/\/www.fiemg.com.br\/sesi-cultura\/#website\"},\"primaryImageOfPage\":{\"@id\":\"https:\/\/www.fiemg.com.br\/sesi-cultura\/programacao\/detalhe\/recital-flamenco\/#primaryimage\"},\"image\":{\"@id\":\"https:\/\/www.fiemg.com.br\/sesi-cultura\/programacao\/detalhe\/recital-flamenco\/#primaryimage\"},\"thumbnailUrl\":\"https:\/\/www.fiemg.com.br\/sesi-cultura\/wp-content\/uploads\/sites\/28\/2024\/05\/Pagina-do-Evento-Recital-Flamenco-1-1.png\",\"datePublished\":\"2024-05-07T14:39:05+00:00\",\"dateModified\":\"2024-06-05T21:20:15+00:00\",\"description\":\"O flamenco, g\u00eanero musical profundamente enraizado na cultura da Espanha e da Andaluzia, ganhar\u00e1 vida na programa\u00e7\u00e3o do Centro Cultural Sesiminas com a apresenta\u00e7\u00e3o do\u00a0Recital Flamenco.\",\"breadcrumb\":{\"@id\":\"https:\/\/www.fiemg.com.br\/sesi-cultura\/programacao\/detalhe\/recital-flamenco\/#breadcrumb\"},\"inLanguage\":\"pt-BR\",\"potentialAction\":[{\"@type\":\"ReadAction\",\"target\":[\"https:\/\/www.fiemg.com.br\/sesi-cultura\/programacao\/detalhe\/recital-flamenco\/\"]}]},{\"@type\":\"ImageObject\",\"inLanguage\":\"pt-BR\",\"@id\":\"https:\/\/www.fiemg.com.br\/sesi-cultura\/programacao\/detalhe\/recital-flamenco\/#primaryimage\",\"url\":\"https:\/\/www.fiemg.com.br\/sesi-cultura\/wp-content\/uploads\/sites\/28\/2024\/05\/Pagina-do-Evento-Recital-Flamenco-1-1.png\",\"contentUrl\":\"https:\/\/www.fiemg.com.br\/sesi-cultura\/wp-content\/uploads\/sites\/28\/2024\/05\/Pagina-do-Evento-Recital-Flamenco-1-1.png\",\"width\":1128,\"height\":635},{\"@type\":\"BreadcrumbList\",\"@id\":\"https:\/\/www.fiemg.com.br\/sesi-cultura\/programacao\/detalhe\/recital-flamenco\/#breadcrumb\",\"itemListElement\":[{\"@type\":\"ListItem\",\"position\":1,\"name\":\"In\u00edcio\",\"item\":\"https:\/\/www.fiemg.com.br\/sesi-cultura\/\"},{\"@type\":\"ListItem\",\"position\":2,\"name\":\"Programa\u00e7\u00f5es\",\"item\":\"https:\/\/www.fiemg.com.br\/sesi-cultura\/programacao\/\"},{\"@type\":\"ListItem\",\"position\":3,\"name\":\"Recital Flamenco\"}]},{\"@type\":\"WebSite\",\"@id\":\"https:\/\/www.fiemg.com.br\/sesi-cultura\/#website\",\"url\":\"https:\/\/www.fiemg.com.br\/sesi-cultura\/\",\"name\":\"SESI Cultura\",\"description\":\"Federa\u00e7\u00e3o das Ind\u00fastrias do Estado de Minas Gerais\",\"publisher\":{\"@id\":\"https:\/\/www.fiemg.com.br\/sesi-cultura\/#organization\"},\"potentialAction\":[{\"@type\":\"SearchAction\",\"target\":{\"@type\":\"EntryPoint\",\"urlTemplate\":\"https:\/\/www.fiemg.com.br\/sesi-cultura\/?s={search_term_string}\"},\"query-input\":{\"@type\":\"PropertyValueSpecification\",\"valueRequired\":true,\"valueName\":\"search_term_string\"}}],\"inLanguage\":\"pt-BR\"},{\"@type\":\"Organization\",\"@id\":\"https:\/\/www.fiemg.com.br\/sesi-cultura\/#organization\",\"name\":\"SESI Cultura\",\"url\":\"https:\/\/www.fiemg.com.br\/sesi-cultura\/\",\"logo\":{\"@type\":\"ImageObject\",\"inLanguage\":\"pt-BR\",\"@id\":\"https:\/\/www.fiemg.com.br\/sesi-cultura\/#\/schema\/logo\/image\/\",\"url\":\"https:\/\/www.fiemg.com.br\/sesi-cultura\/wp-content\/uploads\/sites\/28\/2023\/02\/LO000325_SESI_CULTURA_NOVA_LOGO_BRANCO_site_1.png\",\"contentUrl\":\"https:\/\/www.fiemg.com.br\/sesi-cultura\/wp-content\/uploads\/sites\/28\/2023\/02\/LO000325_SESI_CULTURA_NOVA_LOGO_BRANCO_site_1.png\",\"width\":394,\"height\":168,\"caption\":\"SESI Cultura\"},\"image\":{\"@id\":\"https:\/\/www.fiemg.com.br\/sesi-cultura\/#\/schema\/logo\/image\/\"}}]}<\/script>\n<!-- \/ Yoast SEO plugin. -->","yoast_head_json":{"title":"Recital Flamenco - SESI Cultura","description":"O flamenco, g\u00eanero musical profundamente enraizado na cultura da Espanha e da Andaluzia, ganhar\u00e1 vida na programa\u00e7\u00e3o do Centro Cultural Sesiminas com a apresenta\u00e7\u00e3o do\u00a0Recital Flamenco.","robots":{"index":"index","follow":"follow","max-snippet":"max-snippet:-1","max-image-preview":"max-image-preview:large","max-video-preview":"max-video-preview:-1"},"canonical":"https:\/\/www.fiemg.com.br\/sesi-cultura\/programacao\/detalhe\/recital-flamenco\/","og_locale":"pt_BR","og_type":"article","og_title":"Recital Flamenco - SESI Cultura","og_description":"O flamenco, g\u00eanero musical profundamente enraizado na cultura da Espanha e da Andaluzia, ganhar\u00e1 vida na programa\u00e7\u00e3o do Centro Cultural Sesiminas com a apresenta\u00e7\u00e3o do\u00a0Recital Flamenco.","og_url":"https:\/\/www.fiemg.com.br\/sesi-cultura\/programacao\/detalhe\/recital-flamenco\/","og_site_name":"SESI Cultura","article_modified_time":"2024-06-05T21:20:15+00:00","og_image":[{"width":1128,"height":635,"url":"https:\/\/www.fiemg.com.br\/sesi-cultura\/wp-content\/uploads\/sites\/28\/2024\/05\/Pagina-do-Evento-Recital-Flamenco-1-1.png","type":"image\/png"}],"twitter_card":"summary_large_image","twitter_misc":{"Est. tempo de leitura":"1 minuto"},"schema":{"@context":"https:\/\/schema.org","@graph":[{"@type":"WebPage","@id":"https:\/\/www.fiemg.com.br\/sesi-cultura\/programacao\/detalhe\/recital-flamenco\/","url":"https:\/\/www.fiemg.com.br\/sesi-cultura\/programacao\/detalhe\/recital-flamenco\/","name":"Recital Flamenco - SESI Cultura","isPartOf":{"@id":"https:\/\/www.fiemg.com.br\/sesi-cultura\/#website"},"primaryImageOfPage":{"@id":"https:\/\/www.fiemg.com.br\/sesi-cultura\/programacao\/detalhe\/recital-flamenco\/#primaryimage"},"image":{"@id":"https:\/\/www.fiemg.com.br\/sesi-cultura\/programacao\/detalhe\/recital-flamenco\/#primaryimage"},"thumbnailUrl":"https:\/\/www.fiemg.com.br\/sesi-cultura\/wp-content\/uploads\/sites\/28\/2024\/05\/Pagina-do-Evento-Recital-Flamenco-1-1.png","datePublished":"2024-05-07T14:39:05+00:00","dateModified":"2024-06-05T21:20:15+00:00","description":"O flamenco, g\u00eanero musical profundamente enraizado na cultura da Espanha e da Andaluzia, ganhar\u00e1 vida na programa\u00e7\u00e3o do Centro Cultural Sesiminas com a apresenta\u00e7\u00e3o do\u00a0Recital Flamenco.","breadcrumb":{"@id":"https:\/\/www.fiemg.com.br\/sesi-cultura\/programacao\/detalhe\/recital-flamenco\/#breadcrumb"},"inLanguage":"pt-BR","potentialAction":[{"@type":"ReadAction","target":["https:\/\/www.fiemg.com.br\/sesi-cultura\/programacao\/detalhe\/recital-flamenco\/"]}]},{"@type":"ImageObject","inLanguage":"pt-BR","@id":"https:\/\/www.fiemg.com.br\/sesi-cultura\/programacao\/detalhe\/recital-flamenco\/#primaryimage","url":"https:\/\/www.fiemg.com.br\/sesi-cultura\/wp-content\/uploads\/sites\/28\/2024\/05\/Pagina-do-Evento-Recital-Flamenco-1-1.png","contentUrl":"https:\/\/www.fiemg.com.br\/sesi-cultura\/wp-content\/uploads\/sites\/28\/2024\/05\/Pagina-do-Evento-Recital-Flamenco-1-1.png","width":1128,"height":635},{"@type":"BreadcrumbList","@id":"https:\/\/www.fiemg.com.br\/sesi-cultura\/programacao\/detalhe\/recital-flamenco\/#breadcrumb","itemListElement":[{"@type":"ListItem","position":1,"name":"In\u00edcio","item":"https:\/\/www.fiemg.com.br\/sesi-cultura\/"},{"@type":"ListItem","position":2,"name":"Programa\u00e7\u00f5es","item":"https:\/\/www.fiemg.com.br\/sesi-cultura\/programacao\/"},{"@type":"ListItem","position":3,"name":"Recital Flamenco"}]},{"@type":"WebSite","@id":"https:\/\/www.fiemg.com.br\/sesi-cultura\/#website","url":"https:\/\/www.fiemg.com.br\/sesi-cultura\/","name":"SESI Cultura","description":"Federa\u00e7\u00e3o das Ind\u00fastrias do Estado de Minas Gerais","publisher":{"@id":"https:\/\/www.fiemg.com.br\/sesi-cultura\/#organization"},"potentialAction":[{"@type":"SearchAction","target":{"@type":"EntryPoint","urlTemplate":"https:\/\/www.fiemg.com.br\/sesi-cultura\/?s={search_term_string}"},"query-input":{"@type":"PropertyValueSpecification","valueRequired":true,"valueName":"search_term_string"}}],"inLanguage":"pt-BR"},{"@type":"Organization","@id":"https:\/\/www.fiemg.com.br\/sesi-cultura\/#organization","name":"SESI Cultura","url":"https:\/\/www.fiemg.com.br\/sesi-cultura\/","logo":{"@type":"ImageObject","inLanguage":"pt-BR","@id":"https:\/\/www.fiemg.com.br\/sesi-cultura\/#\/schema\/logo\/image\/","url":"https:\/\/www.fiemg.com.br\/sesi-cultura\/wp-content\/uploads\/sites\/28\/2023\/02\/LO000325_SESI_CULTURA_NOVA_LOGO_BRANCO_site_1.png","contentUrl":"https:\/\/www.fiemg.com.br\/sesi-cultura\/wp-content\/uploads\/sites\/28\/2023\/02\/LO000325_SESI_CULTURA_NOVA_LOGO_BRANCO_site_1.png","width":394,"height":168,"caption":"SESI Cultura"},"image":{"@id":"https:\/\/www.fiemg.com.br\/sesi-cultura\/#\/schema\/logo\/image\/"}}]}},"_links":{"self":[{"href":"https:\/\/www.fiemg.com.br\/sesi-cultura\/wp-json\/wp\/v2\/programacao\/5084","targetHints":{"allow":["GET"]}}],"collection":[{"href":"https:\/\/www.fiemg.com.br\/sesi-cultura\/wp-json\/wp\/v2\/programacao"}],"about":[{"href":"https:\/\/www.fiemg.com.br\/sesi-cultura\/wp-json\/wp\/v2\/types\/programacao"}],"wp:featuredmedia":[{"embeddable":true,"href":"https:\/\/www.fiemg.com.br\/sesi-cultura\/wp-json\/wp\/v2\/media\/5083"}],"wp:attachment":[{"href":"https:\/\/www.fiemg.com.br\/sesi-cultura\/wp-json\/wp\/v2\/media?parent=5084"}],"wp:term":[{"taxonomy":"categoria_programacao_unidade","embeddable":true,"href":"https:\/\/www.fiemg.com.br\/sesi-cultura\/wp-json\/wp\/v2\/categoria_programacao_unidade?post=5084"}],"curies":[{"name":"wp","href":"https:\/\/api.w.org\/{rel}","templated":true}]}}

<p>Sábado, 20h</p>

<!-- This site is optimized with the Yoast SEO plugin v26.2 - https://yoast.com/wordpress/plugins/seo/ -->
<title>Recital Flamenco - SESI Cultura</title>
<meta name="description" content="O flamenco, gênero musical profundamente enraizado na cultura da Espanha e da Andaluzia, ganhará vida na programação do Centro Cultural Sesiminas com a apresentação do Recital Flamenco." />
<meta name="robots" content="index, follow, max-snippet:-1, max-image-preview:large, max-video-preview:-1" />
<link rel="canonical" href="https://www.fiemg.com.br/sesi-cultura/programacao/detalhe/recital-flamenco/" />
<meta property="og:locale" content="pt_BR" />
<meta property="og:type" content="article" />
<meta property="og:title" content="Recital Flamenco - SESI Cultura" />
<meta property="og:description" content="O flamenco, gênero musical profundamente enraizado na cultura da Espanha e da Andaluzia, ganhará vida na programação do Centro Cultural Sesiminas com a apresentação do Recital Flamenco." />
<meta property="og:url" content="https://www.fiemg.com.br/sesi-cultura/programacao/detalhe/recital-flamenco/" />
<meta property="og:site_name" content="SESI Cultura" />
<meta property="article:modified_time" content="2024-06-05T21:20:15+00:00" />
<meta property="og:image" content="https://www.fiemg.com.br/sesi-cultura/wp-content/uploads/sites/28/2024/05/Pagina-do-Evento-Recital-Flamenco-1-1.png" />
	<meta property="og:image:width" content="1128" />
	<meta property="og:image:height" content="635" />
	<meta property="og:image:type" content="image/png" />
<meta name="twitter:card" content="summary_large_image" />
<meta name="twitter:label1" content="Est. tempo de leitura" />
	<meta name="twitter:data1" content="1 minuto" />
<script type="application/ld+json" class="yoast-schema-graph">{"@context":"https://schema.org","@graph":[{"@type":"WebPage","@id":"https://www.fiemg.com.br/sesi-cultura/programacao/detalhe/recital-flamenco/","url":"https://www.fiemg.com.br/sesi-cultura/programacao/detalhe/recital-flamenco/","name":"Recital Flamenco - SESI Cultura","isPartOf":{"@id":"https://www.fiemg.com.br/sesi-cultura/#website"},"primaryImageOfPage":{"@id":"https://www.fiemg.com.br/sesi-cultura/programacao/detalhe/recital-flamenco/#primaryimage"},"image":{"@id":"https://www.fiemg.com.br/sesi-cultura/programacao/detalhe/recital-flamenco/#primaryimage"},"thumbnailUrl":"https://www.fiemg.com.br/sesi-cultura/wp-content/uploads/sites/28/2024/05/Pagina-do-Evento-Recital-Flamenco-1-1.png","datePublished":"2024-05-07T14:39:05+00:00","dateModified":"2024-06-05T21:20:15+00:00","description":"O flamenco, gênero musical profundamente enraizado na cultura da Espanha e da Andaluzia, ganhará vida na programação do Centro Cultural Sesiminas com a apresentação do Recital Flamenco.","breadcrumb":{"@id":"https://www.fiemg.com.br/sesi-cultura/programacao/detalhe/recital-flamenco/#breadcrumb"},"inLanguage":"pt-BR","potentialAction":[{"@type":"ReadAction","target":["https://www.fiemg.com.br/sesi-cultura/programacao/detalhe/recital-flamenco/"]}]},{"@type":"ImageObject","inLanguage":"pt-BR","@id":"https://www.fiemg.com.br/sesi-cultura/programacao/detalhe/recital-flamenco/#primaryimage","url":"https://www.fiemg.com.br/sesi-cultura/wp-content/uploads/sites/28/2024/05/Pagina-do-Evento-Recital-Flamenco-1-1.png","contentUrl":"https://www.fiemg.com.br/sesi-cultura/wp-content/uploads/sites/28/2024/05/Pagina-do-Evento-Recital-Flamenco-1-1.png","width":1128,"height":635},{"@type":"BreadcrumbList","@id":"https://www.fiemg.com.br/sesi-cultura/programacao/detalhe/recital-flamenco/#breadcrumb","itemListElement":[{"@type":"ListItem","position":1,"name":"Início","item":"https://www.fiemg.com.br/sesi-cultura/"},{"@type":"ListItem","position":2,"name":"Programações","item":"https://www.fiemg.com.br/sesi-cultura/programacao/"},{"@type":"ListItem","position":3,"name":"Recital Flamenco"}]},{"@type":"WebSite","@id":"https://www.fiemg.com.br/sesi-cultura/#website","url":"https://www.fiemg.com.br/sesi-cultura/","name":"SESI Cultura","description":"Federação das Indústrias do Estado de Minas Gerais","publisher":{"@id":"https://www.fiemg.com.br/sesi-cultura/#organization"},"potentialAction":[{"@type":"SearchAction","target":{"@type":"EntryPoint","urlTemplate":"https://www.fiemg.com.br/sesi-cultura/?s={search_term_string}"},"query-input":{"@type":"PropertyValueSpecification","valueRequired":true,"valueName":"search_term_string"}}],"inLanguage":"pt-BR"},{"@type":"Organization","@id":"https://www.fiemg.com.br/sesi-cultura/#organization","name":"SESI Cultura","url":"https://www.fiemg.com.br/sesi-cultura/","logo":{"@type":"ImageObject","inLanguage":"pt-BR","@id":"https://www.fiemg.com.br/sesi-cultura/#/schema/logo/image/","url":"https://www.fiemg.com.br/sesi-cultura/wp-content/uploads/sites/28/2023/02/LO000325_SESI_CULTURA_NOVA_LOGO_BRANCO_site_1.png","contentUrl":"https://www.fiemg.com.br/sesi-cultura/wp-content/uploads/sites/28/2023/02/LO000325_SESI_CULTURA_NOVA_LOGO_BRANCO_site_1.png","width":394,"height":168,"caption":"SESI Cultura"},"image":{"@id":"https://www.fiemg.com.br/sesi-cultura/#/schema/logo/image/"}}]}</script>
<!-- / Yoast SEO plugin. -->

O flamenco, gênero musical profundamente enraizado na cultura da Espanha e da Andaluzia, ganhará vida na programação do Centro Cultural Sesiminas com a apresentação do Recital Flamenco.

Início

Programações

Federação das Indústrias do Estado de Minas Gerais
