{"id":6933,"date":"2026-01-06T18:27:34","date_gmt":"2026-01-06T21:27:34","guid":{"rendered":"https:\/\/www.fiemg.com.br\/sesi-cultura\/?post_type=programacao&#038;p=6933"},"modified":"2026-01-06T18:27:34","modified_gmt":"2026-01-06T21:27:34","slug":"51-campanha-de-popularizacao-do-teatro-danca","status":"publish","type":"programacao","link":"https:\/\/www.fiemg.com.br\/sesi-cultura\/programacao\/detalhe\/51-campanha-de-popularizacao-do-teatro-danca\/","title":{"rendered":"51 Campanha de Populariza\u00e7\u00e3o do Teatro &amp; Dan\u00e7a"},"content":{"rendered":"<p>Confira a lista de espet\u00e1culos do Teatro SESIMINAS BH!<img decoding=\"async\" class=\"alignnone size-medium wp-image-6935\" src=\"https:\/\/www.fiemg.com.br\/sesi-cultura\/wp-content\/uploads\/sites\/28\/2026\/01\/c0c7ab6c458ae8f0a3248b5b882fa21b-300x54.jpg\" alt=\"\" width=\"300\" height=\"54\" srcset=\"https:\/\/www.fiemg.com.br\/sesi-cultura\/wp-content\/uploads\/sites\/28\/2026\/01\/c0c7ab6c458ae8f0a3248b5b882fa21b-300x54.jpg 300w, https:\/\/www.fiemg.com.br\/sesi-cultura\/wp-content\/uploads\/sites\/28\/2026\/01\/c0c7ab6c458ae8f0a3248b5b882fa21b-1024x183.jpg 1024w, https:\/\/www.fiemg.com.br\/sesi-cultura\/wp-content\/uploads\/sites\/28\/2026\/01\/c0c7ab6c458ae8f0a3248b5b882fa21b-768x137.jpg 768w, https:\/\/www.fiemg.com.br\/sesi-cultura\/wp-content\/uploads\/sites\/28\/2026\/01\/c0c7ab6c458ae8f0a3248b5b882fa21b-1536x274.jpg 1536w, https:\/\/www.fiemg.com.br\/sesi-cultura\/wp-content\/uploads\/sites\/28\/2026\/01\/c0c7ab6c458ae8f0a3248b5b882fa21b.jpg 1680w\" sizes=\"(max-width: 300px) 100vw, 300px\" \/><\/p>\n","protected":false},"excerpt":{"rendered":"<p>Confira a lista de espet\u00e1culos do Teatro SESIMINAS BH!<\/p>\n","protected":false},"featured_media":6935,"parent":0,"menu_order":0,"template":"","categoria_programacao_unidade":[427,426,430],"class_list":["post-6933","programacao","type-programacao","status-publish","has-post-thumbnail","hentry","categoria_programacao_unidade-centro-cultural-sesiminas-bh","categoria_programacao_unidade-teatro-de-bolso-sesiminas-bh","categoria_programacao_unidade-teatro-sesiminas-bh"],"acf":[],"yoast_head":"<!-- This site is optimized with the Yoast SEO plugin v26.2 - https:\/\/yoast.com\/wordpress\/plugins\/seo\/ -->\n<title>51 Campanha de Populariza\u00e7\u00e3o do Teatro &amp; Dan\u00e7a - SESI Cultura<\/title>\n<meta name=\"robots\" content=\"index, follow, max-snippet:-1, max-image-preview:large, max-video-preview:-1\" \/>\n<link rel=\"canonical\" href=\"https:\/\/www.fiemg.com.br\/sesi-cultura\/programacao\/detalhe\/51-campanha-de-popularizacao-do-teatro-danca\/\" \/>\n<meta property=\"og:locale\" content=\"pt_BR\" \/>\n<meta property=\"og:type\" content=\"article\" \/>\n<meta property=\"og:title\" content=\"51 Campanha de Populariza\u00e7\u00e3o do Teatro &amp; Dan\u00e7a - SESI Cultura\" \/>\n<meta property=\"og:description\" content=\"Confira a lista de espet\u00e1culos do Teatro SESIMINAS BH!\" \/>\n<meta property=\"og:url\" content=\"https:\/\/www.fiemg.com.br\/sesi-cultura\/programacao\/detalhe\/51-campanha-de-popularizacao-do-teatro-danca\/\" \/>\n<meta property=\"og:site_name\" content=\"SESI Cultura\" \/>\n<meta property=\"og:image\" content=\"https:\/\/www.fiemg.com.br\/sesi-cultura\/wp-content\/uploads\/sites\/28\/2026\/01\/c0c7ab6c458ae8f0a3248b5b882fa21b.jpg\" \/>\n\t<meta property=\"og:image:width\" content=\"1680\" \/>\n\t<meta property=\"og:image:height\" content=\"300\" \/>\n\t<meta property=\"og:image:type\" content=\"image\/jpeg\" \/>\n<meta name=\"twitter:card\" content=\"summary_large_image\" \/>\n<meta name=\"twitter:label1\" content=\"Est. tempo de leitura\" \/>\n\t<meta name=\"twitter:data1\" content=\"1 minuto\" \/>\n<script type=\"application\/ld+json\" class=\"yoast-schema-graph\">{\"@context\":\"https:\/\/schema.org\",\"@graph\":[{\"@type\":\"WebPage\",\"@id\":\"https:\/\/www.fiemg.com.br\/sesi-cultura\/programacao\/detalhe\/51-campanha-de-popularizacao-do-teatro-danca\/\",\"url\":\"https:\/\/www.fiemg.com.br\/sesi-cultura\/programacao\/detalhe\/51-campanha-de-popularizacao-do-teatro-danca\/\",\"name\":\"51 Campanha de Populariza\u00e7\u00e3o do Teatro &amp; Dan\u00e7a - SESI Cultura\",\"isPartOf\":{\"@id\":\"https:\/\/www.fiemg.com.br\/sesi-cultura\/#website\"},\"primaryImageOfPage\":{\"@id\":\"https:\/\/www.fiemg.com.br\/sesi-cultura\/programacao\/detalhe\/51-campanha-de-popularizacao-do-teatro-danca\/#primaryimage\"},\"image\":{\"@id\":\"https:\/\/www.fiemg.com.br\/sesi-cultura\/programacao\/detalhe\/51-campanha-de-popularizacao-do-teatro-danca\/#primaryimage\"},\"thumbnailUrl\":\"https:\/\/www.fiemg.com.br\/sesi-cultura\/wp-content\/uploads\/sites\/28\/2026\/01\/c0c7ab6c458ae8f0a3248b5b882fa21b.jpg\",\"datePublished\":\"2026-01-06T21:27:34+00:00\",\"breadcrumb\":{\"@id\":\"https:\/\/www.fiemg.com.br\/sesi-cultura\/programacao\/detalhe\/51-campanha-de-popularizacao-do-teatro-danca\/#breadcrumb\"},\"inLanguage\":\"pt-BR\",\"potentialAction\":[{\"@type\":\"ReadAction\",\"target\":[\"https:\/\/www.fiemg.com.br\/sesi-cultura\/programacao\/detalhe\/51-campanha-de-popularizacao-do-teatro-danca\/\"]}]},{\"@type\":\"ImageObject\",\"inLanguage\":\"pt-BR\",\"@id\":\"https:\/\/www.fiemg.com.br\/sesi-cultura\/programacao\/detalhe\/51-campanha-de-popularizacao-do-teatro-danca\/#primaryimage\",\"url\":\"https:\/\/www.fiemg.com.br\/sesi-cultura\/wp-content\/uploads\/sites\/28\/2026\/01\/c0c7ab6c458ae8f0a3248b5b882fa21b.jpg\",\"contentUrl\":\"https:\/\/www.fiemg.com.br\/sesi-cultura\/wp-content\/uploads\/sites\/28\/2026\/01\/c0c7ab6c458ae8f0a3248b5b882fa21b.jpg\",\"width\":1680,\"height\":300},{\"@type\":\"BreadcrumbList\",\"@id\":\"https:\/\/www.fiemg.com.br\/sesi-cultura\/programacao\/detalhe\/51-campanha-de-popularizacao-do-teatro-danca\/#breadcrumb\",\"itemListElement\":[{\"@type\":\"ListItem\",\"position\":1,\"name\":\"In\u00edcio\",\"item\":\"https:\/\/www.fiemg.com.br\/sesi-cultura\/\"},{\"@type\":\"ListItem\",\"position\":2,\"name\":\"Programa\u00e7\u00f5es\",\"item\":\"https:\/\/www.fiemg.com.br\/sesi-cultura\/programacao\/\"},{\"@type\":\"ListItem\",\"position\":3,\"name\":\"51 Campanha de Populariza\u00e7\u00e3o do Teatro &amp; Dan\u00e7a\"}]},{\"@type\":\"WebSite\",\"@id\":\"https:\/\/www.fiemg.com.br\/sesi-cultura\/#website\",\"url\":\"https:\/\/www.fiemg.com.br\/sesi-cultura\/\",\"name\":\"SESI Cultura\",\"description\":\"Federa\u00e7\u00e3o das Ind\u00fastrias do Estado de Minas Gerais\",\"publisher\":{\"@id\":\"https:\/\/www.fiemg.com.br\/sesi-cultura\/#organization\"},\"potentialAction\":[{\"@type\":\"SearchAction\",\"target\":{\"@type\":\"EntryPoint\",\"urlTemplate\":\"https:\/\/www.fiemg.com.br\/sesi-cultura\/?s={search_term_string}\"},\"query-input\":{\"@type\":\"PropertyValueSpecification\",\"valueRequired\":true,\"valueName\":\"search_term_string\"}}],\"inLanguage\":\"pt-BR\"},{\"@type\":\"Organization\",\"@id\":\"https:\/\/www.fiemg.com.br\/sesi-cultura\/#organization\",\"name\":\"SESI Cultura\",\"url\":\"https:\/\/www.fiemg.com.br\/sesi-cultura\/\",\"logo\":{\"@type\":\"ImageObject\",\"inLanguage\":\"pt-BR\",\"@id\":\"https:\/\/www.fiemg.com.br\/sesi-cultura\/#\/schema\/logo\/image\/\",\"url\":\"https:\/\/www.fiemg.com.br\/sesi-cultura\/wp-content\/uploads\/sites\/28\/2023\/02\/LO000325_SESI_CULTURA_NOVA_LOGO_BRANCO_site_1.png\",\"contentUrl\":\"https:\/\/www.fiemg.com.br\/sesi-cultura\/wp-content\/uploads\/sites\/28\/2023\/02\/LO000325_SESI_CULTURA_NOVA_LOGO_BRANCO_site_1.png\",\"width\":394,\"height\":168,\"caption\":\"SESI Cultura\"},\"image\":{\"@id\":\"https:\/\/www.fiemg.com.br\/sesi-cultura\/#\/schema\/logo\/image\/\"}}]}<\/script>\n<!-- \/ Yoast SEO plugin. -->","yoast_head_json":{"title":"51 Campanha de Populariza\u00e7\u00e3o do Teatro &amp; Dan\u00e7a - SESI Cultura","robots":{"index":"index","follow":"follow","max-snippet":"max-snippet:-1","max-image-preview":"max-image-preview:large","max-video-preview":"max-video-preview:-1"},"canonical":"https:\/\/www.fiemg.com.br\/sesi-cultura\/programacao\/detalhe\/51-campanha-de-popularizacao-do-teatro-danca\/","og_locale":"pt_BR","og_type":"article","og_title":"51 Campanha de Populariza\u00e7\u00e3o do Teatro &amp; Dan\u00e7a - SESI Cultura","og_description":"Confira a lista de espet\u00e1culos do Teatro SESIMINAS BH!","og_url":"https:\/\/www.fiemg.com.br\/sesi-cultura\/programacao\/detalhe\/51-campanha-de-popularizacao-do-teatro-danca\/","og_site_name":"SESI Cultura","og_image":[{"width":1680,"height":300,"url":"https:\/\/www.fiemg.com.br\/sesi-cultura\/wp-content\/uploads\/sites\/28\/2026\/01\/c0c7ab6c458ae8f0a3248b5b882fa21b.jpg","type":"image\/jpeg"}],"twitter_card":"summary_large_image","twitter_misc":{"Est. tempo de leitura":"1 minuto"},"schema":{"@context":"https:\/\/schema.org","@graph":[{"@type":"WebPage","@id":"https:\/\/www.fiemg.com.br\/sesi-cultura\/programacao\/detalhe\/51-campanha-de-popularizacao-do-teatro-danca\/","url":"https:\/\/www.fiemg.com.br\/sesi-cultura\/programacao\/detalhe\/51-campanha-de-popularizacao-do-teatro-danca\/","name":"51 Campanha de Populariza\u00e7\u00e3o do Teatro &amp; Dan\u00e7a - SESI Cultura","isPartOf":{"@id":"https:\/\/www.fiemg.com.br\/sesi-cultura\/#website"},"primaryImageOfPage":{"@id":"https:\/\/www.fiemg.com.br\/sesi-cultura\/programacao\/detalhe\/51-campanha-de-popularizacao-do-teatro-danca\/#primaryimage"},"image":{"@id":"https:\/\/www.fiemg.com.br\/sesi-cultura\/programacao\/detalhe\/51-campanha-de-popularizacao-do-teatro-danca\/#primaryimage"},"thumbnailUrl":"https:\/\/www.fiemg.com.br\/sesi-cultura\/wp-content\/uploads\/sites\/28\/2026\/01\/c0c7ab6c458ae8f0a3248b5b882fa21b.jpg","datePublished":"2026-01-06T21:27:34+00:00","breadcrumb":{"@id":"https:\/\/www.fiemg.com.br\/sesi-cultura\/programacao\/detalhe\/51-campanha-de-popularizacao-do-teatro-danca\/#breadcrumb"},"inLanguage":"pt-BR","potentialAction":[{"@type":"ReadAction","target":["https:\/\/www.fiemg.com.br\/sesi-cultura\/programacao\/detalhe\/51-campanha-de-popularizacao-do-teatro-danca\/"]}]},{"@type":"ImageObject","inLanguage":"pt-BR","@id":"https:\/\/www.fiemg.com.br\/sesi-cultura\/programacao\/detalhe\/51-campanha-de-popularizacao-do-teatro-danca\/#primaryimage","url":"https:\/\/www.fiemg.com.br\/sesi-cultura\/wp-content\/uploads\/sites\/28\/2026\/01\/c0c7ab6c458ae8f0a3248b5b882fa21b.jpg","contentUrl":"https:\/\/www.fiemg.com.br\/sesi-cultura\/wp-content\/uploads\/sites\/28\/2026\/01\/c0c7ab6c458ae8f0a3248b5b882fa21b.jpg","width":1680,"height":300},{"@type":"BreadcrumbList","@id":"https:\/\/www.fiemg.com.br\/sesi-cultura\/programacao\/detalhe\/51-campanha-de-popularizacao-do-teatro-danca\/#breadcrumb","itemListElement":[{"@type":"ListItem","position":1,"name":"In\u00edcio","item":"https:\/\/www.fiemg.com.br\/sesi-cultura\/"},{"@type":"ListItem","position":2,"name":"Programa\u00e7\u00f5es","item":"https:\/\/www.fiemg.com.br\/sesi-cultura\/programacao\/"},{"@type":"ListItem","position":3,"name":"51 Campanha de Populariza\u00e7\u00e3o do Teatro &amp; Dan\u00e7a"}]},{"@type":"WebSite","@id":"https:\/\/www.fiemg.com.br\/sesi-cultura\/#website","url":"https:\/\/www.fiemg.com.br\/sesi-cultura\/","name":"SESI Cultura","description":"Federa\u00e7\u00e3o das Ind\u00fastrias do Estado de Minas Gerais","publisher":{"@id":"https:\/\/www.fiemg.com.br\/sesi-cultura\/#organization"},"potentialAction":[{"@type":"SearchAction","target":{"@type":"EntryPoint","urlTemplate":"https:\/\/www.fiemg.com.br\/sesi-cultura\/?s={search_term_string}"},"query-input":{"@type":"PropertyValueSpecification","valueRequired":true,"valueName":"search_term_string"}}],"inLanguage":"pt-BR"},{"@type":"Organization","@id":"https:\/\/www.fiemg.com.br\/sesi-cultura\/#organization","name":"SESI Cultura","url":"https:\/\/www.fiemg.com.br\/sesi-cultura\/","logo":{"@type":"ImageObject","inLanguage":"pt-BR","@id":"https:\/\/www.fiemg.com.br\/sesi-cultura\/#\/schema\/logo\/image\/","url":"https:\/\/www.fiemg.com.br\/sesi-cultura\/wp-content\/uploads\/sites\/28\/2023\/02\/LO000325_SESI_CULTURA_NOVA_LOGO_BRANCO_site_1.png","contentUrl":"https:\/\/www.fiemg.com.br\/sesi-cultura\/wp-content\/uploads\/sites\/28\/2023\/02\/LO000325_SESI_CULTURA_NOVA_LOGO_BRANCO_site_1.png","width":394,"height":168,"caption":"SESI Cultura"},"image":{"@id":"https:\/\/www.fiemg.com.br\/sesi-cultura\/#\/schema\/logo\/image\/"}}]}},"_links":{"self":[{"href":"https:\/\/www.fiemg.com.br\/sesi-cultura\/wp-json\/wp\/v2\/programacao\/6933","targetHints":{"allow":["GET"]}}],"collection":[{"href":"https:\/\/www.fiemg.com.br\/sesi-cultura\/wp-json\/wp\/v2\/programacao"}],"about":[{"href":"https:\/\/www.fiemg.com.br\/sesi-cultura\/wp-json\/wp\/v2\/types\/programacao"}],"wp:featuredmedia":[{"embeddable":true,"href":"https:\/\/www.fiemg.com.br\/sesi-cultura\/wp-json\/wp\/v2\/media\/6935"}],"wp:attachment":[{"href":"https:\/\/www.fiemg.com.br\/sesi-cultura\/wp-json\/wp\/v2\/media?parent=6933"}],"wp:term":[{"taxonomy":"categoria_programacao_unidade","embeddable":true,"href":"https:\/\/www.fiemg.com.br\/sesi-cultura\/wp-json\/wp\/v2\/categoria_programacao_unidade?post=6933"}],"curies":[{"name":"wp","href":"https:\/\/api.w.org\/{rel}","templated":true}]}}

51 Campanha de Popularização do Teatro &amp; Dança

<p>Confira a lista de espetáculos do Teatro SESIMINAS BH!<img decoding="async" class="alignnone size-medium wp-image-6935" src="https://www.fiemg.com.br/sesi-cultura/wp-content/uploads/sites/28/2026/01/c0c7ab6c458ae8f0a3248b5b882fa21b-300x54.jpg" alt="" width="300" height="54" srcset="https://www.fiemg.com.br/sesi-cultura/wp-content/uploads/sites/28/2026/01/c0c7ab6c458ae8f0a3248b5b882fa21b-300x54.jpg 300w, https://www.fiemg.com.br/sesi-cultura/wp-content/uploads/sites/28/2026/01/c0c7ab6c458ae8f0a3248b5b882fa21b-1024x183.jpg 1024w, https://www.fiemg.com.br/sesi-cultura/wp-content/uploads/sites/28/2026/01/c0c7ab6c458ae8f0a3248b5b882fa21b-768x137.jpg 768w, https://www.fiemg.com.br/sesi-cultura/wp-content/uploads/sites/28/2026/01/c0c7ab6c458ae8f0a3248b5b882fa21b-1536x274.jpg 1536w, https://www.fiemg.com.br/sesi-cultura/wp-content/uploads/sites/28/2026/01/c0c7ab6c458ae8f0a3248b5b882fa21b.jpg 1680w" sizes="(max-width: 300px) 100vw, 300px" /></p>

<p>Confira a lista de espetáculos do Teatro SESIMINAS BH!</p>

<!-- This site is optimized with the Yoast SEO plugin v26.2 - https://yoast.com/wordpress/plugins/seo/ -->
<title>51 Campanha de Popularização do Teatro &amp; Dança - SESI Cultura</title>
<meta name="robots" content="index, follow, max-snippet:-1, max-image-preview:large, max-video-preview:-1" />
<link rel="canonical" href="https://www.fiemg.com.br/sesi-cultura/programacao/detalhe/51-campanha-de-popularizacao-do-teatro-danca/" />
<meta property="og:locale" content="pt_BR" />
<meta property="og:type" content="article" />
<meta property="og:title" content="51 Campanha de Popularização do Teatro &amp; Dança - SESI Cultura" />
<meta property="og:description" content="Confira a lista de espetáculos do Teatro SESIMINAS BH!" />
<meta property="og:url" content="https://www.fiemg.com.br/sesi-cultura/programacao/detalhe/51-campanha-de-popularizacao-do-teatro-danca/" />
<meta property="og:site_name" content="SESI Cultura" />
<meta property="og:image" content="https://www.fiemg.com.br/sesi-cultura/wp-content/uploads/sites/28/2026/01/c0c7ab6c458ae8f0a3248b5b882fa21b.jpg" />
	<meta property="og:image:width" content="1680" />
	<meta property="og:image:height" content="300" />
	<meta property="og:image:type" content="image/jpeg" />
<meta name="twitter:card" content="summary_large_image" />
<meta name="twitter:label1" content="Est. tempo de leitura" />
	<meta name="twitter:data1" content="1 minuto" />
<script type="application/ld+json" class="yoast-schema-graph">{"@context":"https://schema.org","@graph":[{"@type":"WebPage","@id":"https://www.fiemg.com.br/sesi-cultura/programacao/detalhe/51-campanha-de-popularizacao-do-teatro-danca/","url":"https://www.fiemg.com.br/sesi-cultura/programacao/detalhe/51-campanha-de-popularizacao-do-teatro-danca/","name":"51 Campanha de Popularização do Teatro &amp; Dança - SESI Cultura","isPartOf":{"@id":"https://www.fiemg.com.br/sesi-cultura/#website"},"primaryImageOfPage":{"@id":"https://www.fiemg.com.br/sesi-cultura/programacao/detalhe/51-campanha-de-popularizacao-do-teatro-danca/#primaryimage"},"image":{"@id":"https://www.fiemg.com.br/sesi-cultura/programacao/detalhe/51-campanha-de-popularizacao-do-teatro-danca/#primaryimage"},"thumbnailUrl":"https://www.fiemg.com.br/sesi-cultura/wp-content/uploads/sites/28/2026/01/c0c7ab6c458ae8f0a3248b5b882fa21b.jpg","datePublished":"2026-01-06T21:27:34+00:00","breadcrumb":{"@id":"https://www.fiemg.com.br/sesi-cultura/programacao/detalhe/51-campanha-de-popularizacao-do-teatro-danca/#breadcrumb"},"inLanguage":"pt-BR","potentialAction":[{"@type":"ReadAction","target":["https://www.fiemg.com.br/sesi-cultura/programacao/detalhe/51-campanha-de-popularizacao-do-teatro-danca/"]}]},{"@type":"ImageObject","inLanguage":"pt-BR","@id":"https://www.fiemg.com.br/sesi-cultura/programacao/detalhe/51-campanha-de-popularizacao-do-teatro-danca/#primaryimage","url":"https://www.fiemg.com.br/sesi-cultura/wp-content/uploads/sites/28/2026/01/c0c7ab6c458ae8f0a3248b5b882fa21b.jpg","contentUrl":"https://www.fiemg.com.br/sesi-cultura/wp-content/uploads/sites/28/2026/01/c0c7ab6c458ae8f0a3248b5b882fa21b.jpg","width":1680,"height":300},{"@type":"BreadcrumbList","@id":"https://www.fiemg.com.br/sesi-cultura/programacao/detalhe/51-campanha-de-popularizacao-do-teatro-danca/#breadcrumb","itemListElement":[{"@type":"ListItem","position":1,"name":"Início","item":"https://www.fiemg.com.br/sesi-cultura/"},{"@type":"ListItem","position":2,"name":"Programações","item":"https://www.fiemg.com.br/sesi-cultura/programacao/"},{"@type":"ListItem","position":3,"name":"51 Campanha de Popularização do Teatro &amp; Dança"}]},{"@type":"WebSite","@id":"https://www.fiemg.com.br/sesi-cultura/#website","url":"https://www.fiemg.com.br/sesi-cultura/","name":"SESI Cultura","description":"Federação das Indústrias do Estado de Minas Gerais","publisher":{"@id":"https://www.fiemg.com.br/sesi-cultura/#organization"},"potentialAction":[{"@type":"SearchAction","target":{"@type":"EntryPoint","urlTemplate":"https://www.fiemg.com.br/sesi-cultura/?s={search_term_string}"},"query-input":{"@type":"PropertyValueSpecification","valueRequired":true,"valueName":"search_term_string"}}],"inLanguage":"pt-BR"},{"@type":"Organization","@id":"https://www.fiemg.com.br/sesi-cultura/#organization","name":"SESI Cultura","url":"https://www.fiemg.com.br/sesi-cultura/","logo":{"@type":"ImageObject","inLanguage":"pt-BR","@id":"https://www.fiemg.com.br/sesi-cultura/#/schema/logo/image/","url":"https://www.fiemg.com.br/sesi-cultura/wp-content/uploads/sites/28/2023/02/LO000325_SESI_CULTURA_NOVA_LOGO_BRANCO_site_1.png","contentUrl":"https://www.fiemg.com.br/sesi-cultura/wp-content/uploads/sites/28/2023/02/LO000325_SESI_CULTURA_NOVA_LOGO_BRANCO_site_1.png","width":394,"height":168,"caption":"SESI Cultura"},"image":{"@id":"https://www.fiemg.com.br/sesi-cultura/#/schema/logo/image/"}}]}</script>
<!-- / Yoast SEO plugin. -->

51 Campanha de Popularização do Teatro &amp; Dança - SESI Cultura

Confira a lista de espetáculos do Teatro SESIMINAS BH!

Início

Programações

Federação das Indústrias do Estado de Minas Gerais
