{"id":7105,"date":"2026-03-03T18:42:50","date_gmt":"2026-03-03T21:42:50","guid":{"rendered":"https:\/\/www.fiemg.com.br\/sesi-cultura\/?post_type=programacao&#038;p=7105"},"modified":"2026-03-03T18:42:50","modified_gmt":"2026-03-03T21:42:50","slug":"exposicaosentinelas","status":"publish","type":"programacao","link":"https:\/\/www.fiemg.com.br\/sesi-cultura\/programacao\/detalhe\/exposicaosentinelas\/","title":{"rendered":"Exposi\u00e7\u00e3o Sentinelas, Carrancas Pinceladas"},"content":{"rendered":"<p><strong>Abertura:\u00a0<\/strong>6 de mar\u00e7o, \u00e0s 19h<br \/>\n<strong>Visita\u00e7\u00e3o:<\/strong>\u00a0at\u00e9 26 de abril, das 8h \u00e0s 22h<\/p>\n","protected":false},"excerpt":{"rendered":"<p>Abertura:\u00a06 de mar\u00e7o, \u00e0s 19h<br \/>\nVisita\u00e7\u00e3o:\u00a0at\u00e9 26 de abril, das 8h \u00e0s 22h<\/p>\n","protected":false},"featured_media":7106,"parent":0,"menu_order":0,"template":"","categoria_programacao_unidade":[427],"class_list":["post-7105","programacao","type-programacao","status-publish","has-post-thumbnail","hentry","categoria_programacao_unidade-centro-cultural-sesiminas-bh"],"acf":[],"yoast_head":"<!-- This site is optimized with the Yoast SEO plugin v26.2 - https:\/\/yoast.com\/wordpress\/plugins\/seo\/ -->\n<title>Exposi\u00e7\u00e3o Sentinelas, Carrancas Pinceladas - SESI Cultura<\/title>\n<meta name=\"description\" content=\"Kdu dos Anjos, apresenta a exposi\u00e7\u00e3o\u00a0Sentinelas: Carrancas Pinceladas\u00a0na Galeria de Arte do Centro Cultural SESIMINAS, em Belo Horizonte.\" \/>\n<meta name=\"robots\" content=\"index, follow, max-snippet:-1, max-image-preview:large, max-video-preview:-1\" \/>\n<link rel=\"canonical\" href=\"https:\/\/www.fiemg.com.br\/sesi-cultura\/programacao\/detalhe\/exposicaosentinelas\/\" \/>\n<meta property=\"og:locale\" content=\"pt_BR\" \/>\n<meta property=\"og:type\" content=\"article\" \/>\n<meta property=\"og:title\" content=\"Exposi\u00e7\u00e3o Sentinelas de Kdu dos Anjos\" \/>\n<meta property=\"og:description\" content=\"Kdu dos Anjos, apresenta a exposi\u00e7\u00e3o\u00a0Sentinelas: Carrancas Pinceladas\u00a0na Galeria de Arte do Centro Cultural SESIMINAS, em Belo Horizonte.\" \/>\n<meta property=\"og:url\" content=\"https:\/\/www.fiemg.com.br\/sesi-cultura\/programacao\/detalhe\/exposicaosentinelas\/\" \/>\n<meta property=\"og:site_name\" content=\"SESI Cultura\" \/>\n<meta property=\"og:image\" content=\"https:\/\/www.fiemg.com.br\/sesi-cultura\/wp-content\/uploads\/sites\/28\/2026\/03\/Banner-Agenda.png\" \/>\n\t<meta property=\"og:image:width\" content=\"1025\" \/>\n\t<meta property=\"og:image:height\" content=\"1025\" \/>\n\t<meta property=\"og:image:type\" content=\"image\/png\" \/>\n<meta name=\"twitter:card\" content=\"summary_large_image\" \/>\n<meta name=\"twitter:label1\" content=\"Est. tempo de leitura\" \/>\n\t<meta name=\"twitter:data1\" content=\"1 minuto\" \/>\n<script type=\"application\/ld+json\" class=\"yoast-schema-graph\">{\"@context\":\"https:\/\/schema.org\",\"@graph\":[{\"@type\":\"WebPage\",\"@id\":\"https:\/\/www.fiemg.com.br\/sesi-cultura\/programacao\/detalhe\/exposicaosentinelas\/\",\"url\":\"https:\/\/www.fiemg.com.br\/sesi-cultura\/programacao\/detalhe\/exposicaosentinelas\/\",\"name\":\"Exposi\u00e7\u00e3o Sentinelas, Carrancas Pinceladas - SESI Cultura\",\"isPartOf\":{\"@id\":\"https:\/\/www.fiemg.com.br\/sesi-cultura\/#website\"},\"primaryImageOfPage\":{\"@id\":\"https:\/\/www.fiemg.com.br\/sesi-cultura\/programacao\/detalhe\/exposicaosentinelas\/#primaryimage\"},\"image\":{\"@id\":\"https:\/\/www.fiemg.com.br\/sesi-cultura\/programacao\/detalhe\/exposicaosentinelas\/#primaryimage\"},\"thumbnailUrl\":\"https:\/\/www.fiemg.com.br\/sesi-cultura\/wp-content\/uploads\/sites\/28\/2026\/03\/Banner-Agenda.png\",\"datePublished\":\"2026-03-03T21:42:50+00:00\",\"description\":\"Kdu dos Anjos, apresenta a exposi\u00e7\u00e3o\u00a0Sentinelas: Carrancas Pinceladas\u00a0na Galeria de Arte do Centro Cultural SESIMINAS, em Belo Horizonte.\",\"breadcrumb\":{\"@id\":\"https:\/\/www.fiemg.com.br\/sesi-cultura\/programacao\/detalhe\/exposicaosentinelas\/#breadcrumb\"},\"inLanguage\":\"pt-BR\",\"potentialAction\":[{\"@type\":\"ReadAction\",\"target\":[\"https:\/\/www.fiemg.com.br\/sesi-cultura\/programacao\/detalhe\/exposicaosentinelas\/\"]}]},{\"@type\":\"ImageObject\",\"inLanguage\":\"pt-BR\",\"@id\":\"https:\/\/www.fiemg.com.br\/sesi-cultura\/programacao\/detalhe\/exposicaosentinelas\/#primaryimage\",\"url\":\"https:\/\/www.fiemg.com.br\/sesi-cultura\/wp-content\/uploads\/sites\/28\/2026\/03\/Banner-Agenda.png\",\"contentUrl\":\"https:\/\/www.fiemg.com.br\/sesi-cultura\/wp-content\/uploads\/sites\/28\/2026\/03\/Banner-Agenda.png\",\"width\":1025,\"height\":1025},{\"@type\":\"BreadcrumbList\",\"@id\":\"https:\/\/www.fiemg.com.br\/sesi-cultura\/programacao\/detalhe\/exposicaosentinelas\/#breadcrumb\",\"itemListElement\":[{\"@type\":\"ListItem\",\"position\":1,\"name\":\"In\u00edcio\",\"item\":\"https:\/\/www.fiemg.com.br\/sesi-cultura\/\"},{\"@type\":\"ListItem\",\"position\":2,\"name\":\"Programa\u00e7\u00f5es\",\"item\":\"https:\/\/www.fiemg.com.br\/sesi-cultura\/programacao\/\"},{\"@type\":\"ListItem\",\"position\":3,\"name\":\"Exposi\u00e7\u00e3o Sentinelas, Carrancas Pinceladas\"}]},{\"@type\":\"WebSite\",\"@id\":\"https:\/\/www.fiemg.com.br\/sesi-cultura\/#website\",\"url\":\"https:\/\/www.fiemg.com.br\/sesi-cultura\/\",\"name\":\"SESI Cultura\",\"description\":\"Federa\u00e7\u00e3o das Ind\u00fastrias do Estado de Minas Gerais\",\"publisher\":{\"@id\":\"https:\/\/www.fiemg.com.br\/sesi-cultura\/#organization\"},\"potentialAction\":[{\"@type\":\"SearchAction\",\"target\":{\"@type\":\"EntryPoint\",\"urlTemplate\":\"https:\/\/www.fiemg.com.br\/sesi-cultura\/?s={search_term_string}\"},\"query-input\":{\"@type\":\"PropertyValueSpecification\",\"valueRequired\":true,\"valueName\":\"search_term_string\"}}],\"inLanguage\":\"pt-BR\"},{\"@type\":\"Organization\",\"@id\":\"https:\/\/www.fiemg.com.br\/sesi-cultura\/#organization\",\"name\":\"SESI Cultura\",\"url\":\"https:\/\/www.fiemg.com.br\/sesi-cultura\/\",\"logo\":{\"@type\":\"ImageObject\",\"inLanguage\":\"pt-BR\",\"@id\":\"https:\/\/www.fiemg.com.br\/sesi-cultura\/#\/schema\/logo\/image\/\",\"url\":\"https:\/\/www.fiemg.com.br\/sesi-cultura\/wp-content\/uploads\/sites\/28\/2023\/02\/LO000325_SESI_CULTURA_NOVA_LOGO_BRANCO_site_1.png\",\"contentUrl\":\"https:\/\/www.fiemg.com.br\/sesi-cultura\/wp-content\/uploads\/sites\/28\/2023\/02\/LO000325_SESI_CULTURA_NOVA_LOGO_BRANCO_site_1.png\",\"width\":394,\"height\":168,\"caption\":\"SESI Cultura\"},\"image\":{\"@id\":\"https:\/\/www.fiemg.com.br\/sesi-cultura\/#\/schema\/logo\/image\/\"}}]}<\/script>\n<!-- \/ Yoast SEO plugin. -->","yoast_head_json":{"title":"Exposi\u00e7\u00e3o Sentinelas, Carrancas Pinceladas - SESI Cultura","description":"Kdu dos Anjos, apresenta a exposi\u00e7\u00e3o\u00a0Sentinelas: Carrancas Pinceladas\u00a0na Galeria de Arte do Centro Cultural SESIMINAS, em Belo Horizonte.","robots":{"index":"index","follow":"follow","max-snippet":"max-snippet:-1","max-image-preview":"max-image-preview:large","max-video-preview":"max-video-preview:-1"},"canonical":"https:\/\/www.fiemg.com.br\/sesi-cultura\/programacao\/detalhe\/exposicaosentinelas\/","og_locale":"pt_BR","og_type":"article","og_title":"Exposi\u00e7\u00e3o Sentinelas de Kdu dos Anjos","og_description":"Kdu dos Anjos, apresenta a exposi\u00e7\u00e3o\u00a0Sentinelas: Carrancas Pinceladas\u00a0na Galeria de Arte do Centro Cultural SESIMINAS, em Belo Horizonte.","og_url":"https:\/\/www.fiemg.com.br\/sesi-cultura\/programacao\/detalhe\/exposicaosentinelas\/","og_site_name":"SESI Cultura","og_image":[{"width":1025,"height":1025,"url":"https:\/\/www.fiemg.com.br\/sesi-cultura\/wp-content\/uploads\/sites\/28\/2026\/03\/Banner-Agenda.png","type":"image\/png"}],"twitter_card":"summary_large_image","twitter_misc":{"Est. tempo de leitura":"1 minuto"},"schema":{"@context":"https:\/\/schema.org","@graph":[{"@type":"WebPage","@id":"https:\/\/www.fiemg.com.br\/sesi-cultura\/programacao\/detalhe\/exposicaosentinelas\/","url":"https:\/\/www.fiemg.com.br\/sesi-cultura\/programacao\/detalhe\/exposicaosentinelas\/","name":"Exposi\u00e7\u00e3o Sentinelas, Carrancas Pinceladas - SESI Cultura","isPartOf":{"@id":"https:\/\/www.fiemg.com.br\/sesi-cultura\/#website"},"primaryImageOfPage":{"@id":"https:\/\/www.fiemg.com.br\/sesi-cultura\/programacao\/detalhe\/exposicaosentinelas\/#primaryimage"},"image":{"@id":"https:\/\/www.fiemg.com.br\/sesi-cultura\/programacao\/detalhe\/exposicaosentinelas\/#primaryimage"},"thumbnailUrl":"https:\/\/www.fiemg.com.br\/sesi-cultura\/wp-content\/uploads\/sites\/28\/2026\/03\/Banner-Agenda.png","datePublished":"2026-03-03T21:42:50+00:00","description":"Kdu dos Anjos, apresenta a exposi\u00e7\u00e3o\u00a0Sentinelas: Carrancas Pinceladas\u00a0na Galeria de Arte do Centro Cultural SESIMINAS, em Belo Horizonte.","breadcrumb":{"@id":"https:\/\/www.fiemg.com.br\/sesi-cultura\/programacao\/detalhe\/exposicaosentinelas\/#breadcrumb"},"inLanguage":"pt-BR","potentialAction":[{"@type":"ReadAction","target":["https:\/\/www.fiemg.com.br\/sesi-cultura\/programacao\/detalhe\/exposicaosentinelas\/"]}]},{"@type":"ImageObject","inLanguage":"pt-BR","@id":"https:\/\/www.fiemg.com.br\/sesi-cultura\/programacao\/detalhe\/exposicaosentinelas\/#primaryimage","url":"https:\/\/www.fiemg.com.br\/sesi-cultura\/wp-content\/uploads\/sites\/28\/2026\/03\/Banner-Agenda.png","contentUrl":"https:\/\/www.fiemg.com.br\/sesi-cultura\/wp-content\/uploads\/sites\/28\/2026\/03\/Banner-Agenda.png","width":1025,"height":1025},{"@type":"BreadcrumbList","@id":"https:\/\/www.fiemg.com.br\/sesi-cultura\/programacao\/detalhe\/exposicaosentinelas\/#breadcrumb","itemListElement":[{"@type":"ListItem","position":1,"name":"In\u00edcio","item":"https:\/\/www.fiemg.com.br\/sesi-cultura\/"},{"@type":"ListItem","position":2,"name":"Programa\u00e7\u00f5es","item":"https:\/\/www.fiemg.com.br\/sesi-cultura\/programacao\/"},{"@type":"ListItem","position":3,"name":"Exposi\u00e7\u00e3o Sentinelas, Carrancas Pinceladas"}]},{"@type":"WebSite","@id":"https:\/\/www.fiemg.com.br\/sesi-cultura\/#website","url":"https:\/\/www.fiemg.com.br\/sesi-cultura\/","name":"SESI Cultura","description":"Federa\u00e7\u00e3o das Ind\u00fastrias do Estado de Minas Gerais","publisher":{"@id":"https:\/\/www.fiemg.com.br\/sesi-cultura\/#organization"},"potentialAction":[{"@type":"SearchAction","target":{"@type":"EntryPoint","urlTemplate":"https:\/\/www.fiemg.com.br\/sesi-cultura\/?s={search_term_string}"},"query-input":{"@type":"PropertyValueSpecification","valueRequired":true,"valueName":"search_term_string"}}],"inLanguage":"pt-BR"},{"@type":"Organization","@id":"https:\/\/www.fiemg.com.br\/sesi-cultura\/#organization","name":"SESI Cultura","url":"https:\/\/www.fiemg.com.br\/sesi-cultura\/","logo":{"@type":"ImageObject","inLanguage":"pt-BR","@id":"https:\/\/www.fiemg.com.br\/sesi-cultura\/#\/schema\/logo\/image\/","url":"https:\/\/www.fiemg.com.br\/sesi-cultura\/wp-content\/uploads\/sites\/28\/2023\/02\/LO000325_SESI_CULTURA_NOVA_LOGO_BRANCO_site_1.png","contentUrl":"https:\/\/www.fiemg.com.br\/sesi-cultura\/wp-content\/uploads\/sites\/28\/2023\/02\/LO000325_SESI_CULTURA_NOVA_LOGO_BRANCO_site_1.png","width":394,"height":168,"caption":"SESI Cultura"},"image":{"@id":"https:\/\/www.fiemg.com.br\/sesi-cultura\/#\/schema\/logo\/image\/"}}]}},"_links":{"self":[{"href":"https:\/\/www.fiemg.com.br\/sesi-cultura\/wp-json\/wp\/v2\/programacao\/7105","targetHints":{"allow":["GET"]}}],"collection":[{"href":"https:\/\/www.fiemg.com.br\/sesi-cultura\/wp-json\/wp\/v2\/programacao"}],"about":[{"href":"https:\/\/www.fiemg.com.br\/sesi-cultura\/wp-json\/wp\/v2\/types\/programacao"}],"wp:featuredmedia":[{"embeddable":true,"href":"https:\/\/www.fiemg.com.br\/sesi-cultura\/wp-json\/wp\/v2\/media\/7106"}],"wp:attachment":[{"href":"https:\/\/www.fiemg.com.br\/sesi-cultura\/wp-json\/wp\/v2\/media?parent=7105"}],"wp:term":[{"taxonomy":"categoria_programacao_unidade","embeddable":true,"href":"https:\/\/www.fiemg.com.br\/sesi-cultura\/wp-json\/wp\/v2\/categoria_programacao_unidade?post=7105"}],"curies":[{"name":"wp","href":"https:\/\/api.w.org\/{rel}","templated":true}]}}

Exposição Sentinelas, Carrancas Pinceladas

<p><strong>Abertura: </strong>6 de março, às 19h<br />
<strong>Visitação:</strong> até 26 de abril, das 8h às 22h</p>

<p>Abertura: 6 de março, às 19h<br />
Visitação: até 26 de abril, das 8h às 22h</p>

<!-- This site is optimized with the Yoast SEO plugin v26.2 - https://yoast.com/wordpress/plugins/seo/ -->
<title>Exposição Sentinelas, Carrancas Pinceladas - SESI Cultura</title>
<meta name="description" content="Kdu dos Anjos, apresenta a exposição Sentinelas: Carrancas Pinceladas na Galeria de Arte do Centro Cultural SESIMINAS, em Belo Horizonte." />
<meta name="robots" content="index, follow, max-snippet:-1, max-image-preview:large, max-video-preview:-1" />
<link rel="canonical" href="https://www.fiemg.com.br/sesi-cultura/programacao/detalhe/exposicaosentinelas/" />
<meta property="og:locale" content="pt_BR" />
<meta property="og:type" content="article" />
<meta property="og:title" content="Exposição Sentinelas de Kdu dos Anjos" />
<meta property="og:description" content="Kdu dos Anjos, apresenta a exposição Sentinelas: Carrancas Pinceladas na Galeria de Arte do Centro Cultural SESIMINAS, em Belo Horizonte." />
<meta property="og:url" content="https://www.fiemg.com.br/sesi-cultura/programacao/detalhe/exposicaosentinelas/" />
<meta property="og:site_name" content="SESI Cultura" />
<meta property="og:image" content="https://www.fiemg.com.br/sesi-cultura/wp-content/uploads/sites/28/2026/03/Banner-Agenda.png" />
	<meta property="og:image:width" content="1025" />
	<meta property="og:image:height" content="1025" />
	<meta property="og:image:type" content="image/png" />
<meta name="twitter:card" content="summary_large_image" />
<meta name="twitter:label1" content="Est. tempo de leitura" />
	<meta name="twitter:data1" content="1 minuto" />
<script type="application/ld+json" class="yoast-schema-graph">{"@context":"https://schema.org","@graph":[{"@type":"WebPage","@id":"https://www.fiemg.com.br/sesi-cultura/programacao/detalhe/exposicaosentinelas/","url":"https://www.fiemg.com.br/sesi-cultura/programacao/detalhe/exposicaosentinelas/","name":"Exposição Sentinelas, Carrancas Pinceladas - SESI Cultura","isPartOf":{"@id":"https://www.fiemg.com.br/sesi-cultura/#website"},"primaryImageOfPage":{"@id":"https://www.fiemg.com.br/sesi-cultura/programacao/detalhe/exposicaosentinelas/#primaryimage"},"image":{"@id":"https://www.fiemg.com.br/sesi-cultura/programacao/detalhe/exposicaosentinelas/#primaryimage"},"thumbnailUrl":"https://www.fiemg.com.br/sesi-cultura/wp-content/uploads/sites/28/2026/03/Banner-Agenda.png","datePublished":"2026-03-03T21:42:50+00:00","description":"Kdu dos Anjos, apresenta a exposição Sentinelas: Carrancas Pinceladas na Galeria de Arte do Centro Cultural SESIMINAS, em Belo Horizonte.","breadcrumb":{"@id":"https://www.fiemg.com.br/sesi-cultura/programacao/detalhe/exposicaosentinelas/#breadcrumb"},"inLanguage":"pt-BR","potentialAction":[{"@type":"ReadAction","target":["https://www.fiemg.com.br/sesi-cultura/programacao/detalhe/exposicaosentinelas/"]}]},{"@type":"ImageObject","inLanguage":"pt-BR","@id":"https://www.fiemg.com.br/sesi-cultura/programacao/detalhe/exposicaosentinelas/#primaryimage","url":"https://www.fiemg.com.br/sesi-cultura/wp-content/uploads/sites/28/2026/03/Banner-Agenda.png","contentUrl":"https://www.fiemg.com.br/sesi-cultura/wp-content/uploads/sites/28/2026/03/Banner-Agenda.png","width":1025,"height":1025},{"@type":"BreadcrumbList","@id":"https://www.fiemg.com.br/sesi-cultura/programacao/detalhe/exposicaosentinelas/#breadcrumb","itemListElement":[{"@type":"ListItem","position":1,"name":"Início","item":"https://www.fiemg.com.br/sesi-cultura/"},{"@type":"ListItem","position":2,"name":"Programações","item":"https://www.fiemg.com.br/sesi-cultura/programacao/"},{"@type":"ListItem","position":3,"name":"Exposição Sentinelas, Carrancas Pinceladas"}]},{"@type":"WebSite","@id":"https://www.fiemg.com.br/sesi-cultura/#website","url":"https://www.fiemg.com.br/sesi-cultura/","name":"SESI Cultura","description":"Federação das Indústrias do Estado de Minas Gerais","publisher":{"@id":"https://www.fiemg.com.br/sesi-cultura/#organization"},"potentialAction":[{"@type":"SearchAction","target":{"@type":"EntryPoint","urlTemplate":"https://www.fiemg.com.br/sesi-cultura/?s={search_term_string}"},"query-input":{"@type":"PropertyValueSpecification","valueRequired":true,"valueName":"search_term_string"}}],"inLanguage":"pt-BR"},{"@type":"Organization","@id":"https://www.fiemg.com.br/sesi-cultura/#organization","name":"SESI Cultura","url":"https://www.fiemg.com.br/sesi-cultura/","logo":{"@type":"ImageObject","inLanguage":"pt-BR","@id":"https://www.fiemg.com.br/sesi-cultura/#/schema/logo/image/","url":"https://www.fiemg.com.br/sesi-cultura/wp-content/uploads/sites/28/2023/02/LO000325_SESI_CULTURA_NOVA_LOGO_BRANCO_site_1.png","contentUrl":"https://www.fiemg.com.br/sesi-cultura/wp-content/uploads/sites/28/2023/02/LO000325_SESI_CULTURA_NOVA_LOGO_BRANCO_site_1.png","width":394,"height":168,"caption":"SESI Cultura"},"image":{"@id":"https://www.fiemg.com.br/sesi-cultura/#/schema/logo/image/"}}]}</script>
<!-- / Yoast SEO plugin. -->

Exposição Sentinelas, Carrancas Pinceladas - SESI Cultura

Kdu dos Anjos, apresenta a exposição Sentinelas: Carrancas Pinceladas na Galeria de Arte do Centro Cultural SESIMINAS, em Belo Horizonte.

Exposição Sentinelas de Kdu dos Anjos

Início

Programações

Federação das Indústrias do Estado de Minas Gerais
